{"id":6807,"date":"2025-10-30T14:16:46","date_gmt":"2025-10-30T13:16:46","guid":{"rendered":"https:\/\/mptpetitcharran.fr\/?post_type=tribe_events&#038;p=6807"},"modified":"2025-10-30T14:17:35","modified_gmt":"2025-10-30T13:17:35","slug":"escapade-lyonnaise-mpt","status":"publish","type":"tribe_events","link":"https:\/\/mptpetitcharran.fr\/?tribe_events=escapade-lyonnaise-mpt","title":{"rendered":"Dernier jour inscription : Escapade lyonnaise avec la MPT"},"content":{"rendered":"<p class=\"whitespace-normal break-words\">Envie de vous \u00e9vader le temps d&rsquo;une journ\u00e9e ? Rejoignez-nous pour une escapade conviviale \u00e0 Lyon ! Nous vous proposons de d\u00e9couvrir le fascinant mus\u00e9e Lumi\u00e8re avec une visite guid\u00e9e, berceau du cin\u00e9matographe, avant de savourer ensemble les d\u00e9lices d&rsquo;un authentique Bouchon Lyonnais. Une belle occasion de m\u00ealer patrimoine culturel et plaisirs de la table, tout en partageant un moment chaleureux entre adh\u00e9rents.<\/p>\n<p class=\"whitespace-normal break-words\"><strong>Tarif selon quotient familial :<\/strong> 40 \u20ac, 55 \u20ac ou 65 \u20ac (co\u00fbt r\u00e9el : 88 \u20ac)<\/p>\n<p class=\"whitespace-normal break-words\"><strong>Inscriptions au secr\u00e9tariat jusqu&rsquo;au lundi 17 novembre 2025<\/strong><\/p>\n<p class=\"whitespace-normal break-words\"><strong>Informations :<\/strong><br \/>\n\u260e 04 75 43 48 52<br \/>\n\ud83d\udce7 <a class=\"underline\" href=\"mailto:contact@mptpetitcharran.org\">contact@mptpetitcharran.org<\/a><\/p>\n","protected":false},"excerpt":{"rendered":"<p>Envie de vous \u00e9vader le temps d&rsquo;une journ\u00e9e ? Rejoignez-nous pour une escapade conviviale \u00e0 Lyon ! Nous vous proposons de d\u00e9couvrir le fascinant mus\u00e9e Lumi\u00e8re avec une visite guid\u00e9e, &hellip; <a href=\"https:\/\/mptpetitcharran.fr\/?tribe_events=escapade-lyonnaise-mpt\" class=\"more-link\">Continue reading <span class=\"screen-reader-text\">Dernier jour inscription : Escapade lyonnaise avec la MPT<\/span> <span class=\"meta-nav\">&rarr;<\/span><\/a><\/p>\n","protected":false},"author":1,"featured_media":6808,"template":"","meta":{"_tribe_events_status":"","_tribe_events_status_reason":"","footnotes":""},"tags":[],"tribe_events_cat":[],"class_list":["post-6807","tribe_events","type-tribe_events","status-publish","has-post-thumbnail","hentry"],"yoast_head":"<!-- This site is optimized with the Yoast SEO plugin v27.5 - https:\/\/yoast.com\/product\/yoast-seo-wordpress\/ -->\n<title>Dernier jour inscription : Escapade lyonnaise avec la MPT - Maison pour tous du Petit charran Escapade lyonnaise avec la MPT<\/title>\n<meta name=\"description\" content=\"Envie de vous \u00e9vader le temps d&#039;une journ\u00e9e ?\" \/>\n<meta name=\"robots\" content=\"index, follow, max-snippet:-1, max-image-preview:large, max-video-preview:-1\" \/>\n<link rel=\"canonical\" href=\"https:\/\/mptpetitcharran.fr\/?tribe_events=escapade-lyonnaise-mpt\" \/>\n<meta property=\"og:locale\" content=\"fr_FR\" \/>\n<meta property=\"og:type\" content=\"article\" \/>\n<meta property=\"og:title\" content=\"Dernier jour inscription : Escapade lyonnaise avec la MPT - Maison pour tous du Petit charran Escapade lyonnaise avec la MPT\" \/>\n<meta property=\"og:description\" content=\"Envie de vous \u00e9vader le temps d&#039;une journ\u00e9e ?\" \/>\n<meta property=\"og:url\" content=\"https:\/\/mptpetitcharran.fr\/?tribe_events=escapade-lyonnaise-mpt\" \/>\n<meta property=\"og:site_name\" content=\"Maison pour tous du Petit charran\" \/>\n<meta property=\"article:publisher\" content=\"https:\/\/www.facebook.com\/mptpetitcharran\" \/>\n<meta property=\"article:modified_time\" content=\"2025-10-30T13:17:35+00:00\" \/>\n<meta property=\"og:image\" content=\"https:\/\/mptpetitcharran.fr\/wp-content\/uploads\/2025\/10\/Sortie-voyage-1-1.png\" \/>\n\t<meta property=\"og:image:width\" content=\"1414\" \/>\n\t<meta property=\"og:image:height\" content=\"2000\" \/>\n\t<meta property=\"og:image:type\" content=\"image\/png\" \/>\n<meta name=\"twitter:card\" content=\"summary_large_image\" \/>\n<meta name=\"twitter:label1\" content=\"Dur\u00e9e de lecture estim\u00e9e\" \/>\n\t<meta name=\"twitter:data1\" content=\"1 minute\" \/>\n<script type=\"application\/ld+json\" class=\"yoast-schema-graph\">{\"@context\":\"https:\\\/\\\/schema.org\",\"@graph\":[{\"@type\":\"WebPage\",\"@id\":\"https:\\\/\\\/mptpetitcharran.fr\\\/?tribe_events=escapade-lyonnaise-mpt\",\"url\":\"https:\\\/\\\/mptpetitcharran.fr\\\/?tribe_events=escapade-lyonnaise-mpt\",\"name\":\"Dernier jour inscription : Escapade lyonnaise avec la MPT - Maison pour tous du Petit charran Escapade lyonnaise avec la MPT\",\"isPartOf\":{\"@id\":\"https:\\\/\\\/mptpetitcharran.fr\\\/#website\"},\"primaryImageOfPage\":{\"@id\":\"https:\\\/\\\/mptpetitcharran.fr\\\/?tribe_events=escapade-lyonnaise-mpt#primaryimage\"},\"image\":{\"@id\":\"https:\\\/\\\/mptpetitcharran.fr\\\/?tribe_events=escapade-lyonnaise-mpt#primaryimage\"},\"thumbnailUrl\":\"https:\\\/\\\/mptpetitcharran.fr\\\/wp-content\\\/uploads\\\/2025\\\/10\\\/Sortie-voyage-1-1.png\",\"datePublished\":\"2025-10-30T13:16:46+00:00\",\"dateModified\":\"2025-10-30T13:17:35+00:00\",\"description\":\"Envie de vous \u00e9vader le temps d'une journ\u00e9e ?\",\"breadcrumb\":{\"@id\":\"https:\\\/\\\/mptpetitcharran.fr\\\/?tribe_events=escapade-lyonnaise-mpt#breadcrumb\"},\"inLanguage\":\"fr-FR\",\"potentialAction\":[{\"@type\":\"ReadAction\",\"target\":[\"https:\\\/\\\/mptpetitcharran.fr\\\/?tribe_events=escapade-lyonnaise-mpt\"]}]},{\"@type\":\"ImageObject\",\"inLanguage\":\"fr-FR\",\"@id\":\"https:\\\/\\\/mptpetitcharran.fr\\\/?tribe_events=escapade-lyonnaise-mpt#primaryimage\",\"url\":\"https:\\\/\\\/mptpetitcharran.fr\\\/wp-content\\\/uploads\\\/2025\\\/10\\\/Sortie-voyage-1-1.png\",\"contentUrl\":\"https:\\\/\\\/mptpetitcharran.fr\\\/wp-content\\\/uploads\\\/2025\\\/10\\\/Sortie-voyage-1-1.png\",\"width\":1414,\"height\":2000},{\"@type\":\"BreadcrumbList\",\"@id\":\"https:\\\/\\\/mptpetitcharran.fr\\\/?tribe_events=escapade-lyonnaise-mpt#breadcrumb\",\"itemListElement\":[{\"@type\":\"ListItem\",\"position\":1,\"name\":\"Accueil\",\"item\":\"https:\\\/\\\/mptpetitcharran.fr\\\/\"},{\"@type\":\"ListItem\",\"position\":2,\"name\":\"\u00c9v\u00e8nements\",\"item\":\"https:\\\/\\\/mptpetitcharran.fr\\\/?post_type=tribe_events\"},{\"@type\":\"ListItem\",\"position\":3,\"name\":\"Dernier jour inscription : Escapade lyonnaise avec la MPT\"}]},{\"@type\":\"WebSite\",\"@id\":\"https:\\\/\\\/mptpetitcharran.fr\\\/#website\",\"url\":\"https:\\\/\\\/mptpetitcharran.fr\\\/\",\"name\":\"Maison pour tous du Petit charran\",\"description\":\"\",\"publisher\":{\"@id\":\"https:\\\/\\\/mptpetitcharran.fr\\\/#organization\"},\"potentialAction\":[{\"@type\":\"SearchAction\",\"target\":{\"@type\":\"EntryPoint\",\"urlTemplate\":\"https:\\\/\\\/mptpetitcharran.fr\\\/?s={search_term_string}\"},\"query-input\":{\"@type\":\"PropertyValueSpecification\",\"valueRequired\":true,\"valueName\":\"search_term_string\"}}],\"inLanguage\":\"fr-FR\"},{\"@type\":\"Organization\",\"@id\":\"https:\\\/\\\/mptpetitcharran.fr\\\/#organization\",\"name\":\"Maison pour tous du Petit charran\",\"url\":\"https:\\\/\\\/mptpetitcharran.fr\\\/\",\"logo\":{\"@type\":\"ImageObject\",\"inLanguage\":\"fr-FR\",\"@id\":\"https:\\\/\\\/mptpetitcharran.fr\\\/#\\\/schema\\\/logo\\\/image\\\/\",\"url\":\"http:\\\/\\\/mptpetitcharran.fr\\\/wp-content\\\/uploads\\\/2023\\\/07\\\/cropped-logo_mptpc.jpg\",\"contentUrl\":\"http:\\\/\\\/mptpetitcharran.fr\\\/wp-content\\\/uploads\\\/2023\\\/07\\\/cropped-logo_mptpc.jpg\",\"width\":532,\"height\":529,\"caption\":\"Maison pour tous du Petit charran\"},\"image\":{\"@id\":\"https:\\\/\\\/mptpetitcharran.fr\\\/#\\\/schema\\\/logo\\\/image\\\/\"},\"sameAs\":[\"https:\\\/\\\/www.facebook.com\\\/mptpetitcharran\",\"https:\\\/\\\/www.instagram.com\\\/mptpetitcharran\\\/\"]}]}<\/script>\n<!-- \/ Yoast SEO plugin. -->","yoast_head_json":{"title":"Dernier jour inscription : Escapade lyonnaise avec la MPT - Maison pour tous du Petit charran Escapade lyonnaise avec la MPT","description":"Envie de vous \u00e9vader le temps d'une journ\u00e9e ?","robots":{"index":"index","follow":"follow","max-snippet":"max-snippet:-1","max-image-preview":"max-image-preview:large","max-video-preview":"max-video-preview:-1"},"canonical":"https:\/\/mptpetitcharran.fr\/?tribe_events=escapade-lyonnaise-mpt","og_locale":"fr_FR","og_type":"article","og_title":"Dernier jour inscription : Escapade lyonnaise avec la MPT - Maison pour tous du Petit charran Escapade lyonnaise avec la MPT","og_description":"Envie de vous \u00e9vader le temps d'une journ\u00e9e ?","og_url":"https:\/\/mptpetitcharran.fr\/?tribe_events=escapade-lyonnaise-mpt","og_site_name":"Maison pour tous du Petit charran","article_publisher":"https:\/\/www.facebook.com\/mptpetitcharran","article_modified_time":"2025-10-30T13:17:35+00:00","og_image":[{"width":1414,"height":2000,"url":"https:\/\/mptpetitcharran.fr\/wp-content\/uploads\/2025\/10\/Sortie-voyage-1-1.png","type":"image\/png"}],"twitter_card":"summary_large_image","twitter_misc":{"Dur\u00e9e de lecture estim\u00e9e":"1 minute"},"schema":{"@context":"https:\/\/schema.org","@graph":[{"@type":"WebPage","@id":"https:\/\/mptpetitcharran.fr\/?tribe_events=escapade-lyonnaise-mpt","url":"https:\/\/mptpetitcharran.fr\/?tribe_events=escapade-lyonnaise-mpt","name":"Dernier jour inscription : Escapade lyonnaise avec la MPT - Maison pour tous du Petit charran Escapade lyonnaise avec la MPT","isPartOf":{"@id":"https:\/\/mptpetitcharran.fr\/#website"},"primaryImageOfPage":{"@id":"https:\/\/mptpetitcharran.fr\/?tribe_events=escapade-lyonnaise-mpt#primaryimage"},"image":{"@id":"https:\/\/mptpetitcharran.fr\/?tribe_events=escapade-lyonnaise-mpt#primaryimage"},"thumbnailUrl":"https:\/\/mptpetitcharran.fr\/wp-content\/uploads\/2025\/10\/Sortie-voyage-1-1.png","datePublished":"2025-10-30T13:16:46+00:00","dateModified":"2025-10-30T13:17:35+00:00","description":"Envie de vous \u00e9vader le temps d'une journ\u00e9e ?","breadcrumb":{"@id":"https:\/\/mptpetitcharran.fr\/?tribe_events=escapade-lyonnaise-mpt#breadcrumb"},"inLanguage":"fr-FR","potentialAction":[{"@type":"ReadAction","target":["https:\/\/mptpetitcharran.fr\/?tribe_events=escapade-lyonnaise-mpt"]}]},{"@type":"ImageObject","inLanguage":"fr-FR","@id":"https:\/\/mptpetitcharran.fr\/?tribe_events=escapade-lyonnaise-mpt#primaryimage","url":"https:\/\/mptpetitcharran.fr\/wp-content\/uploads\/2025\/10\/Sortie-voyage-1-1.png","contentUrl":"https:\/\/mptpetitcharran.fr\/wp-content\/uploads\/2025\/10\/Sortie-voyage-1-1.png","width":1414,"height":2000},{"@type":"BreadcrumbList","@id":"https:\/\/mptpetitcharran.fr\/?tribe_events=escapade-lyonnaise-mpt#breadcrumb","itemListElement":[{"@type":"ListItem","position":1,"name":"Accueil","item":"https:\/\/mptpetitcharran.fr\/"},{"@type":"ListItem","position":2,"name":"\u00c9v\u00e8nements","item":"https:\/\/mptpetitcharran.fr\/?post_type=tribe_events"},{"@type":"ListItem","position":3,"name":"Dernier jour inscription : Escapade lyonnaise avec la MPT"}]},{"@type":"WebSite","@id":"https:\/\/mptpetitcharran.fr\/#website","url":"https:\/\/mptpetitcharran.fr\/","name":"Maison pour tous du Petit charran","description":"","publisher":{"@id":"https:\/\/mptpetitcharran.fr\/#organization"},"potentialAction":[{"@type":"SearchAction","target":{"@type":"EntryPoint","urlTemplate":"https:\/\/mptpetitcharran.fr\/?s={search_term_string}"},"query-input":{"@type":"PropertyValueSpecification","valueRequired":true,"valueName":"search_term_string"}}],"inLanguage":"fr-FR"},{"@type":"Organization","@id":"https:\/\/mptpetitcharran.fr\/#organization","name":"Maison pour tous du Petit charran","url":"https:\/\/mptpetitcharran.fr\/","logo":{"@type":"ImageObject","inLanguage":"fr-FR","@id":"https:\/\/mptpetitcharran.fr\/#\/schema\/logo\/image\/","url":"http:\/\/mptpetitcharran.fr\/wp-content\/uploads\/2023\/07\/cropped-logo_mptpc.jpg","contentUrl":"http:\/\/mptpetitcharran.fr\/wp-content\/uploads\/2023\/07\/cropped-logo_mptpc.jpg","width":532,"height":529,"caption":"Maison pour tous du Petit charran"},"image":{"@id":"https:\/\/mptpetitcharran.fr\/#\/schema\/logo\/image\/"},"sameAs":["https:\/\/www.facebook.com\/mptpetitcharran","https:\/\/www.instagram.com\/mptpetitcharran\/"]}]}},"publishpress_future_workflow_manual_trigger":{"enabledWorkflows":[]},"_links":{"self":[{"href":"https:\/\/mptpetitcharran.fr\/index.php?rest_route=\/wp\/v2\/tribe_events\/6807","targetHints":{"allow":["GET"]}}],"collection":[{"href":"https:\/\/mptpetitcharran.fr\/index.php?rest_route=\/wp\/v2\/tribe_events"}],"about":[{"href":"https:\/\/mptpetitcharran.fr\/index.php?rest_route=\/wp\/v2\/types\/tribe_events"}],"author":[{"embeddable":true,"href":"https:\/\/mptpetitcharran.fr\/index.php?rest_route=\/wp\/v2\/users\/1"}],"version-history":[{"count":3,"href":"https:\/\/mptpetitcharran.fr\/index.php?rest_route=\/wp\/v2\/tribe_events\/6807\/revisions"}],"predecessor-version":[{"id":6811,"href":"https:\/\/mptpetitcharran.fr\/index.php?rest_route=\/wp\/v2\/tribe_events\/6807\/revisions\/6811"}],"wp:featuredmedia":[{"embeddable":true,"href":"https:\/\/mptpetitcharran.fr\/index.php?rest_route=\/wp\/v2\/media\/6808"}],"wp:attachment":[{"href":"https:\/\/mptpetitcharran.fr\/index.php?rest_route=%2Fwp%2Fv2%2Fmedia&parent=6807"}],"wp:term":[{"taxonomy":"post_tag","embeddable":true,"href":"https:\/\/mptpetitcharran.fr\/index.php?rest_route=%2Fwp%2Fv2%2Ftags&post=6807"},{"taxonomy":"tribe_events_cat","embeddable":true,"href":"https:\/\/mptpetitcharran.fr\/index.php?rest_route=%2Fwp%2Fv2%2Ftribe_events_cat&post=6807"}],"curies":[{"name":"wp","href":"https:\/\/api.w.org\/{rel}","templated":true}]}}

<p class="whitespace-normal break-words">Envie de vous évader le temps d&rsquo;une journée ? Rejoignez-nous pour une escapade conviviale à Lyon ! Nous vous proposons de découvrir le fascinant musée Lumière avec une visite guidée, berceau du cinématographe, avant de savourer ensemble les délices d&rsquo;un authentique Bouchon Lyonnais. Une belle occasion de mêler patrimoine culturel et plaisirs de la table, tout en partageant un moment chaleureux entre adhérents.</p>
<p class="whitespace-normal break-words"><strong>Tarif selon quotient familial :</strong> 40 €, 55 € ou 65 € (coût réel : 88 €)</p>
<p class="whitespace-normal break-words"><strong>Inscriptions au secrétariat jusqu&rsquo;au lundi 17 novembre 2025</strong></p>
<p class="whitespace-normal break-words"><strong>Informations :</strong><br />
☎ 04 75 43 48 52<br />
📧 <a class="underline" href="mailto:contact@mptpetitcharran.org">contact@mptpetitcharran.org</a></p>

<p>Envie de vous évader le temps d&rsquo;une journée ? Rejoignez-nous pour une escapade conviviale à Lyon ! Nous vous proposons de découvrir le fascinant musée Lumière avec une visite guidée, &hellip; <a href="https://mptpetitcharran.fr/?tribe_events=escapade-lyonnaise-mpt" class="more-link">Continue reading <span class="screen-reader-text">Dernier jour inscription : Escapade lyonnaise avec la MPT</span> <span class="meta-nav">&rarr;</span></a></p>

<!-- This site is optimized with the Yoast SEO plugin v27.5 - https://yoast.com/product/yoast-seo-wordpress/ -->
<title>Dernier jour inscription : Escapade lyonnaise avec la MPT - Maison pour tous du Petit charran Escapade lyonnaise avec la MPT</title>
<meta name="description" content="Envie de vous évader le temps d&#039;une journée ?" />
<meta name="robots" content="index, follow, max-snippet:-1, max-image-preview:large, max-video-preview:-1" />
<link rel="canonical" href="https://mptpetitcharran.fr/?tribe_events=escapade-lyonnaise-mpt" />
<meta property="og:locale" content="fr_FR" />
<meta property="og:type" content="article" />
<meta property="og:title" content="Dernier jour inscription : Escapade lyonnaise avec la MPT - Maison pour tous du Petit charran Escapade lyonnaise avec la MPT" />
<meta property="og:description" content="Envie de vous évader le temps d&#039;une journée ?" />
<meta property="og:url" content="https://mptpetitcharran.fr/?tribe_events=escapade-lyonnaise-mpt" />
<meta property="og:site_name" content="Maison pour tous du Petit charran" />
<meta property="article:publisher" content="https://www.facebook.com/mptpetitcharran" />
<meta property="article:modified_time" content="2025-10-30T13:17:35+00:00" />
<meta property="og:image" content="https://mptpetitcharran.fr/wp-content/uploads/2025/10/Sortie-voyage-1-1.png" />
	<meta property="og:image:width" content="1414" />
	<meta property="og:image:height" content="2000" />
	<meta property="og:image:type" content="image/png" />
<meta name="twitter:card" content="summary_large_image" />
<meta name="twitter:label1" content="Durée de lecture estimée" />
	<meta name="twitter:data1" content="1 minute" />
<script type="application/ld+json" class="yoast-schema-graph">{"@context":"https:\/\/schema.org","@graph":[{"@type":"WebPage","@id":"https:\/\/mptpetitcharran.fr\/?tribe_events=escapade-lyonnaise-mpt","url":"https:\/\/mptpetitcharran.fr\/?tribe_events=escapade-lyonnaise-mpt","name":"Dernier jour inscription : Escapade lyonnaise avec la MPT - Maison pour tous du Petit charran Escapade lyonnaise avec la MPT","isPartOf":{"@id":"https:\/\/mptpetitcharran.fr\/#website"},"primaryImageOfPage":{"@id":"https:\/\/mptpetitcharran.fr\/?tribe_events=escapade-lyonnaise-mpt#primaryimage"},"image":{"@id":"https:\/\/mptpetitcharran.fr\/?tribe_events=escapade-lyonnaise-mpt#primaryimage"},"thumbnailUrl":"https:\/\/mptpetitcharran.fr\/wp-content\/uploads\/2025\/10\/Sortie-voyage-1-1.png","datePublished":"2025-10-30T13:16:46+00:00","dateModified":"2025-10-30T13:17:35+00:00","description":"Envie de vous évader le temps d'une journée ?","breadcrumb":{"@id":"https:\/\/mptpetitcharran.fr\/?tribe_events=escapade-lyonnaise-mpt#breadcrumb"},"inLanguage":"fr-FR","potentialAction":[{"@type":"ReadAction","target":["https:\/\/mptpetitcharran.fr\/?tribe_events=escapade-lyonnaise-mpt"]}]},{"@type":"ImageObject","inLanguage":"fr-FR","@id":"https:\/\/mptpetitcharran.fr\/?tribe_events=escapade-lyonnaise-mpt#primaryimage","url":"https:\/\/mptpetitcharran.fr\/wp-content\/uploads\/2025\/10\/Sortie-voyage-1-1.png","contentUrl":"https:\/\/mptpetitcharran.fr\/wp-content\/uploads\/2025\/10\/Sortie-voyage-1-1.png","width":1414,"height":2000},{"@type":"BreadcrumbList","@id":"https:\/\/mptpetitcharran.fr\/?tribe_events=escapade-lyonnaise-mpt#breadcrumb","itemListElement":[{"@type":"ListItem","position":1,"name":"Accueil","item":"https:\/\/mptpetitcharran.fr\/"},{"@type":"ListItem","position":2,"name":"Évènements","item":"https:\/\/mptpetitcharran.fr\/?post_type=tribe_events"},{"@type":"ListItem","position":3,"name":"Dernier jour inscription : Escapade lyonnaise avec la MPT"}]},{"@type":"WebSite","@id":"https:\/\/mptpetitcharran.fr\/#website","url":"https:\/\/mptpetitcharran.fr\/","name":"Maison pour tous du Petit charran","description":"","publisher":{"@id":"https:\/\/mptpetitcharran.fr\/#organization"},"potentialAction":[{"@type":"SearchAction","target":{"@type":"EntryPoint","urlTemplate":"https:\/\/mptpetitcharran.fr\/?s={search_term_string}"},"query-input":{"@type":"PropertyValueSpecification","valueRequired":true,"valueName":"search_term_string"}}],"inLanguage":"fr-FR"},{"@type":"Organization","@id":"https:\/\/mptpetitcharran.fr\/#organization","name":"Maison pour tous du Petit charran","url":"https:\/\/mptpetitcharran.fr\/","logo":{"@type":"ImageObject","inLanguage":"fr-FR","@id":"https:\/\/mptpetitcharran.fr\/#\/schema\/logo\/image\/","url":"http:\/\/mptpetitcharran.fr\/wp-content\/uploads\/2023\/07\/cropped-logo_mptpc.jpg","contentUrl":"http:\/\/mptpetitcharran.fr\/wp-content\/uploads\/2023\/07\/cropped-logo_mptpc.jpg","width":532,"height":529,"caption":"Maison pour tous du Petit charran"},"image":{"@id":"https:\/\/mptpetitcharran.fr\/#\/schema\/logo\/image\/"},"sameAs":["https:\/\/www.facebook.com\/mptpetitcharran","https:\/\/www.instagram.com\/mptpetitcharran\/"]}]}</script>
<!-- / Yoast SEO plugin. -->

Envie de vous évader le temps d'une journée ?

Évènements
