{"id":6797,"date":"2025-10-13T13:59:37","date_gmt":"2025-10-13T12:59:37","guid":{"rendered":"https:\/\/mptpetitcharran.fr\/?post_type=tribe_events&#038;p=6797"},"modified":"2025-10-13T13:59:37","modified_gmt":"2025-10-13T12:59:37","slug":"bal-folk-valence-novembre","status":"publish","type":"tribe_events","link":"https:\/\/mptpetitcharran.fr\/?tribe_events=bal-folk-valence-novembre","title":{"rendered":"Bal Folk \u00e0 Valence \u2013 Maison pour Tous du Petit Charran"},"content":{"rendered":"<p>Venez danser, tourner, rire et partager un moment musical lors du <strong data-start=\"4868\" data-end=\"4880\">Bal Folk<\/strong> organis\u00e9 \u00e0 la Maison pour Tous du Petit Charran.<br data-start=\"4929\" data-end=\"4932\" \/>Un \u00e9v\u00e9nement chaleureux o\u00f9 toutes les g\u00e9n\u00e9rations se retrouvent autour de musiques traditionnelles et d\u2019airs entra\u00eenants.<br data-start=\"5053\" data-end=\"5056\" \/>Pas besoin d\u2019\u00eatre danseur confirm\u00e9, juste l\u2019envie de s\u2019amuser !<\/p>\n","protected":false},"excerpt":{"rendered":"<p>Dansez au rythme du Bal Folk \u00e0 Valence ! Soir\u00e9e festive et musicale \u00e0 la Maison pour Tous du Petit Charran.<\/p>\n","protected":false},"author":1,"featured_media":6798,"template":"","meta":{"_tribe_events_status":"","_tribe_events_status_reason":"","footnotes":""},"tags":[],"tribe_events_cat":[],"class_list":["post-6797","tribe_events","type-tribe_events","status-publish","has-post-thumbnail","hentry"],"yoast_head":"<!-- This site is optimized with the Yoast SEO plugin v27.5 - https:\/\/yoast.com\/product\/yoast-seo-wordpress\/ -->\n<title>Bal Folk \u00e0 Valence \u2013 Maison pour Tous du Petit Charran - Maison pour tous du Petit charran<\/title>\n<meta name=\"description\" content=\"Dansez au rythme du Bal Folk \u00e0 Valence ! Soir\u00e9e festive et musicale \u00e0 la Maison pour Tous du Petit Charran.\" \/>\n<meta name=\"robots\" content=\"index, follow, max-snippet:-1, max-image-preview:large, max-video-preview:-1\" \/>\n<link rel=\"canonical\" href=\"https:\/\/mptpetitcharran.fr\/?tribe_events=bal-folk-valence-novembre\" \/>\n<meta property=\"og:locale\" content=\"fr_FR\" \/>\n<meta property=\"og:type\" content=\"article\" \/>\n<meta property=\"og:title\" content=\"Bal Folk \u00e0 Valence \u2013 Maison pour Tous du Petit Charran - Maison pour tous du Petit charran\" \/>\n<meta property=\"og:description\" content=\"Dansez au rythme du Bal Folk \u00e0 Valence ! Soir\u00e9e festive et musicale \u00e0 la Maison pour Tous du Petit Charran.\" \/>\n<meta property=\"og:url\" content=\"https:\/\/mptpetitcharran.fr\/?tribe_events=bal-folk-valence-novembre\" \/>\n<meta property=\"og:site_name\" content=\"Maison pour tous du Petit charran\" \/>\n<meta property=\"article:publisher\" content=\"https:\/\/www.facebook.com\/mptpetitcharran\" \/>\n<meta property=\"og:image\" content=\"https:\/\/mptpetitcharran.fr\/wp-content\/uploads\/2025\/10\/Affiche-bal-folk1-724x1024.png\" \/>\n\t<meta property=\"og:image:width\" content=\"724\" \/>\n\t<meta property=\"og:image:height\" content=\"1024\" \/>\n\t<meta property=\"og:image:type\" content=\"image\/png\" \/>\n<meta name=\"twitter:card\" content=\"summary_large_image\" \/>\n<meta name=\"twitter:label1\" content=\"Dur\u00e9e de lecture estim\u00e9e\" \/>\n\t<meta name=\"twitter:data1\" content=\"1 minute\" \/>\n<script type=\"application\/ld+json\" class=\"yoast-schema-graph\">{\"@context\":\"https:\\\/\\\/schema.org\",\"@graph\":[{\"@type\":\"WebPage\",\"@id\":\"https:\\\/\\\/mptpetitcharran.fr\\\/?tribe_events=bal-folk-valence-novembre\",\"url\":\"https:\\\/\\\/mptpetitcharran.fr\\\/?tribe_events=bal-folk-valence-novembre\",\"name\":\"Bal Folk \u00e0 Valence \u2013 Maison pour Tous du Petit Charran - Maison pour tous du Petit charran\",\"isPartOf\":{\"@id\":\"https:\\\/\\\/mptpetitcharran.fr\\\/#website\"},\"primaryImageOfPage\":{\"@id\":\"https:\\\/\\\/mptpetitcharran.fr\\\/?tribe_events=bal-folk-valence-novembre#primaryimage\"},\"image\":{\"@id\":\"https:\\\/\\\/mptpetitcharran.fr\\\/?tribe_events=bal-folk-valence-novembre#primaryimage\"},\"thumbnailUrl\":\"https:\\\/\\\/mptpetitcharran.fr\\\/wp-content\\\/uploads\\\/2025\\\/10\\\/Affiche-bal-folk1.png\",\"datePublished\":\"2025-10-13T12:59:37+00:00\",\"description\":\"Dansez au rythme du Bal Folk \u00e0 Valence ! Soir\u00e9e festive et musicale \u00e0 la Maison pour Tous du Petit Charran.\",\"breadcrumb\":{\"@id\":\"https:\\\/\\\/mptpetitcharran.fr\\\/?tribe_events=bal-folk-valence-novembre#breadcrumb\"},\"inLanguage\":\"fr-FR\",\"potentialAction\":[{\"@type\":\"ReadAction\",\"target\":[\"https:\\\/\\\/mptpetitcharran.fr\\\/?tribe_events=bal-folk-valence-novembre\"]}]},{\"@type\":\"ImageObject\",\"inLanguage\":\"fr-FR\",\"@id\":\"https:\\\/\\\/mptpetitcharran.fr\\\/?tribe_events=bal-folk-valence-novembre#primaryimage\",\"url\":\"https:\\\/\\\/mptpetitcharran.fr\\\/wp-content\\\/uploads\\\/2025\\\/10\\\/Affiche-bal-folk1.png\",\"contentUrl\":\"https:\\\/\\\/mptpetitcharran.fr\\\/wp-content\\\/uploads\\\/2025\\\/10\\\/Affiche-bal-folk1.png\",\"width\":1414,\"height\":2000},{\"@type\":\"BreadcrumbList\",\"@id\":\"https:\\\/\\\/mptpetitcharran.fr\\\/?tribe_events=bal-folk-valence-novembre#breadcrumb\",\"itemListElement\":[{\"@type\":\"ListItem\",\"position\":1,\"name\":\"Accueil\",\"item\":\"https:\\\/\\\/mptpetitcharran.fr\\\/\"},{\"@type\":\"ListItem\",\"position\":2,\"name\":\"\u00c9v\u00e8nements\",\"item\":\"https:\\\/\\\/mptpetitcharran.fr\\\/?post_type=tribe_events\"},{\"@type\":\"ListItem\",\"position\":3,\"name\":\"Bal Folk \u00e0 Valence \u2013 Maison pour Tous du Petit Charran\"}]},{\"@type\":\"WebSite\",\"@id\":\"https:\\\/\\\/mptpetitcharran.fr\\\/#website\",\"url\":\"https:\\\/\\\/mptpetitcharran.fr\\\/\",\"name\":\"Maison pour tous du Petit charran\",\"description\":\"\",\"publisher\":{\"@id\":\"https:\\\/\\\/mptpetitcharran.fr\\\/#organization\"},\"potentialAction\":[{\"@type\":\"SearchAction\",\"target\":{\"@type\":\"EntryPoint\",\"urlTemplate\":\"https:\\\/\\\/mptpetitcharran.fr\\\/?s={search_term_string}\"},\"query-input\":{\"@type\":\"PropertyValueSpecification\",\"valueRequired\":true,\"valueName\":\"search_term_string\"}}],\"inLanguage\":\"fr-FR\"},{\"@type\":\"Organization\",\"@id\":\"https:\\\/\\\/mptpetitcharran.fr\\\/#organization\",\"name\":\"Maison pour tous du Petit charran\",\"url\":\"https:\\\/\\\/mptpetitcharran.fr\\\/\",\"logo\":{\"@type\":\"ImageObject\",\"inLanguage\":\"fr-FR\",\"@id\":\"https:\\\/\\\/mptpetitcharran.fr\\\/#\\\/schema\\\/logo\\\/image\\\/\",\"url\":\"http:\\\/\\\/mptpetitcharran.fr\\\/wp-content\\\/uploads\\\/2023\\\/07\\\/cropped-logo_mptpc.jpg\",\"contentUrl\":\"http:\\\/\\\/mptpetitcharran.fr\\\/wp-content\\\/uploads\\\/2023\\\/07\\\/cropped-logo_mptpc.jpg\",\"width\":532,\"height\":529,\"caption\":\"Maison pour tous du Petit charran\"},\"image\":{\"@id\":\"https:\\\/\\\/mptpetitcharran.fr\\\/#\\\/schema\\\/logo\\\/image\\\/\"},\"sameAs\":[\"https:\\\/\\\/www.facebook.com\\\/mptpetitcharran\",\"https:\\\/\\\/www.instagram.com\\\/mptpetitcharran\\\/\"]}]}<\/script>\n<!-- \/ Yoast SEO plugin. -->","yoast_head_json":{"title":"Bal Folk \u00e0 Valence \u2013 Maison pour Tous du Petit Charran - Maison pour tous du Petit charran","description":"Dansez au rythme du Bal Folk \u00e0 Valence ! Soir\u00e9e festive et musicale \u00e0 la Maison pour Tous du Petit Charran.","robots":{"index":"index","follow":"follow","max-snippet":"max-snippet:-1","max-image-preview":"max-image-preview:large","max-video-preview":"max-video-preview:-1"},"canonical":"https:\/\/mptpetitcharran.fr\/?tribe_events=bal-folk-valence-novembre","og_locale":"fr_FR","og_type":"article","og_title":"Bal Folk \u00e0 Valence \u2013 Maison pour Tous du Petit Charran - Maison pour tous du Petit charran","og_description":"Dansez au rythme du Bal Folk \u00e0 Valence ! Soir\u00e9e festive et musicale \u00e0 la Maison pour Tous du Petit Charran.","og_url":"https:\/\/mptpetitcharran.fr\/?tribe_events=bal-folk-valence-novembre","og_site_name":"Maison pour tous du Petit charran","article_publisher":"https:\/\/www.facebook.com\/mptpetitcharran","og_image":[{"width":724,"height":1024,"url":"https:\/\/mptpetitcharran.fr\/wp-content\/uploads\/2025\/10\/Affiche-bal-folk1-724x1024.png","type":"image\/png"}],"twitter_card":"summary_large_image","twitter_misc":{"Dur\u00e9e de lecture estim\u00e9e":"1 minute"},"schema":{"@context":"https:\/\/schema.org","@graph":[{"@type":"WebPage","@id":"https:\/\/mptpetitcharran.fr\/?tribe_events=bal-folk-valence-novembre","url":"https:\/\/mptpetitcharran.fr\/?tribe_events=bal-folk-valence-novembre","name":"Bal Folk \u00e0 Valence \u2013 Maison pour Tous du Petit Charran - Maison pour tous du Petit charran","isPartOf":{"@id":"https:\/\/mptpetitcharran.fr\/#website"},"primaryImageOfPage":{"@id":"https:\/\/mptpetitcharran.fr\/?tribe_events=bal-folk-valence-novembre#primaryimage"},"image":{"@id":"https:\/\/mptpetitcharran.fr\/?tribe_events=bal-folk-valence-novembre#primaryimage"},"thumbnailUrl":"https:\/\/mptpetitcharran.fr\/wp-content\/uploads\/2025\/10\/Affiche-bal-folk1.png","datePublished":"2025-10-13T12:59:37+00:00","description":"Dansez au rythme du Bal Folk \u00e0 Valence ! Soir\u00e9e festive et musicale \u00e0 la Maison pour Tous du Petit Charran.","breadcrumb":{"@id":"https:\/\/mptpetitcharran.fr\/?tribe_events=bal-folk-valence-novembre#breadcrumb"},"inLanguage":"fr-FR","potentialAction":[{"@type":"ReadAction","target":["https:\/\/mptpetitcharran.fr\/?tribe_events=bal-folk-valence-novembre"]}]},{"@type":"ImageObject","inLanguage":"fr-FR","@id":"https:\/\/mptpetitcharran.fr\/?tribe_events=bal-folk-valence-novembre#primaryimage","url":"https:\/\/mptpetitcharran.fr\/wp-content\/uploads\/2025\/10\/Affiche-bal-folk1.png","contentUrl":"https:\/\/mptpetitcharran.fr\/wp-content\/uploads\/2025\/10\/Affiche-bal-folk1.png","width":1414,"height":2000},{"@type":"BreadcrumbList","@id":"https:\/\/mptpetitcharran.fr\/?tribe_events=bal-folk-valence-novembre#breadcrumb","itemListElement":[{"@type":"ListItem","position":1,"name":"Accueil","item":"https:\/\/mptpetitcharran.fr\/"},{"@type":"ListItem","position":2,"name":"\u00c9v\u00e8nements","item":"https:\/\/mptpetitcharran.fr\/?post_type=tribe_events"},{"@type":"ListItem","position":3,"name":"Bal Folk \u00e0 Valence \u2013 Maison pour Tous du Petit Charran"}]},{"@type":"WebSite","@id":"https:\/\/mptpetitcharran.fr\/#website","url":"https:\/\/mptpetitcharran.fr\/","name":"Maison pour tous du Petit charran","description":"","publisher":{"@id":"https:\/\/mptpetitcharran.fr\/#organization"},"potentialAction":[{"@type":"SearchAction","target":{"@type":"EntryPoint","urlTemplate":"https:\/\/mptpetitcharran.fr\/?s={search_term_string}"},"query-input":{"@type":"PropertyValueSpecification","valueRequired":true,"valueName":"search_term_string"}}],"inLanguage":"fr-FR"},{"@type":"Organization","@id":"https:\/\/mptpetitcharran.fr\/#organization","name":"Maison pour tous du Petit charran","url":"https:\/\/mptpetitcharran.fr\/","logo":{"@type":"ImageObject","inLanguage":"fr-FR","@id":"https:\/\/mptpetitcharran.fr\/#\/schema\/logo\/image\/","url":"http:\/\/mptpetitcharran.fr\/wp-content\/uploads\/2023\/07\/cropped-logo_mptpc.jpg","contentUrl":"http:\/\/mptpetitcharran.fr\/wp-content\/uploads\/2023\/07\/cropped-logo_mptpc.jpg","width":532,"height":529,"caption":"Maison pour tous du Petit charran"},"image":{"@id":"https:\/\/mptpetitcharran.fr\/#\/schema\/logo\/image\/"},"sameAs":["https:\/\/www.facebook.com\/mptpetitcharran","https:\/\/www.instagram.com\/mptpetitcharran\/"]}]}},"publishpress_future_workflow_manual_trigger":{"enabledWorkflows":[]},"_links":{"self":[{"href":"https:\/\/mptpetitcharran.fr\/index.php?rest_route=\/wp\/v2\/tribe_events\/6797","targetHints":{"allow":["GET"]}}],"collection":[{"href":"https:\/\/mptpetitcharran.fr\/index.php?rest_route=\/wp\/v2\/tribe_events"}],"about":[{"href":"https:\/\/mptpetitcharran.fr\/index.php?rest_route=\/wp\/v2\/types\/tribe_events"}],"author":[{"embeddable":true,"href":"https:\/\/mptpetitcharran.fr\/index.php?rest_route=\/wp\/v2\/users\/1"}],"version-history":[{"count":1,"href":"https:\/\/mptpetitcharran.fr\/index.php?rest_route=\/wp\/v2\/tribe_events\/6797\/revisions"}],"predecessor-version":[{"id":6799,"href":"https:\/\/mptpetitcharran.fr\/index.php?rest_route=\/wp\/v2\/tribe_events\/6797\/revisions\/6799"}],"wp:featuredmedia":[{"embeddable":true,"href":"https:\/\/mptpetitcharran.fr\/index.php?rest_route=\/wp\/v2\/media\/6798"}],"wp:attachment":[{"href":"https:\/\/mptpetitcharran.fr\/index.php?rest_route=%2Fwp%2Fv2%2Fmedia&parent=6797"}],"wp:term":[{"taxonomy":"post_tag","embeddable":true,"href":"https:\/\/mptpetitcharran.fr\/index.php?rest_route=%2Fwp%2Fv2%2Ftags&post=6797"},{"taxonomy":"tribe_events_cat","embeddable":true,"href":"https:\/\/mptpetitcharran.fr\/index.php?rest_route=%2Fwp%2Fv2%2Ftribe_events_cat&post=6797"}],"curies":[{"name":"wp","href":"https:\/\/api.w.org\/{rel}","templated":true}]}}

Bal Folk à Valence – Maison pour Tous du Petit Charran

<p>Venez danser, tourner, rire et partager un moment musical lors du <strong data-start="4868" data-end="4880">Bal Folk</strong> organisé à la Maison pour Tous du Petit Charran.<br data-start="4929" data-end="4932" />Un événement chaleureux où toutes les générations se retrouvent autour de musiques traditionnelles et d’airs entraînants.<br data-start="5053" data-end="5056" />Pas besoin d’être danseur confirmé, juste l’envie de s’amuser !</p>

<p>Dansez au rythme du Bal Folk à Valence ! Soirée festive et musicale à la Maison pour Tous du Petit Charran.</p>

<!-- This site is optimized with the Yoast SEO plugin v27.5 - https://yoast.com/product/yoast-seo-wordpress/ -->
<title>Bal Folk à Valence – Maison pour Tous du Petit Charran - Maison pour tous du Petit charran</title>
<meta name="description" content="Dansez au rythme du Bal Folk à Valence ! Soirée festive et musicale à la Maison pour Tous du Petit Charran." />
<meta name="robots" content="index, follow, max-snippet:-1, max-image-preview:large, max-video-preview:-1" />
<link rel="canonical" href="https://mptpetitcharran.fr/?tribe_events=bal-folk-valence-novembre" />
<meta property="og:locale" content="fr_FR" />
<meta property="og:type" content="article" />
<meta property="og:title" content="Bal Folk à Valence – Maison pour Tous du Petit Charran - Maison pour tous du Petit charran" />
<meta property="og:description" content="Dansez au rythme du Bal Folk à Valence ! Soirée festive et musicale à la Maison pour Tous du Petit Charran." />
<meta property="og:url" content="https://mptpetitcharran.fr/?tribe_events=bal-folk-valence-novembre" />
<meta property="og:site_name" content="Maison pour tous du Petit charran" />
<meta property="article:publisher" content="https://www.facebook.com/mptpetitcharran" />
<meta property="og:image" content="https://mptpetitcharran.fr/wp-content/uploads/2025/10/Affiche-bal-folk1-724x1024.png" />
	<meta property="og:image:width" content="724" />
	<meta property="og:image:height" content="1024" />
	<meta property="og:image:type" content="image/png" />
<meta name="twitter:card" content="summary_large_image" />
<meta name="twitter:label1" content="Durée de lecture estimée" />
	<meta name="twitter:data1" content="1 minute" />
<script type="application/ld+json" class="yoast-schema-graph">{"@context":"https:\/\/schema.org","@graph":[{"@type":"WebPage","@id":"https:\/\/mptpetitcharran.fr\/?tribe_events=bal-folk-valence-novembre","url":"https:\/\/mptpetitcharran.fr\/?tribe_events=bal-folk-valence-novembre","name":"Bal Folk à Valence – Maison pour Tous du Petit Charran - Maison pour tous du Petit charran","isPartOf":{"@id":"https:\/\/mptpetitcharran.fr\/#website"},"primaryImageOfPage":{"@id":"https:\/\/mptpetitcharran.fr\/?tribe_events=bal-folk-valence-novembre#primaryimage"},"image":{"@id":"https:\/\/mptpetitcharran.fr\/?tribe_events=bal-folk-valence-novembre#primaryimage"},"thumbnailUrl":"https:\/\/mptpetitcharran.fr\/wp-content\/uploads\/2025\/10\/Affiche-bal-folk1.png","datePublished":"2025-10-13T12:59:37+00:00","description":"Dansez au rythme du Bal Folk à Valence ! Soirée festive et musicale à la Maison pour Tous du Petit Charran.","breadcrumb":{"@id":"https:\/\/mptpetitcharran.fr\/?tribe_events=bal-folk-valence-novembre#breadcrumb"},"inLanguage":"fr-FR","potentialAction":[{"@type":"ReadAction","target":["https:\/\/mptpetitcharran.fr\/?tribe_events=bal-folk-valence-novembre"]}]},{"@type":"ImageObject","inLanguage":"fr-FR","@id":"https:\/\/mptpetitcharran.fr\/?tribe_events=bal-folk-valence-novembre#primaryimage","url":"https:\/\/mptpetitcharran.fr\/wp-content\/uploads\/2025\/10\/Affiche-bal-folk1.png","contentUrl":"https:\/\/mptpetitcharran.fr\/wp-content\/uploads\/2025\/10\/Affiche-bal-folk1.png","width":1414,"height":2000},{"@type":"BreadcrumbList","@id":"https:\/\/mptpetitcharran.fr\/?tribe_events=bal-folk-valence-novembre#breadcrumb","itemListElement":[{"@type":"ListItem","position":1,"name":"Accueil","item":"https:\/\/mptpetitcharran.fr\/"},{"@type":"ListItem","position":2,"name":"Évènements","item":"https:\/\/mptpetitcharran.fr\/?post_type=tribe_events"},{"@type":"ListItem","position":3,"name":"Bal Folk à Valence – Maison pour Tous du Petit Charran"}]},{"@type":"WebSite","@id":"https:\/\/mptpetitcharran.fr\/#website","url":"https:\/\/mptpetitcharran.fr\/","name":"Maison pour tous du Petit charran","description":"","publisher":{"@id":"https:\/\/mptpetitcharran.fr\/#organization"},"potentialAction":[{"@type":"SearchAction","target":{"@type":"EntryPoint","urlTemplate":"https:\/\/mptpetitcharran.fr\/?s={search_term_string}"},"query-input":{"@type":"PropertyValueSpecification","valueRequired":true,"valueName":"search_term_string"}}],"inLanguage":"fr-FR"},{"@type":"Organization","@id":"https:\/\/mptpetitcharran.fr\/#organization","name":"Maison pour tous du Petit charran","url":"https:\/\/mptpetitcharran.fr\/","logo":{"@type":"ImageObject","inLanguage":"fr-FR","@id":"https:\/\/mptpetitcharran.fr\/#\/schema\/logo\/image\/","url":"http:\/\/mptpetitcharran.fr\/wp-content\/uploads\/2023\/07\/cropped-logo_mptpc.jpg","contentUrl":"http:\/\/mptpetitcharran.fr\/wp-content\/uploads\/2023\/07\/cropped-logo_mptpc.jpg","width":532,"height":529,"caption":"Maison pour tous du Petit charran"},"image":{"@id":"https:\/\/mptpetitcharran.fr\/#\/schema\/logo\/image\/"},"sameAs":["https:\/\/www.facebook.com\/mptpetitcharran","https:\/\/www.instagram.com\/mptpetitcharran\/"]}]}</script>
<!-- / Yoast SEO plugin. -->

Bal Folk à Valence – Maison pour Tous du Petit Charran - Maison pour tous du Petit charran

Dansez au rythme du Bal Folk à Valence ! Soirée festive et musicale à la Maison pour Tous du Petit Charran.

Évènements
