{"id":5892,"date":"2024-09-23T11:07:58","date_gmt":"2024-09-23T10:07:58","guid":{"rendered":"https:\/\/mptpetitcharran.fr\/?post_type=tribe_events&#038;p=5892"},"modified":"2024-09-23T11:07:58","modified_gmt":"2024-09-23T10:07:58","slug":"atelier-apprivoiser-son-sommeil","status":"publish","type":"tribe_events","link":"https:\/\/mptpetitcharran.fr\/?tribe_events=atelier-apprivoiser-son-sommeil","title":{"rendered":"Atelier Apprivoiser son Sommeil"},"content":{"rendered":"<p>\ud83c\udf19 <strong>Vous avez du mal \u00e0 trouver le sommeil ?<\/strong> \ud83c\udf19<br \/>\nParticipez \u00e0 notre <strong>Atelier Apprivoiser son Sommeil<\/strong> et d\u00e9couvrez des techniques efficaces pour am\u00e9liorer la qualit\u00e9 de vos nuits ! \ud83d\ude34<br \/>\nNous vous proposons 4 sessions, les <strong>28 septembre, 5 et 12 octobre, et 23 novembre<\/strong> de 9h30 \u00e0 12h30. Pour seulement <strong>150 \u20ac<\/strong>, vous aurez acc\u00e8s \u00e0 l\u2019int\u00e9gralit\u00e9 des ateliers, avec du mat\u00e9riel fourni incluant des audios et des fiches pour vous entra\u00eener chez vous.<\/p>\n<p>\ud83d\udcc5 <strong>Dates<\/strong> : 28 septembre, 5 &amp; 12 octobre, 23 novembre<br \/>\n\u23f0 <strong>Heure<\/strong> : De 9h30 \u00e0 12h30<br \/>\n\ud83d\udcb0 <strong>Tarif<\/strong> : 150 \u20ac pour les 4 ateliers (mat\u00e9riel inclus)<br \/>\n\ud83d\udccd <strong>Lieu<\/strong> : MPT du Petit Charran<\/p>\n<p>Ne laissez plus vos nuits blanches perturber vos journ\u00e9es ! Inscrivez-vous d\u00e8s maintenant et apprenez \u00e0 apprivoiser votre sommeil pour un bien-\u00eatre au quotidien. \ud83c\udf1f<\/p>\n","protected":false},"excerpt":{"rendered":"<p>\ud83c\udf19 Vous avez du mal \u00e0 trouver le sommeil ? \ud83c\udf19 Participez \u00e0 notre Atelier Apprivoiser son Sommeil et d\u00e9couvrez des techniques efficaces pour am\u00e9liorer la qualit\u00e9 de vos nuits &hellip; <a href=\"https:\/\/mptpetitcharran.fr\/?tribe_events=atelier-apprivoiser-son-sommeil\" class=\"more-link\">Continue reading <span class=\"screen-reader-text\">Atelier Apprivoiser son Sommeil<\/span> <span class=\"meta-nav\">&rarr;<\/span><\/a><\/p>\n","protected":false},"author":1,"featured_media":5762,"template":"","meta":{"_tribe_events_status":"","_tribe_events_status_reason":"","footnotes":""},"tags":[],"tribe_events_cat":[],"class_list":["post-5892","tribe_events","type-tribe_events","status-publish","has-post-thumbnail","hentry"],"yoast_head":"<!-- This site is optimized with the Yoast SEO plugin v27.0 - https:\/\/yoast.com\/product\/yoast-seo-wordpress\/ -->\n<title>Atelier Apprivoiser son Sommeil - Maison pour tous du Petit charran<\/title>\n<meta name=\"description\" content=\"Vous avez du mal \u00e0 trouver le sommeil ? Participez \u00e0 notre Atelier Apprivoiser son Sommeil et d\u00e9couvrez des techniques efficaces pour am\u00e9liorer la qualit\u00e9 de vos nuits !\" \/>\n<meta name=\"robots\" content=\"index, follow, max-snippet:-1, max-image-preview:large, max-video-preview:-1\" \/>\n<link rel=\"canonical\" href=\"https:\/\/mptpetitcharran.fr\/?tribe_events=atelier-apprivoiser-son-sommeil\" \/>\n<meta property=\"og:locale\" content=\"fr_FR\" \/>\n<meta property=\"og:type\" content=\"article\" \/>\n<meta property=\"og:title\" content=\"Atelier Apprivoiser son Sommeil - Maison pour tous du Petit charran\" \/>\n<meta property=\"og:description\" content=\"Vous avez du mal \u00e0 trouver le sommeil ? Participez \u00e0 notre Atelier Apprivoiser son Sommeil et d\u00e9couvrez des techniques efficaces pour am\u00e9liorer la qualit\u00e9 de vos nuits !\" \/>\n<meta property=\"og:url\" content=\"https:\/\/mptpetitcharran.fr\/?tribe_events=atelier-apprivoiser-son-sommeil\" \/>\n<meta property=\"og:site_name\" content=\"Maison pour tous du Petit charran\" \/>\n<meta property=\"article:publisher\" content=\"https:\/\/www.facebook.com\/mptpetitcharran\" \/>\n<meta property=\"og:image\" content=\"https:\/\/mptpetitcharran.fr\/wp-content\/uploads\/2024\/08\/Atelier-du-sommeil.png\" \/>\n\t<meta property=\"og:image:width\" content=\"3359\" \/>\n\t<meta property=\"og:image:height\" content=\"4750\" \/>\n\t<meta property=\"og:image:type\" content=\"image\/png\" \/>\n<meta name=\"twitter:card\" content=\"summary_large_image\" \/>\n<meta name=\"twitter:label1\" content=\"Dur\u00e9e de lecture estim\u00e9e\" \/>\n\t<meta name=\"twitter:data1\" content=\"1 minute\" \/>\n<script type=\"application\/ld+json\" class=\"yoast-schema-graph\">{\"@context\":\"https:\/\/schema.org\",\"@graph\":[{\"@type\":\"WebPage\",\"@id\":\"https:\/\/mptpetitcharran.fr\/?tribe_events=atelier-apprivoiser-son-sommeil\",\"url\":\"https:\/\/mptpetitcharran.fr\/?tribe_events=atelier-apprivoiser-son-sommeil\",\"name\":\"Atelier Apprivoiser son Sommeil - Maison pour tous du Petit charran\",\"isPartOf\":{\"@id\":\"https:\/\/mptpetitcharran.fr\/#website\"},\"primaryImageOfPage\":{\"@id\":\"https:\/\/mptpetitcharran.fr\/?tribe_events=atelier-apprivoiser-son-sommeil#primaryimage\"},\"image\":{\"@id\":\"https:\/\/mptpetitcharran.fr\/?tribe_events=atelier-apprivoiser-son-sommeil#primaryimage\"},\"thumbnailUrl\":\"https:\/\/mptpetitcharran.fr\/wp-content\/uploads\/2024\/08\/Atelier-du-sommeil.png\",\"datePublished\":\"2024-09-23T10:07:58+00:00\",\"description\":\"Vous avez du mal \u00e0 trouver le sommeil ? Participez \u00e0 notre Atelier Apprivoiser son Sommeil et d\u00e9couvrez des techniques efficaces pour am\u00e9liorer la qualit\u00e9 de vos nuits !\",\"breadcrumb\":{\"@id\":\"https:\/\/mptpetitcharran.fr\/?tribe_events=atelier-apprivoiser-son-sommeil#breadcrumb\"},\"inLanguage\":\"fr-FR\",\"potentialAction\":[{\"@type\":\"ReadAction\",\"target\":[\"https:\/\/mptpetitcharran.fr\/?tribe_events=atelier-apprivoiser-son-sommeil\"]}]},{\"@type\":\"ImageObject\",\"inLanguage\":\"fr-FR\",\"@id\":\"https:\/\/mptpetitcharran.fr\/?tribe_events=atelier-apprivoiser-son-sommeil#primaryimage\",\"url\":\"https:\/\/mptpetitcharran.fr\/wp-content\/uploads\/2024\/08\/Atelier-du-sommeil.png\",\"contentUrl\":\"https:\/\/mptpetitcharran.fr\/wp-content\/uploads\/2024\/08\/Atelier-du-sommeil.png\",\"width\":3359,\"height\":4750},{\"@type\":\"BreadcrumbList\",\"@id\":\"https:\/\/mptpetitcharran.fr\/?tribe_events=atelier-apprivoiser-son-sommeil#breadcrumb\",\"itemListElement\":[{\"@type\":\"ListItem\",\"position\":1,\"name\":\"Accueil\",\"item\":\"https:\/\/mptpetitcharran.fr\/\"},{\"@type\":\"ListItem\",\"position\":2,\"name\":\"\u00c9v\u00e8nements\",\"item\":\"https:\/\/mptpetitcharran.fr\/?post_type=tribe_events\"},{\"@type\":\"ListItem\",\"position\":3,\"name\":\"Atelier Apprivoiser son Sommeil\"}]},{\"@type\":\"WebSite\",\"@id\":\"https:\/\/mptpetitcharran.fr\/#website\",\"url\":\"https:\/\/mptpetitcharran.fr\/\",\"name\":\"Maison pour tous du Petit charran\",\"description\":\"\",\"publisher\":{\"@id\":\"https:\/\/mptpetitcharran.fr\/#organization\"},\"potentialAction\":[{\"@type\":\"SearchAction\",\"target\":{\"@type\":\"EntryPoint\",\"urlTemplate\":\"https:\/\/mptpetitcharran.fr\/?s={search_term_string}\"},\"query-input\":{\"@type\":\"PropertyValueSpecification\",\"valueRequired\":true,\"valueName\":\"search_term_string\"}}],\"inLanguage\":\"fr-FR\"},{\"@type\":\"Organization\",\"@id\":\"https:\/\/mptpetitcharran.fr\/#organization\",\"name\":\"Maison pour tous du Petit charran\",\"url\":\"https:\/\/mptpetitcharran.fr\/\",\"logo\":{\"@type\":\"ImageObject\",\"inLanguage\":\"fr-FR\",\"@id\":\"https:\/\/mptpetitcharran.fr\/#\/schema\/logo\/image\/\",\"url\":\"http:\/\/mptpetitcharran.fr\/wp-content\/uploads\/2023\/07\/cropped-logo_mptpc.jpg\",\"contentUrl\":\"http:\/\/mptpetitcharran.fr\/wp-content\/uploads\/2023\/07\/cropped-logo_mptpc.jpg\",\"width\":532,\"height\":529,\"caption\":\"Maison pour tous du Petit charran\"},\"image\":{\"@id\":\"https:\/\/mptpetitcharran.fr\/#\/schema\/logo\/image\/\"},\"sameAs\":[\"https:\/\/www.facebook.com\/mptpetitcharran\",\"https:\/\/www.instagram.com\/mptpetitcharran\/\"]}]}<\/script>\n<!-- \/ Yoast SEO plugin. -->","yoast_head_json":{"title":"Atelier Apprivoiser son Sommeil - Maison pour tous du Petit charran","description":"Vous avez du mal \u00e0 trouver le sommeil ? Participez \u00e0 notre Atelier Apprivoiser son Sommeil et d\u00e9couvrez des techniques efficaces pour am\u00e9liorer la qualit\u00e9 de vos nuits !","robots":{"index":"index","follow":"follow","max-snippet":"max-snippet:-1","max-image-preview":"max-image-preview:large","max-video-preview":"max-video-preview:-1"},"canonical":"https:\/\/mptpetitcharran.fr\/?tribe_events=atelier-apprivoiser-son-sommeil","og_locale":"fr_FR","og_type":"article","og_title":"Atelier Apprivoiser son Sommeil - Maison pour tous du Petit charran","og_description":"Vous avez du mal \u00e0 trouver le sommeil ? Participez \u00e0 notre Atelier Apprivoiser son Sommeil et d\u00e9couvrez des techniques efficaces pour am\u00e9liorer la qualit\u00e9 de vos nuits !","og_url":"https:\/\/mptpetitcharran.fr\/?tribe_events=atelier-apprivoiser-son-sommeil","og_site_name":"Maison pour tous du Petit charran","article_publisher":"https:\/\/www.facebook.com\/mptpetitcharran","og_image":[{"width":3359,"height":4750,"url":"https:\/\/mptpetitcharran.fr\/wp-content\/uploads\/2024\/08\/Atelier-du-sommeil.png","type":"image\/png"}],"twitter_card":"summary_large_image","twitter_misc":{"Dur\u00e9e de lecture estim\u00e9e":"1 minute"},"schema":{"@context":"https:\/\/schema.org","@graph":[{"@type":"WebPage","@id":"https:\/\/mptpetitcharran.fr\/?tribe_events=atelier-apprivoiser-son-sommeil","url":"https:\/\/mptpetitcharran.fr\/?tribe_events=atelier-apprivoiser-son-sommeil","name":"Atelier Apprivoiser son Sommeil - Maison pour tous du Petit charran","isPartOf":{"@id":"https:\/\/mptpetitcharran.fr\/#website"},"primaryImageOfPage":{"@id":"https:\/\/mptpetitcharran.fr\/?tribe_events=atelier-apprivoiser-son-sommeil#primaryimage"},"image":{"@id":"https:\/\/mptpetitcharran.fr\/?tribe_events=atelier-apprivoiser-son-sommeil#primaryimage"},"thumbnailUrl":"https:\/\/mptpetitcharran.fr\/wp-content\/uploads\/2024\/08\/Atelier-du-sommeil.png","datePublished":"2024-09-23T10:07:58+00:00","description":"Vous avez du mal \u00e0 trouver le sommeil ? Participez \u00e0 notre Atelier Apprivoiser son Sommeil et d\u00e9couvrez des techniques efficaces pour am\u00e9liorer la qualit\u00e9 de vos nuits !","breadcrumb":{"@id":"https:\/\/mptpetitcharran.fr\/?tribe_events=atelier-apprivoiser-son-sommeil#breadcrumb"},"inLanguage":"fr-FR","potentialAction":[{"@type":"ReadAction","target":["https:\/\/mptpetitcharran.fr\/?tribe_events=atelier-apprivoiser-son-sommeil"]}]},{"@type":"ImageObject","inLanguage":"fr-FR","@id":"https:\/\/mptpetitcharran.fr\/?tribe_events=atelier-apprivoiser-son-sommeil#primaryimage","url":"https:\/\/mptpetitcharran.fr\/wp-content\/uploads\/2024\/08\/Atelier-du-sommeil.png","contentUrl":"https:\/\/mptpetitcharran.fr\/wp-content\/uploads\/2024\/08\/Atelier-du-sommeil.png","width":3359,"height":4750},{"@type":"BreadcrumbList","@id":"https:\/\/mptpetitcharran.fr\/?tribe_events=atelier-apprivoiser-son-sommeil#breadcrumb","itemListElement":[{"@type":"ListItem","position":1,"name":"Accueil","item":"https:\/\/mptpetitcharran.fr\/"},{"@type":"ListItem","position":2,"name":"\u00c9v\u00e8nements","item":"https:\/\/mptpetitcharran.fr\/?post_type=tribe_events"},{"@type":"ListItem","position":3,"name":"Atelier Apprivoiser son Sommeil"}]},{"@type":"WebSite","@id":"https:\/\/mptpetitcharran.fr\/#website","url":"https:\/\/mptpetitcharran.fr\/","name":"Maison pour tous du Petit charran","description":"","publisher":{"@id":"https:\/\/mptpetitcharran.fr\/#organization"},"potentialAction":[{"@type":"SearchAction","target":{"@type":"EntryPoint","urlTemplate":"https:\/\/mptpetitcharran.fr\/?s={search_term_string}"},"query-input":{"@type":"PropertyValueSpecification","valueRequired":true,"valueName":"search_term_string"}}],"inLanguage":"fr-FR"},{"@type":"Organization","@id":"https:\/\/mptpetitcharran.fr\/#organization","name":"Maison pour tous du Petit charran","url":"https:\/\/mptpetitcharran.fr\/","logo":{"@type":"ImageObject","inLanguage":"fr-FR","@id":"https:\/\/mptpetitcharran.fr\/#\/schema\/logo\/image\/","url":"http:\/\/mptpetitcharran.fr\/wp-content\/uploads\/2023\/07\/cropped-logo_mptpc.jpg","contentUrl":"http:\/\/mptpetitcharran.fr\/wp-content\/uploads\/2023\/07\/cropped-logo_mptpc.jpg","width":532,"height":529,"caption":"Maison pour tous du Petit charran"},"image":{"@id":"https:\/\/mptpetitcharran.fr\/#\/schema\/logo\/image\/"},"sameAs":["https:\/\/www.facebook.com\/mptpetitcharran","https:\/\/www.instagram.com\/mptpetitcharran\/"]}]}},"publishpress_future_workflow_manual_trigger":{"enabledWorkflows":[]},"_links":{"self":[{"href":"https:\/\/mptpetitcharran.fr\/index.php?rest_route=\/wp\/v2\/tribe_events\/5892","targetHints":{"allow":["GET"]}}],"collection":[{"href":"https:\/\/mptpetitcharran.fr\/index.php?rest_route=\/wp\/v2\/tribe_events"}],"about":[{"href":"https:\/\/mptpetitcharran.fr\/index.php?rest_route=\/wp\/v2\/types\/tribe_events"}],"author":[{"embeddable":true,"href":"https:\/\/mptpetitcharran.fr\/index.php?rest_route=\/wp\/v2\/users\/1"}],"version-history":[{"count":1,"href":"https:\/\/mptpetitcharran.fr\/index.php?rest_route=\/wp\/v2\/tribe_events\/5892\/revisions"}],"predecessor-version":[{"id":5893,"href":"https:\/\/mptpetitcharran.fr\/index.php?rest_route=\/wp\/v2\/tribe_events\/5892\/revisions\/5893"}],"wp:featuredmedia":[{"embeddable":true,"href":"https:\/\/mptpetitcharran.fr\/index.php?rest_route=\/wp\/v2\/media\/5762"}],"wp:attachment":[{"href":"https:\/\/mptpetitcharran.fr\/index.php?rest_route=%2Fwp%2Fv2%2Fmedia&parent=5892"}],"wp:term":[{"taxonomy":"post_tag","embeddable":true,"href":"https:\/\/mptpetitcharran.fr\/index.php?rest_route=%2Fwp%2Fv2%2Ftags&post=5892"},{"taxonomy":"tribe_events_cat","embeddable":true,"href":"https:\/\/mptpetitcharran.fr\/index.php?rest_route=%2Fwp%2Fv2%2Ftribe_events_cat&post=5892"}],"curies":[{"name":"wp","href":"https:\/\/api.w.org\/{rel}","templated":true}]}}

<p>🌙 <strong>Vous avez du mal à trouver le sommeil ?</strong> 🌙<br />
Participez à notre <strong>Atelier Apprivoiser son Sommeil</strong> et découvrez des techniques efficaces pour améliorer la qualité de vos nuits ! 😴<br />
Nous vous proposons 4 sessions, les <strong>28 septembre, 5 et 12 octobre, et 23 novembre</strong> de 9h30 à 12h30. Pour seulement <strong>150 €</strong>, vous aurez accès à l’intégralité des ateliers, avec du matériel fourni incluant des audios et des fiches pour vous entraîner chez vous.</p>
<p>📅 <strong>Dates</strong> : 28 septembre, 5 &amp; 12 octobre, 23 novembre<br />
⏰ <strong>Heure</strong> : De 9h30 à 12h30<br />
💰 <strong>Tarif</strong> : 150 € pour les 4 ateliers (matériel inclus)<br />
📍 <strong>Lieu</strong> : MPT du Petit Charran</p>
<p>Ne laissez plus vos nuits blanches perturber vos journées ! Inscrivez-vous dès maintenant et apprenez à apprivoiser votre sommeil pour un bien-être au quotidien. 🌟</p>

<p>🌙 Vous avez du mal à trouver le sommeil ? 🌙 Participez à notre Atelier Apprivoiser son Sommeil et découvrez des techniques efficaces pour améliorer la qualité de vos nuits &hellip; <a href="https://mptpetitcharran.fr/?tribe_events=atelier-apprivoiser-son-sommeil" class="more-link">Continue reading <span class="screen-reader-text">Atelier Apprivoiser son Sommeil</span> <span class="meta-nav">&rarr;</span></a></p>

<!-- This site is optimized with the Yoast SEO plugin v27.0 - https://yoast.com/product/yoast-seo-wordpress/ -->
<title>Atelier Apprivoiser son Sommeil - Maison pour tous du Petit charran</title>
<meta name="description" content="Vous avez du mal à trouver le sommeil ? Participez à notre Atelier Apprivoiser son Sommeil et découvrez des techniques efficaces pour améliorer la qualité de vos nuits !" />
<meta name="robots" content="index, follow, max-snippet:-1, max-image-preview:large, max-video-preview:-1" />
<link rel="canonical" href="https://mptpetitcharran.fr/?tribe_events=atelier-apprivoiser-son-sommeil" />
<meta property="og:locale" content="fr_FR" />
<meta property="og:type" content="article" />
<meta property="og:title" content="Atelier Apprivoiser son Sommeil - Maison pour tous du Petit charran" />
<meta property="og:description" content="Vous avez du mal à trouver le sommeil ? Participez à notre Atelier Apprivoiser son Sommeil et découvrez des techniques efficaces pour améliorer la qualité de vos nuits !" />
<meta property="og:url" content="https://mptpetitcharran.fr/?tribe_events=atelier-apprivoiser-son-sommeil" />
<meta property="og:site_name" content="Maison pour tous du Petit charran" />
<meta property="article:publisher" content="https://www.facebook.com/mptpetitcharran" />
<meta property="og:image" content="https://mptpetitcharran.fr/wp-content/uploads/2024/08/Atelier-du-sommeil.png" />
	<meta property="og:image:width" content="3359" />
	<meta property="og:image:height" content="4750" />
	<meta property="og:image:type" content="image/png" />
<meta name="twitter:card" content="summary_large_image" />
<meta name="twitter:label1" content="Durée de lecture estimée" />
	<meta name="twitter:data1" content="1 minute" />
<script type="application/ld+json" class="yoast-schema-graph">{"@context":"https://schema.org","@graph":[{"@type":"WebPage","@id":"https://mptpetitcharran.fr/?tribe_events=atelier-apprivoiser-son-sommeil","url":"https://mptpetitcharran.fr/?tribe_events=atelier-apprivoiser-son-sommeil","name":"Atelier Apprivoiser son Sommeil - Maison pour tous du Petit charran","isPartOf":{"@id":"https://mptpetitcharran.fr/#website"},"primaryImageOfPage":{"@id":"https://mptpetitcharran.fr/?tribe_events=atelier-apprivoiser-son-sommeil#primaryimage"},"image":{"@id":"https://mptpetitcharran.fr/?tribe_events=atelier-apprivoiser-son-sommeil#primaryimage"},"thumbnailUrl":"https://mptpetitcharran.fr/wp-content/uploads/2024/08/Atelier-du-sommeil.png","datePublished":"2024-09-23T10:07:58+00:00","description":"Vous avez du mal à trouver le sommeil ? Participez à notre Atelier Apprivoiser son Sommeil et découvrez des techniques efficaces pour améliorer la qualité de vos nuits !","breadcrumb":{"@id":"https://mptpetitcharran.fr/?tribe_events=atelier-apprivoiser-son-sommeil#breadcrumb"},"inLanguage":"fr-FR","potentialAction":[{"@type":"ReadAction","target":["https://mptpetitcharran.fr/?tribe_events=atelier-apprivoiser-son-sommeil"]}]},{"@type":"ImageObject","inLanguage":"fr-FR","@id":"https://mptpetitcharran.fr/?tribe_events=atelier-apprivoiser-son-sommeil#primaryimage","url":"https://mptpetitcharran.fr/wp-content/uploads/2024/08/Atelier-du-sommeil.png","contentUrl":"https://mptpetitcharran.fr/wp-content/uploads/2024/08/Atelier-du-sommeil.png","width":3359,"height":4750},{"@type":"BreadcrumbList","@id":"https://mptpetitcharran.fr/?tribe_events=atelier-apprivoiser-son-sommeil#breadcrumb","itemListElement":[{"@type":"ListItem","position":1,"name":"Accueil","item":"https://mptpetitcharran.fr/"},{"@type":"ListItem","position":2,"name":"Évènements","item":"https://mptpetitcharran.fr/?post_type=tribe_events"},{"@type":"ListItem","position":3,"name":"Atelier Apprivoiser son Sommeil"}]},{"@type":"WebSite","@id":"https://mptpetitcharran.fr/#website","url":"https://mptpetitcharran.fr/","name":"Maison pour tous du Petit charran","description":"","publisher":{"@id":"https://mptpetitcharran.fr/#organization"},"potentialAction":[{"@type":"SearchAction","target":{"@type":"EntryPoint","urlTemplate":"https://mptpetitcharran.fr/?s={search_term_string}"},"query-input":{"@type":"PropertyValueSpecification","valueRequired":true,"valueName":"search_term_string"}}],"inLanguage":"fr-FR"},{"@type":"Organization","@id":"https://mptpetitcharran.fr/#organization","name":"Maison pour tous du Petit charran","url":"https://mptpetitcharran.fr/","logo":{"@type":"ImageObject","inLanguage":"fr-FR","@id":"https://mptpetitcharran.fr/#/schema/logo/image/","url":"http://mptpetitcharran.fr/wp-content/uploads/2023/07/cropped-logo_mptpc.jpg","contentUrl":"http://mptpetitcharran.fr/wp-content/uploads/2023/07/cropped-logo_mptpc.jpg","width":532,"height":529,"caption":"Maison pour tous du Petit charran"},"image":{"@id":"https://mptpetitcharran.fr/#/schema/logo/image/"},"sameAs":["https://www.facebook.com/mptpetitcharran","https://www.instagram.com/mptpetitcharran/"]}]}</script>
<!-- / Yoast SEO plugin. -->

Vous avez du mal à trouver le sommeil ? Participez à notre Atelier Apprivoiser son Sommeil et découvrez des techniques efficaces pour améliorer la qualité de vos nuits !

Évènements
