{"id":5886,"date":"2024-09-23T11:02:10","date_gmt":"2024-09-23T10:02:10","guid":{"rendered":"https:\/\/mptpetitcharran.fr\/?post_type=tribe_events&#038;p=5886"},"modified":"2024-09-23T11:02:10","modified_gmt":"2024-09-23T10:02:10","slug":"le-rendez-vous-des-benevoles","status":"publish","type":"tribe_events","link":"https:\/\/mptpetitcharran.fr\/?tribe_events=le-rendez-vous-des-benevoles","title":{"rendered":"Le rendez-vous des b\u00e9n\u00e9voles"},"content":{"rendered":"<p>\ud83c\udf89 <strong>Rendez-vous des B\u00e9n\u00e9voles<\/strong> \ud83c\udf89<\/p>\n<p>Tu souhaites t&rsquo;impliquer dans la vie de quartier et rencontrer d&rsquo;autres personnes engag\u00e9es ? Nous avons le plaisir de t&rsquo;inviter \u00e0 un moment convivial <strong>le mardi 1er octobre \u00e0 18h<\/strong> \u00e0 la MPT du Petit Charran !<\/p>\n<p>\ud83e\udd1d Au programme : \u00e9changes, rires, et d\u00e9couvertes autour d\u2019un <strong>repas partag\u00e9<\/strong> ! Chacun apporte un plat sal\u00e9, on s\u2019occupe des boissons \ud83c\udf7d\ufe0f. Si tu n&rsquo;es pas encore b\u00e9n\u00e9vole, c\u2019est l&rsquo;occasion id\u00e9ale pour nous rejoindre et en apprendre plus !<\/p>\n<p>\ud83d\udcc5 <strong>Quand ?<\/strong> Mardi 1er octobre \u00e0 18h<br \/>\n\ud83d\udccd <strong>O\u00f9 ?<\/strong> MPT du Petit Charran<\/p>\n<p>On t\u2019attend avec impatience ! \ud83d\ude4c<\/p>\n","protected":false},"excerpt":{"rendered":"<p>\ud83c\udf89 Rendez-vous des B\u00e9n\u00e9voles \ud83c\udf89 Tu souhaites t&rsquo;impliquer dans la vie de quartier et rencontrer d&rsquo;autres personnes engag\u00e9es ? Nous avons le plaisir de t&rsquo;inviter \u00e0 un moment convivial le &hellip; <a href=\"https:\/\/mptpetitcharran.fr\/?tribe_events=le-rendez-vous-des-benevoles\" class=\"more-link\">Continue reading <span class=\"screen-reader-text\">Le rendez-vous des b\u00e9n\u00e9voles<\/span> <span class=\"meta-nav\">&rarr;<\/span><\/a><\/p>\n","protected":false},"author":1,"featured_media":5887,"template":"","meta":{"_tribe_events_status":"","_tribe_events_status_reason":"","footnotes":""},"tags":[],"tribe_events_cat":[],"class_list":["post-5886","tribe_events","type-tribe_events","status-publish","has-post-thumbnail","hentry"],"yoast_head":"<!-- This site is optimized with the Yoast SEO plugin v27.0 - https:\/\/yoast.com\/product\/yoast-seo-wordpress\/ -->\n<title>Le rendez-vous des b\u00e9n\u00e9voles - Maison pour tous du Petit charran<\/title>\n<meta name=\"description\" content=\"Participe au Rendez-vous des B\u00e9n\u00e9voles le 1er octobre \u00e0 la MPT du Petit Charran. Un moment convivial pour \u00e9changer, partager et d\u00e9couvrir le b\u00e9n\u00e9volat autour d&#039;un repas partag\u00e9 !\" \/>\n<meta name=\"robots\" content=\"index, follow, max-snippet:-1, max-image-preview:large, max-video-preview:-1\" \/>\n<link rel=\"canonical\" href=\"https:\/\/mptpetitcharran.fr\/?tribe_events=le-rendez-vous-des-benevoles\" \/>\n<meta property=\"og:locale\" content=\"fr_FR\" \/>\n<meta property=\"og:type\" content=\"article\" \/>\n<meta property=\"og:title\" content=\"Le rendez-vous des b\u00e9n\u00e9voles - Maison pour tous du Petit charran\" \/>\n<meta property=\"og:description\" content=\"Participe au Rendez-vous des B\u00e9n\u00e9voles le 1er octobre \u00e0 la MPT du Petit Charran. Un moment convivial pour \u00e9changer, partager et d\u00e9couvrir le b\u00e9n\u00e9volat autour d&#039;un repas partag\u00e9 !\" \/>\n<meta property=\"og:url\" content=\"https:\/\/mptpetitcharran.fr\/?tribe_events=le-rendez-vous-des-benevoles\" \/>\n<meta property=\"og:site_name\" content=\"Maison pour tous du Petit charran\" \/>\n<meta property=\"article:publisher\" content=\"https:\/\/www.facebook.com\/mptpetitcharran\" \/>\n<meta property=\"og:image\" content=\"https:\/\/mptpetitcharran.fr\/wp-content\/uploads\/2024\/09\/Le-rendez-vous-des-benevoles.png\" \/>\n\t<meta property=\"og:image:width\" content=\"1414\" \/>\n\t<meta property=\"og:image:height\" content=\"2000\" \/>\n\t<meta property=\"og:image:type\" content=\"image\/png\" \/>\n<meta name=\"twitter:card\" content=\"summary_large_image\" \/>\n<meta name=\"twitter:label1\" content=\"Dur\u00e9e de lecture estim\u00e9e\" \/>\n\t<meta name=\"twitter:data1\" content=\"1 minute\" \/>\n<script type=\"application\/ld+json\" class=\"yoast-schema-graph\">{\"@context\":\"https:\/\/schema.org\",\"@graph\":[{\"@type\":\"WebPage\",\"@id\":\"https:\/\/mptpetitcharran.fr\/?tribe_events=le-rendez-vous-des-benevoles\",\"url\":\"https:\/\/mptpetitcharran.fr\/?tribe_events=le-rendez-vous-des-benevoles\",\"name\":\"Le rendez-vous des b\u00e9n\u00e9voles - Maison pour tous du Petit charran\",\"isPartOf\":{\"@id\":\"https:\/\/mptpetitcharran.fr\/#website\"},\"primaryImageOfPage\":{\"@id\":\"https:\/\/mptpetitcharran.fr\/?tribe_events=le-rendez-vous-des-benevoles#primaryimage\"},\"image\":{\"@id\":\"https:\/\/mptpetitcharran.fr\/?tribe_events=le-rendez-vous-des-benevoles#primaryimage\"},\"thumbnailUrl\":\"https:\/\/mptpetitcharran.fr\/wp-content\/uploads\/2024\/09\/Le-rendez-vous-des-benevoles.png\",\"datePublished\":\"2024-09-23T10:02:10+00:00\",\"description\":\"Participe au Rendez-vous des B\u00e9n\u00e9voles le 1er octobre \u00e0 la MPT du Petit Charran. Un moment convivial pour \u00e9changer, partager et d\u00e9couvrir le b\u00e9n\u00e9volat autour d'un repas partag\u00e9 !\",\"breadcrumb\":{\"@id\":\"https:\/\/mptpetitcharran.fr\/?tribe_events=le-rendez-vous-des-benevoles#breadcrumb\"},\"inLanguage\":\"fr-FR\",\"potentialAction\":[{\"@type\":\"ReadAction\",\"target\":[\"https:\/\/mptpetitcharran.fr\/?tribe_events=le-rendez-vous-des-benevoles\"]}]},{\"@type\":\"ImageObject\",\"inLanguage\":\"fr-FR\",\"@id\":\"https:\/\/mptpetitcharran.fr\/?tribe_events=le-rendez-vous-des-benevoles#primaryimage\",\"url\":\"https:\/\/mptpetitcharran.fr\/wp-content\/uploads\/2024\/09\/Le-rendez-vous-des-benevoles.png\",\"contentUrl\":\"https:\/\/mptpetitcharran.fr\/wp-content\/uploads\/2024\/09\/Le-rendez-vous-des-benevoles.png\",\"width\":1414,\"height\":2000},{\"@type\":\"BreadcrumbList\",\"@id\":\"https:\/\/mptpetitcharran.fr\/?tribe_events=le-rendez-vous-des-benevoles#breadcrumb\",\"itemListElement\":[{\"@type\":\"ListItem\",\"position\":1,\"name\":\"Accueil\",\"item\":\"https:\/\/mptpetitcharran.fr\/\"},{\"@type\":\"ListItem\",\"position\":2,\"name\":\"\u00c9v\u00e8nements\",\"item\":\"https:\/\/mptpetitcharran.fr\/?post_type=tribe_events\"},{\"@type\":\"ListItem\",\"position\":3,\"name\":\"Le rendez-vous des b\u00e9n\u00e9voles\"}]},{\"@type\":\"WebSite\",\"@id\":\"https:\/\/mptpetitcharran.fr\/#website\",\"url\":\"https:\/\/mptpetitcharran.fr\/\",\"name\":\"Maison pour tous du Petit charran\",\"description\":\"\",\"publisher\":{\"@id\":\"https:\/\/mptpetitcharran.fr\/#organization\"},\"potentialAction\":[{\"@type\":\"SearchAction\",\"target\":{\"@type\":\"EntryPoint\",\"urlTemplate\":\"https:\/\/mptpetitcharran.fr\/?s={search_term_string}\"},\"query-input\":{\"@type\":\"PropertyValueSpecification\",\"valueRequired\":true,\"valueName\":\"search_term_string\"}}],\"inLanguage\":\"fr-FR\"},{\"@type\":\"Organization\",\"@id\":\"https:\/\/mptpetitcharran.fr\/#organization\",\"name\":\"Maison pour tous du Petit charran\",\"url\":\"https:\/\/mptpetitcharran.fr\/\",\"logo\":{\"@type\":\"ImageObject\",\"inLanguage\":\"fr-FR\",\"@id\":\"https:\/\/mptpetitcharran.fr\/#\/schema\/logo\/image\/\",\"url\":\"http:\/\/mptpetitcharran.fr\/wp-content\/uploads\/2023\/07\/cropped-logo_mptpc.jpg\",\"contentUrl\":\"http:\/\/mptpetitcharran.fr\/wp-content\/uploads\/2023\/07\/cropped-logo_mptpc.jpg\",\"width\":532,\"height\":529,\"caption\":\"Maison pour tous du Petit charran\"},\"image\":{\"@id\":\"https:\/\/mptpetitcharran.fr\/#\/schema\/logo\/image\/\"},\"sameAs\":[\"https:\/\/www.facebook.com\/mptpetitcharran\",\"https:\/\/www.instagram.com\/mptpetitcharran\/\"]}]}<\/script>\n<!-- \/ Yoast SEO plugin. -->","yoast_head_json":{"title":"Le rendez-vous des b\u00e9n\u00e9voles - Maison pour tous du Petit charran","description":"Participe au Rendez-vous des B\u00e9n\u00e9voles le 1er octobre \u00e0 la MPT du Petit Charran. Un moment convivial pour \u00e9changer, partager et d\u00e9couvrir le b\u00e9n\u00e9volat autour d'un repas partag\u00e9 !","robots":{"index":"index","follow":"follow","max-snippet":"max-snippet:-1","max-image-preview":"max-image-preview:large","max-video-preview":"max-video-preview:-1"},"canonical":"https:\/\/mptpetitcharran.fr\/?tribe_events=le-rendez-vous-des-benevoles","og_locale":"fr_FR","og_type":"article","og_title":"Le rendez-vous des b\u00e9n\u00e9voles - Maison pour tous du Petit charran","og_description":"Participe au Rendez-vous des B\u00e9n\u00e9voles le 1er octobre \u00e0 la MPT du Petit Charran. Un moment convivial pour \u00e9changer, partager et d\u00e9couvrir le b\u00e9n\u00e9volat autour d'un repas partag\u00e9 !","og_url":"https:\/\/mptpetitcharran.fr\/?tribe_events=le-rendez-vous-des-benevoles","og_site_name":"Maison pour tous du Petit charran","article_publisher":"https:\/\/www.facebook.com\/mptpetitcharran","og_image":[{"width":1414,"height":2000,"url":"https:\/\/mptpetitcharran.fr\/wp-content\/uploads\/2024\/09\/Le-rendez-vous-des-benevoles.png","type":"image\/png"}],"twitter_card":"summary_large_image","twitter_misc":{"Dur\u00e9e de lecture estim\u00e9e":"1 minute"},"schema":{"@context":"https:\/\/schema.org","@graph":[{"@type":"WebPage","@id":"https:\/\/mptpetitcharran.fr\/?tribe_events=le-rendez-vous-des-benevoles","url":"https:\/\/mptpetitcharran.fr\/?tribe_events=le-rendez-vous-des-benevoles","name":"Le rendez-vous des b\u00e9n\u00e9voles - Maison pour tous du Petit charran","isPartOf":{"@id":"https:\/\/mptpetitcharran.fr\/#website"},"primaryImageOfPage":{"@id":"https:\/\/mptpetitcharran.fr\/?tribe_events=le-rendez-vous-des-benevoles#primaryimage"},"image":{"@id":"https:\/\/mptpetitcharran.fr\/?tribe_events=le-rendez-vous-des-benevoles#primaryimage"},"thumbnailUrl":"https:\/\/mptpetitcharran.fr\/wp-content\/uploads\/2024\/09\/Le-rendez-vous-des-benevoles.png","datePublished":"2024-09-23T10:02:10+00:00","description":"Participe au Rendez-vous des B\u00e9n\u00e9voles le 1er octobre \u00e0 la MPT du Petit Charran. Un moment convivial pour \u00e9changer, partager et d\u00e9couvrir le b\u00e9n\u00e9volat autour d'un repas partag\u00e9 !","breadcrumb":{"@id":"https:\/\/mptpetitcharran.fr\/?tribe_events=le-rendez-vous-des-benevoles#breadcrumb"},"inLanguage":"fr-FR","potentialAction":[{"@type":"ReadAction","target":["https:\/\/mptpetitcharran.fr\/?tribe_events=le-rendez-vous-des-benevoles"]}]},{"@type":"ImageObject","inLanguage":"fr-FR","@id":"https:\/\/mptpetitcharran.fr\/?tribe_events=le-rendez-vous-des-benevoles#primaryimage","url":"https:\/\/mptpetitcharran.fr\/wp-content\/uploads\/2024\/09\/Le-rendez-vous-des-benevoles.png","contentUrl":"https:\/\/mptpetitcharran.fr\/wp-content\/uploads\/2024\/09\/Le-rendez-vous-des-benevoles.png","width":1414,"height":2000},{"@type":"BreadcrumbList","@id":"https:\/\/mptpetitcharran.fr\/?tribe_events=le-rendez-vous-des-benevoles#breadcrumb","itemListElement":[{"@type":"ListItem","position":1,"name":"Accueil","item":"https:\/\/mptpetitcharran.fr\/"},{"@type":"ListItem","position":2,"name":"\u00c9v\u00e8nements","item":"https:\/\/mptpetitcharran.fr\/?post_type=tribe_events"},{"@type":"ListItem","position":3,"name":"Le rendez-vous des b\u00e9n\u00e9voles"}]},{"@type":"WebSite","@id":"https:\/\/mptpetitcharran.fr\/#website","url":"https:\/\/mptpetitcharran.fr\/","name":"Maison pour tous du Petit charran","description":"","publisher":{"@id":"https:\/\/mptpetitcharran.fr\/#organization"},"potentialAction":[{"@type":"SearchAction","target":{"@type":"EntryPoint","urlTemplate":"https:\/\/mptpetitcharran.fr\/?s={search_term_string}"},"query-input":{"@type":"PropertyValueSpecification","valueRequired":true,"valueName":"search_term_string"}}],"inLanguage":"fr-FR"},{"@type":"Organization","@id":"https:\/\/mptpetitcharran.fr\/#organization","name":"Maison pour tous du Petit charran","url":"https:\/\/mptpetitcharran.fr\/","logo":{"@type":"ImageObject","inLanguage":"fr-FR","@id":"https:\/\/mptpetitcharran.fr\/#\/schema\/logo\/image\/","url":"http:\/\/mptpetitcharran.fr\/wp-content\/uploads\/2023\/07\/cropped-logo_mptpc.jpg","contentUrl":"http:\/\/mptpetitcharran.fr\/wp-content\/uploads\/2023\/07\/cropped-logo_mptpc.jpg","width":532,"height":529,"caption":"Maison pour tous du Petit charran"},"image":{"@id":"https:\/\/mptpetitcharran.fr\/#\/schema\/logo\/image\/"},"sameAs":["https:\/\/www.facebook.com\/mptpetitcharran","https:\/\/www.instagram.com\/mptpetitcharran\/"]}]}},"publishpress_future_workflow_manual_trigger":{"enabledWorkflows":[]},"_links":{"self":[{"href":"https:\/\/mptpetitcharran.fr\/index.php?rest_route=\/wp\/v2\/tribe_events\/5886","targetHints":{"allow":["GET"]}}],"collection":[{"href":"https:\/\/mptpetitcharran.fr\/index.php?rest_route=\/wp\/v2\/tribe_events"}],"about":[{"href":"https:\/\/mptpetitcharran.fr\/index.php?rest_route=\/wp\/v2\/types\/tribe_events"}],"author":[{"embeddable":true,"href":"https:\/\/mptpetitcharran.fr\/index.php?rest_route=\/wp\/v2\/users\/1"}],"version-history":[{"count":1,"href":"https:\/\/mptpetitcharran.fr\/index.php?rest_route=\/wp\/v2\/tribe_events\/5886\/revisions"}],"predecessor-version":[{"id":5888,"href":"https:\/\/mptpetitcharran.fr\/index.php?rest_route=\/wp\/v2\/tribe_events\/5886\/revisions\/5888"}],"wp:featuredmedia":[{"embeddable":true,"href":"https:\/\/mptpetitcharran.fr\/index.php?rest_route=\/wp\/v2\/media\/5887"}],"wp:attachment":[{"href":"https:\/\/mptpetitcharran.fr\/index.php?rest_route=%2Fwp%2Fv2%2Fmedia&parent=5886"}],"wp:term":[{"taxonomy":"post_tag","embeddable":true,"href":"https:\/\/mptpetitcharran.fr\/index.php?rest_route=%2Fwp%2Fv2%2Ftags&post=5886"},{"taxonomy":"tribe_events_cat","embeddable":true,"href":"https:\/\/mptpetitcharran.fr\/index.php?rest_route=%2Fwp%2Fv2%2Ftribe_events_cat&post=5886"}],"curies":[{"name":"wp","href":"https:\/\/api.w.org\/{rel}","templated":true}]}}

Le rendez-vous des bénévoles

<p>🎉 <strong>Rendez-vous des Bénévoles</strong> 🎉</p>
<p>Tu souhaites t&rsquo;impliquer dans la vie de quartier et rencontrer d&rsquo;autres personnes engagées ? Nous avons le plaisir de t&rsquo;inviter à un moment convivial <strong>le mardi 1er octobre à 18h</strong> à la MPT du Petit Charran !</p>
<p>🤝 Au programme : échanges, rires, et découvertes autour d’un <strong>repas partagé</strong> ! Chacun apporte un plat salé, on s’occupe des boissons 🍽️. Si tu n&rsquo;es pas encore bénévole, c’est l&rsquo;occasion idéale pour nous rejoindre et en apprendre plus !</p>
<p>📅 <strong>Quand ?</strong> Mardi 1er octobre à 18h<br />
📍 <strong>Où ?</strong> MPT du Petit Charran</p>
<p>On t’attend avec impatience ! 🙌</p>

<p>🎉 Rendez-vous des Bénévoles 🎉 Tu souhaites t&rsquo;impliquer dans la vie de quartier et rencontrer d&rsquo;autres personnes engagées ? Nous avons le plaisir de t&rsquo;inviter à un moment convivial le &hellip; <a href="https://mptpetitcharran.fr/?tribe_events=le-rendez-vous-des-benevoles" class="more-link">Continue reading <span class="screen-reader-text">Le rendez-vous des bénévoles</span> <span class="meta-nav">&rarr;</span></a></p>

<!-- This site is optimized with the Yoast SEO plugin v27.0 - https://yoast.com/product/yoast-seo-wordpress/ -->
<title>Le rendez-vous des bénévoles - Maison pour tous du Petit charran</title>
<meta name="description" content="Participe au Rendez-vous des Bénévoles le 1er octobre à la MPT du Petit Charran. Un moment convivial pour échanger, partager et découvrir le bénévolat autour d&#039;un repas partagé !" />
<meta name="robots" content="index, follow, max-snippet:-1, max-image-preview:large, max-video-preview:-1" />
<link rel="canonical" href="https://mptpetitcharran.fr/?tribe_events=le-rendez-vous-des-benevoles" />
<meta property="og:locale" content="fr_FR" />
<meta property="og:type" content="article" />
<meta property="og:title" content="Le rendez-vous des bénévoles - Maison pour tous du Petit charran" />
<meta property="og:description" content="Participe au Rendez-vous des Bénévoles le 1er octobre à la MPT du Petit Charran. Un moment convivial pour échanger, partager et découvrir le bénévolat autour d&#039;un repas partagé !" />
<meta property="og:url" content="https://mptpetitcharran.fr/?tribe_events=le-rendez-vous-des-benevoles" />
<meta property="og:site_name" content="Maison pour tous du Petit charran" />
<meta property="article:publisher" content="https://www.facebook.com/mptpetitcharran" />
<meta property="og:image" content="https://mptpetitcharran.fr/wp-content/uploads/2024/09/Le-rendez-vous-des-benevoles.png" />
	<meta property="og:image:width" content="1414" />
	<meta property="og:image:height" content="2000" />
	<meta property="og:image:type" content="image/png" />
<meta name="twitter:card" content="summary_large_image" />
<meta name="twitter:label1" content="Durée de lecture estimée" />
	<meta name="twitter:data1" content="1 minute" />
<script type="application/ld+json" class="yoast-schema-graph">{"@context":"https://schema.org","@graph":[{"@type":"WebPage","@id":"https://mptpetitcharran.fr/?tribe_events=le-rendez-vous-des-benevoles","url":"https://mptpetitcharran.fr/?tribe_events=le-rendez-vous-des-benevoles","name":"Le rendez-vous des bénévoles - Maison pour tous du Petit charran","isPartOf":{"@id":"https://mptpetitcharran.fr/#website"},"primaryImageOfPage":{"@id":"https://mptpetitcharran.fr/?tribe_events=le-rendez-vous-des-benevoles#primaryimage"},"image":{"@id":"https://mptpetitcharran.fr/?tribe_events=le-rendez-vous-des-benevoles#primaryimage"},"thumbnailUrl":"https://mptpetitcharran.fr/wp-content/uploads/2024/09/Le-rendez-vous-des-benevoles.png","datePublished":"2024-09-23T10:02:10+00:00","description":"Participe au Rendez-vous des Bénévoles le 1er octobre à la MPT du Petit Charran. Un moment convivial pour échanger, partager et découvrir le bénévolat autour d'un repas partagé !","breadcrumb":{"@id":"https://mptpetitcharran.fr/?tribe_events=le-rendez-vous-des-benevoles#breadcrumb"},"inLanguage":"fr-FR","potentialAction":[{"@type":"ReadAction","target":["https://mptpetitcharran.fr/?tribe_events=le-rendez-vous-des-benevoles"]}]},{"@type":"ImageObject","inLanguage":"fr-FR","@id":"https://mptpetitcharran.fr/?tribe_events=le-rendez-vous-des-benevoles#primaryimage","url":"https://mptpetitcharran.fr/wp-content/uploads/2024/09/Le-rendez-vous-des-benevoles.png","contentUrl":"https://mptpetitcharran.fr/wp-content/uploads/2024/09/Le-rendez-vous-des-benevoles.png","width":1414,"height":2000},{"@type":"BreadcrumbList","@id":"https://mptpetitcharran.fr/?tribe_events=le-rendez-vous-des-benevoles#breadcrumb","itemListElement":[{"@type":"ListItem","position":1,"name":"Accueil","item":"https://mptpetitcharran.fr/"},{"@type":"ListItem","position":2,"name":"Évènements","item":"https://mptpetitcharran.fr/?post_type=tribe_events"},{"@type":"ListItem","position":3,"name":"Le rendez-vous des bénévoles"}]},{"@type":"WebSite","@id":"https://mptpetitcharran.fr/#website","url":"https://mptpetitcharran.fr/","name":"Maison pour tous du Petit charran","description":"","publisher":{"@id":"https://mptpetitcharran.fr/#organization"},"potentialAction":[{"@type":"SearchAction","target":{"@type":"EntryPoint","urlTemplate":"https://mptpetitcharran.fr/?s={search_term_string}"},"query-input":{"@type":"PropertyValueSpecification","valueRequired":true,"valueName":"search_term_string"}}],"inLanguage":"fr-FR"},{"@type":"Organization","@id":"https://mptpetitcharran.fr/#organization","name":"Maison pour tous du Petit charran","url":"https://mptpetitcharran.fr/","logo":{"@type":"ImageObject","inLanguage":"fr-FR","@id":"https://mptpetitcharran.fr/#/schema/logo/image/","url":"http://mptpetitcharran.fr/wp-content/uploads/2023/07/cropped-logo_mptpc.jpg","contentUrl":"http://mptpetitcharran.fr/wp-content/uploads/2023/07/cropped-logo_mptpc.jpg","width":532,"height":529,"caption":"Maison pour tous du Petit charran"},"image":{"@id":"https://mptpetitcharran.fr/#/schema/logo/image/"},"sameAs":["https://www.facebook.com/mptpetitcharran","https://www.instagram.com/mptpetitcharran/"]}]}</script>
<!-- / Yoast SEO plugin. -->

Le rendez-vous des bénévoles - Maison pour tous du Petit charran

Participe au Rendez-vous des Bénévoles le 1er octobre à la MPT du Petit Charran. Un moment convivial pour échanger, partager et découvrir le bénévolat autour d'un repas partagé !

Évènements
