{"id":5858,"date":"2024-09-17T13:48:13","date_gmt":"2024-09-17T12:48:13","guid":{"rendered":"https:\/\/mptpetitcharran.fr\/?post_type=tribe_events&#038;p=5858"},"modified":"2024-09-17T13:57:54","modified_gmt":"2024-09-17T12:57:54","slug":"atelier-cuisine","status":"publish","type":"tribe_events","link":"https:\/\/mptpetitcharran.fr\/?tribe_events=atelier-cuisine","title":{"rendered":"Atelier cuisine"},"content":{"rendered":"<p><strong>Atelier Cuisine : Cr\u00e9ez, Cuisinez, Partagez !<\/strong> \ud83c\udf0d<\/p>\n<p>Le samedi <strong>28 septembre de 10h \u00e0 14h<\/strong>, rejoignez-nous pour un moment convivial et gourmand ! Apprenez \u00e0 pr\u00e9parer un d\u00e9licieux plat guin\u00e9en, le <strong>Lafidi<\/strong>, suivi d&rsquo;un dessert \u00e0 base de fruits de saison. \ud83d\ude0b<\/p>\n<p>\ud83d\udecd\ufe0f <strong>Apportez votre propre contenant<\/strong> (tupperware, bocal, etc.) pour emporter vos cr\u00e9ations chez vous.<\/p>\n<p>\ud83d\udcc5 <strong>Infos &amp; Inscriptions<\/strong> :<br \/>\n\ud83d\udcde Mathieu Crochet : 06.58.15.57.58<br \/>\n\ud83d\udce7 <a rel=\"noopener\">jeunesse@mptpetitcharran.org<\/a><br \/>\n\ud83d\udcf2 Insta : @pdnpetitcharran<\/p>\n<p>\ud83d\udccc <strong>Places limit\u00e9es<\/strong>, alors inscrivez-vous avant le <strong>26 septembre<\/strong> !<br \/>\n\ud83c\udf9f <strong>Tarif<\/strong> : Adh\u00e9sion \u00e0 la MPT Petit Charran uniquement.<\/p>\n<p>C&rsquo;est l&rsquo;occasion parfaite de d\u00e9couvrir de nouvelles saveurs, alors venez nombreux !<\/p>\n","protected":false},"excerpt":{"rendered":"<p>Atelier Cuisine : Cr\u00e9ez, Cuisinez, Partagez ! \ud83c\udf0d Le samedi 28 septembre de 10h \u00e0 14h, rejoignez-nous pour un moment convivial et gourmand ! Apprenez \u00e0 pr\u00e9parer un d\u00e9licieux plat &hellip; <a href=\"https:\/\/mptpetitcharran.fr\/?tribe_events=atelier-cuisine\" class=\"more-link\">Continue reading <span class=\"screen-reader-text\">Atelier cuisine<\/span> <span class=\"meta-nav\">&rarr;<\/span><\/a><\/p>\n","protected":false},"author":1,"featured_media":5859,"template":"","meta":{"_tribe_events_status":"","_tribe_events_status_reason":"","footnotes":""},"tags":[],"tribe_events_cat":[],"class_list":["post-5858","tribe_events","type-tribe_events","status-publish","has-post-thumbnail","hentry"],"yoast_head":"<!-- This site is optimized with the Yoast SEO plugin v27.0 - https:\/\/yoast.com\/product\/yoast-seo-wordpress\/ -->\n<title>Atelier cuisine - Maison pour tous du Petit charran<\/title>\n<meta name=\"description\" content=\"Participez \u00e0 l&#039;atelier cuisine de la MPT Petit Charran le samedi 28 septembre de 10h \u00e0 14h. Apprenez \u00e0 pr\u00e9parer un plat guin\u00e9en et un dessert de saison. Places limit\u00e9es, inscription avant le 26\/09.\" \/>\n<meta name=\"robots\" content=\"index, follow, max-snippet:-1, max-image-preview:large, max-video-preview:-1\" \/>\n<link rel=\"canonical\" href=\"https:\/\/mptpetitcharran.fr\/?tribe_events=atelier-cuisine\" \/>\n<meta property=\"og:locale\" content=\"fr_FR\" \/>\n<meta property=\"og:type\" content=\"article\" \/>\n<meta property=\"og:title\" content=\"Atelier cuisine - Maison pour tous du Petit charran\" \/>\n<meta property=\"og:description\" content=\"Participez \u00e0 l&#039;atelier cuisine de la MPT Petit Charran le samedi 28 septembre de 10h \u00e0 14h. Apprenez \u00e0 pr\u00e9parer un plat guin\u00e9en et un dessert de saison. Places limit\u00e9es, inscription avant le 26\/09.\" \/>\n<meta property=\"og:url\" content=\"https:\/\/mptpetitcharran.fr\/?tribe_events=atelier-cuisine\" \/>\n<meta property=\"og:site_name\" content=\"Maison pour tous du Petit charran\" \/>\n<meta property=\"article:publisher\" content=\"https:\/\/www.facebook.com\/mptpetitcharran\" \/>\n<meta property=\"article:modified_time\" content=\"2024-09-17T12:57:54+00:00\" \/>\n<meta property=\"og:image\" content=\"https:\/\/mptpetitcharran.fr\/wp-content\/uploads\/2024\/09\/Atelier-cuisine1.png\" \/>\n\t<meta property=\"og:image:width\" content=\"1414\" \/>\n\t<meta property=\"og:image:height\" content=\"2000\" \/>\n\t<meta property=\"og:image:type\" content=\"image\/png\" \/>\n<meta name=\"twitter:card\" content=\"summary_large_image\" \/>\n<meta name=\"twitter:label1\" content=\"Dur\u00e9e de lecture estim\u00e9e\" \/>\n\t<meta name=\"twitter:data1\" content=\"1 minute\" \/>\n<script type=\"application\/ld+json\" class=\"yoast-schema-graph\">{\"@context\":\"https:\/\/schema.org\",\"@graph\":[{\"@type\":\"WebPage\",\"@id\":\"https:\/\/mptpetitcharran.fr\/?tribe_events=atelier-cuisine\",\"url\":\"https:\/\/mptpetitcharran.fr\/?tribe_events=atelier-cuisine\",\"name\":\"Atelier cuisine - Maison pour tous du Petit charran\",\"isPartOf\":{\"@id\":\"https:\/\/mptpetitcharran.fr\/#website\"},\"primaryImageOfPage\":{\"@id\":\"https:\/\/mptpetitcharran.fr\/?tribe_events=atelier-cuisine#primaryimage\"},\"image\":{\"@id\":\"https:\/\/mptpetitcharran.fr\/?tribe_events=atelier-cuisine#primaryimage\"},\"thumbnailUrl\":\"https:\/\/mptpetitcharran.fr\/wp-content\/uploads\/2024\/09\/Atelier-cuisine1.png\",\"datePublished\":\"2024-09-17T12:48:13+00:00\",\"dateModified\":\"2024-09-17T12:57:54+00:00\",\"description\":\"Participez \u00e0 l'atelier cuisine de la MPT Petit Charran le samedi 28 septembre de 10h \u00e0 14h. Apprenez \u00e0 pr\u00e9parer un plat guin\u00e9en et un dessert de saison. Places limit\u00e9es, inscription avant le 26\/09.\",\"breadcrumb\":{\"@id\":\"https:\/\/mptpetitcharran.fr\/?tribe_events=atelier-cuisine#breadcrumb\"},\"inLanguage\":\"fr-FR\",\"potentialAction\":[{\"@type\":\"ReadAction\",\"target\":[\"https:\/\/mptpetitcharran.fr\/?tribe_events=atelier-cuisine\"]}]},{\"@type\":\"ImageObject\",\"inLanguage\":\"fr-FR\",\"@id\":\"https:\/\/mptpetitcharran.fr\/?tribe_events=atelier-cuisine#primaryimage\",\"url\":\"https:\/\/mptpetitcharran.fr\/wp-content\/uploads\/2024\/09\/Atelier-cuisine1.png\",\"contentUrl\":\"https:\/\/mptpetitcharran.fr\/wp-content\/uploads\/2024\/09\/Atelier-cuisine1.png\",\"width\":1414,\"height\":2000},{\"@type\":\"BreadcrumbList\",\"@id\":\"https:\/\/mptpetitcharran.fr\/?tribe_events=atelier-cuisine#breadcrumb\",\"itemListElement\":[{\"@type\":\"ListItem\",\"position\":1,\"name\":\"Accueil\",\"item\":\"https:\/\/mptpetitcharran.fr\/\"},{\"@type\":\"ListItem\",\"position\":2,\"name\":\"\u00c9v\u00e8nements\",\"item\":\"https:\/\/mptpetitcharran.fr\/?post_type=tribe_events\"},{\"@type\":\"ListItem\",\"position\":3,\"name\":\"Atelier cuisine\"}]},{\"@type\":\"WebSite\",\"@id\":\"https:\/\/mptpetitcharran.fr\/#website\",\"url\":\"https:\/\/mptpetitcharran.fr\/\",\"name\":\"Maison pour tous du Petit charran\",\"description\":\"\",\"publisher\":{\"@id\":\"https:\/\/mptpetitcharran.fr\/#organization\"},\"potentialAction\":[{\"@type\":\"SearchAction\",\"target\":{\"@type\":\"EntryPoint\",\"urlTemplate\":\"https:\/\/mptpetitcharran.fr\/?s={search_term_string}\"},\"query-input\":{\"@type\":\"PropertyValueSpecification\",\"valueRequired\":true,\"valueName\":\"search_term_string\"}}],\"inLanguage\":\"fr-FR\"},{\"@type\":\"Organization\",\"@id\":\"https:\/\/mptpetitcharran.fr\/#organization\",\"name\":\"Maison pour tous du Petit charran\",\"url\":\"https:\/\/mptpetitcharran.fr\/\",\"logo\":{\"@type\":\"ImageObject\",\"inLanguage\":\"fr-FR\",\"@id\":\"https:\/\/mptpetitcharran.fr\/#\/schema\/logo\/image\/\",\"url\":\"http:\/\/mptpetitcharran.fr\/wp-content\/uploads\/2023\/07\/cropped-logo_mptpc.jpg\",\"contentUrl\":\"http:\/\/mptpetitcharran.fr\/wp-content\/uploads\/2023\/07\/cropped-logo_mptpc.jpg\",\"width\":532,\"height\":529,\"caption\":\"Maison pour tous du Petit charran\"},\"image\":{\"@id\":\"https:\/\/mptpetitcharran.fr\/#\/schema\/logo\/image\/\"},\"sameAs\":[\"https:\/\/www.facebook.com\/mptpetitcharran\",\"https:\/\/www.instagram.com\/mptpetitcharran\/\"]}]}<\/script>\n<!-- \/ Yoast SEO plugin. -->","yoast_head_json":{"title":"Atelier cuisine - Maison pour tous du Petit charran","description":"Participez \u00e0 l'atelier cuisine de la MPT Petit Charran le samedi 28 septembre de 10h \u00e0 14h. Apprenez \u00e0 pr\u00e9parer un plat guin\u00e9en et un dessert de saison. Places limit\u00e9es, inscription avant le 26\/09.","robots":{"index":"index","follow":"follow","max-snippet":"max-snippet:-1","max-image-preview":"max-image-preview:large","max-video-preview":"max-video-preview:-1"},"canonical":"https:\/\/mptpetitcharran.fr\/?tribe_events=atelier-cuisine","og_locale":"fr_FR","og_type":"article","og_title":"Atelier cuisine - Maison pour tous du Petit charran","og_description":"Participez \u00e0 l'atelier cuisine de la MPT Petit Charran le samedi 28 septembre de 10h \u00e0 14h. Apprenez \u00e0 pr\u00e9parer un plat guin\u00e9en et un dessert de saison. Places limit\u00e9es, inscription avant le 26\/09.","og_url":"https:\/\/mptpetitcharran.fr\/?tribe_events=atelier-cuisine","og_site_name":"Maison pour tous du Petit charran","article_publisher":"https:\/\/www.facebook.com\/mptpetitcharran","article_modified_time":"2024-09-17T12:57:54+00:00","og_image":[{"width":1414,"height":2000,"url":"https:\/\/mptpetitcharran.fr\/wp-content\/uploads\/2024\/09\/Atelier-cuisine1.png","type":"image\/png"}],"twitter_card":"summary_large_image","twitter_misc":{"Dur\u00e9e de lecture estim\u00e9e":"1 minute"},"schema":{"@context":"https:\/\/schema.org","@graph":[{"@type":"WebPage","@id":"https:\/\/mptpetitcharran.fr\/?tribe_events=atelier-cuisine","url":"https:\/\/mptpetitcharran.fr\/?tribe_events=atelier-cuisine","name":"Atelier cuisine - Maison pour tous du Petit charran","isPartOf":{"@id":"https:\/\/mptpetitcharran.fr\/#website"},"primaryImageOfPage":{"@id":"https:\/\/mptpetitcharran.fr\/?tribe_events=atelier-cuisine#primaryimage"},"image":{"@id":"https:\/\/mptpetitcharran.fr\/?tribe_events=atelier-cuisine#primaryimage"},"thumbnailUrl":"https:\/\/mptpetitcharran.fr\/wp-content\/uploads\/2024\/09\/Atelier-cuisine1.png","datePublished":"2024-09-17T12:48:13+00:00","dateModified":"2024-09-17T12:57:54+00:00","description":"Participez \u00e0 l'atelier cuisine de la MPT Petit Charran le samedi 28 septembre de 10h \u00e0 14h. Apprenez \u00e0 pr\u00e9parer un plat guin\u00e9en et un dessert de saison. Places limit\u00e9es, inscription avant le 26\/09.","breadcrumb":{"@id":"https:\/\/mptpetitcharran.fr\/?tribe_events=atelier-cuisine#breadcrumb"},"inLanguage":"fr-FR","potentialAction":[{"@type":"ReadAction","target":["https:\/\/mptpetitcharran.fr\/?tribe_events=atelier-cuisine"]}]},{"@type":"ImageObject","inLanguage":"fr-FR","@id":"https:\/\/mptpetitcharran.fr\/?tribe_events=atelier-cuisine#primaryimage","url":"https:\/\/mptpetitcharran.fr\/wp-content\/uploads\/2024\/09\/Atelier-cuisine1.png","contentUrl":"https:\/\/mptpetitcharran.fr\/wp-content\/uploads\/2024\/09\/Atelier-cuisine1.png","width":1414,"height":2000},{"@type":"BreadcrumbList","@id":"https:\/\/mptpetitcharran.fr\/?tribe_events=atelier-cuisine#breadcrumb","itemListElement":[{"@type":"ListItem","position":1,"name":"Accueil","item":"https:\/\/mptpetitcharran.fr\/"},{"@type":"ListItem","position":2,"name":"\u00c9v\u00e8nements","item":"https:\/\/mptpetitcharran.fr\/?post_type=tribe_events"},{"@type":"ListItem","position":3,"name":"Atelier cuisine"}]},{"@type":"WebSite","@id":"https:\/\/mptpetitcharran.fr\/#website","url":"https:\/\/mptpetitcharran.fr\/","name":"Maison pour tous du Petit charran","description":"","publisher":{"@id":"https:\/\/mptpetitcharran.fr\/#organization"},"potentialAction":[{"@type":"SearchAction","target":{"@type":"EntryPoint","urlTemplate":"https:\/\/mptpetitcharran.fr\/?s={search_term_string}"},"query-input":{"@type":"PropertyValueSpecification","valueRequired":true,"valueName":"search_term_string"}}],"inLanguage":"fr-FR"},{"@type":"Organization","@id":"https:\/\/mptpetitcharran.fr\/#organization","name":"Maison pour tous du Petit charran","url":"https:\/\/mptpetitcharran.fr\/","logo":{"@type":"ImageObject","inLanguage":"fr-FR","@id":"https:\/\/mptpetitcharran.fr\/#\/schema\/logo\/image\/","url":"http:\/\/mptpetitcharran.fr\/wp-content\/uploads\/2023\/07\/cropped-logo_mptpc.jpg","contentUrl":"http:\/\/mptpetitcharran.fr\/wp-content\/uploads\/2023\/07\/cropped-logo_mptpc.jpg","width":532,"height":529,"caption":"Maison pour tous du Petit charran"},"image":{"@id":"https:\/\/mptpetitcharran.fr\/#\/schema\/logo\/image\/"},"sameAs":["https:\/\/www.facebook.com\/mptpetitcharran","https:\/\/www.instagram.com\/mptpetitcharran\/"]}]}},"publishpress_future_workflow_manual_trigger":{"enabledWorkflows":[]},"_links":{"self":[{"href":"https:\/\/mptpetitcharran.fr\/index.php?rest_route=\/wp\/v2\/tribe_events\/5858","targetHints":{"allow":["GET"]}}],"collection":[{"href":"https:\/\/mptpetitcharran.fr\/index.php?rest_route=\/wp\/v2\/tribe_events"}],"about":[{"href":"https:\/\/mptpetitcharran.fr\/index.php?rest_route=\/wp\/v2\/types\/tribe_events"}],"author":[{"embeddable":true,"href":"https:\/\/mptpetitcharran.fr\/index.php?rest_route=\/wp\/v2\/users\/1"}],"version-history":[{"count":1,"href":"https:\/\/mptpetitcharran.fr\/index.php?rest_route=\/wp\/v2\/tribe_events\/5858\/revisions"}],"predecessor-version":[{"id":5860,"href":"https:\/\/mptpetitcharran.fr\/index.php?rest_route=\/wp\/v2\/tribe_events\/5858\/revisions\/5860"}],"wp:featuredmedia":[{"embeddable":true,"href":"https:\/\/mptpetitcharran.fr\/index.php?rest_route=\/wp\/v2\/media\/5859"}],"wp:attachment":[{"href":"https:\/\/mptpetitcharran.fr\/index.php?rest_route=%2Fwp%2Fv2%2Fmedia&parent=5858"}],"wp:term":[{"taxonomy":"post_tag","embeddable":true,"href":"https:\/\/mptpetitcharran.fr\/index.php?rest_route=%2Fwp%2Fv2%2Ftags&post=5858"},{"taxonomy":"tribe_events_cat","embeddable":true,"href":"https:\/\/mptpetitcharran.fr\/index.php?rest_route=%2Fwp%2Fv2%2Ftribe_events_cat&post=5858"}],"curies":[{"name":"wp","href":"https:\/\/api.w.org\/{rel}","templated":true}]}}

<p><strong>Atelier Cuisine : Créez, Cuisinez, Partagez !</strong> 🌍</p>
<p>Le samedi <strong>28 septembre de 10h à 14h</strong>, rejoignez-nous pour un moment convivial et gourmand ! Apprenez à préparer un délicieux plat guinéen, le <strong>Lafidi</strong>, suivi d&rsquo;un dessert à base de fruits de saison. 😋</p>
<p>🛍️ <strong>Apportez votre propre contenant</strong> (tupperware, bocal, etc.) pour emporter vos créations chez vous.</p>
<p>📅 <strong>Infos &amp; Inscriptions</strong> :<br />
📞 Mathieu Crochet : 06.58.15.57.58<br />
📧 <a rel="noopener">jeunesse@mptpetitcharran.org</a><br />
📲 Insta : @pdnpetitcharran</p>
<p>📌 <strong>Places limitées</strong>, alors inscrivez-vous avant le <strong>26 septembre</strong> !<br />
🎟 <strong>Tarif</strong> : Adhésion à la MPT Petit Charran uniquement.</p>
<p>C&rsquo;est l&rsquo;occasion parfaite de découvrir de nouvelles saveurs, alors venez nombreux !</p>

<p>Atelier Cuisine : Créez, Cuisinez, Partagez ! 🌍 Le samedi 28 septembre de 10h à 14h, rejoignez-nous pour un moment convivial et gourmand ! Apprenez à préparer un délicieux plat &hellip; <a href="https://mptpetitcharran.fr/?tribe_events=atelier-cuisine" class="more-link">Continue reading <span class="screen-reader-text">Atelier cuisine</span> <span class="meta-nav">&rarr;</span></a></p>

<!-- This site is optimized with the Yoast SEO plugin v27.0 - https://yoast.com/product/yoast-seo-wordpress/ -->
<title>Atelier cuisine - Maison pour tous du Petit charran</title>
<meta name="description" content="Participez à l&#039;atelier cuisine de la MPT Petit Charran le samedi 28 septembre de 10h à 14h. Apprenez à préparer un plat guinéen et un dessert de saison. Places limitées, inscription avant le 26/09." />
<meta name="robots" content="index, follow, max-snippet:-1, max-image-preview:large, max-video-preview:-1" />
<link rel="canonical" href="https://mptpetitcharran.fr/?tribe_events=atelier-cuisine" />
<meta property="og:locale" content="fr_FR" />
<meta property="og:type" content="article" />
<meta property="og:title" content="Atelier cuisine - Maison pour tous du Petit charran" />
<meta property="og:description" content="Participez à l&#039;atelier cuisine de la MPT Petit Charran le samedi 28 septembre de 10h à 14h. Apprenez à préparer un plat guinéen et un dessert de saison. Places limitées, inscription avant le 26/09." />
<meta property="og:url" content="https://mptpetitcharran.fr/?tribe_events=atelier-cuisine" />
<meta property="og:site_name" content="Maison pour tous du Petit charran" />
<meta property="article:publisher" content="https://www.facebook.com/mptpetitcharran" />
<meta property="article:modified_time" content="2024-09-17T12:57:54+00:00" />
<meta property="og:image" content="https://mptpetitcharran.fr/wp-content/uploads/2024/09/Atelier-cuisine1.png" />
	<meta property="og:image:width" content="1414" />
	<meta property="og:image:height" content="2000" />
	<meta property="og:image:type" content="image/png" />
<meta name="twitter:card" content="summary_large_image" />
<meta name="twitter:label1" content="Durée de lecture estimée" />
	<meta name="twitter:data1" content="1 minute" />
<script type="application/ld+json" class="yoast-schema-graph">{"@context":"https://schema.org","@graph":[{"@type":"WebPage","@id":"https://mptpetitcharran.fr/?tribe_events=atelier-cuisine","url":"https://mptpetitcharran.fr/?tribe_events=atelier-cuisine","name":"Atelier cuisine - Maison pour tous du Petit charran","isPartOf":{"@id":"https://mptpetitcharran.fr/#website"},"primaryImageOfPage":{"@id":"https://mptpetitcharran.fr/?tribe_events=atelier-cuisine#primaryimage"},"image":{"@id":"https://mptpetitcharran.fr/?tribe_events=atelier-cuisine#primaryimage"},"thumbnailUrl":"https://mptpetitcharran.fr/wp-content/uploads/2024/09/Atelier-cuisine1.png","datePublished":"2024-09-17T12:48:13+00:00","dateModified":"2024-09-17T12:57:54+00:00","description":"Participez à l'atelier cuisine de la MPT Petit Charran le samedi 28 septembre de 10h à 14h. Apprenez à préparer un plat guinéen et un dessert de saison. Places limitées, inscription avant le 26/09.","breadcrumb":{"@id":"https://mptpetitcharran.fr/?tribe_events=atelier-cuisine#breadcrumb"},"inLanguage":"fr-FR","potentialAction":[{"@type":"ReadAction","target":["https://mptpetitcharran.fr/?tribe_events=atelier-cuisine"]}]},{"@type":"ImageObject","inLanguage":"fr-FR","@id":"https://mptpetitcharran.fr/?tribe_events=atelier-cuisine#primaryimage","url":"https://mptpetitcharran.fr/wp-content/uploads/2024/09/Atelier-cuisine1.png","contentUrl":"https://mptpetitcharran.fr/wp-content/uploads/2024/09/Atelier-cuisine1.png","width":1414,"height":2000},{"@type":"BreadcrumbList","@id":"https://mptpetitcharran.fr/?tribe_events=atelier-cuisine#breadcrumb","itemListElement":[{"@type":"ListItem","position":1,"name":"Accueil","item":"https://mptpetitcharran.fr/"},{"@type":"ListItem","position":2,"name":"Évènements","item":"https://mptpetitcharran.fr/?post_type=tribe_events"},{"@type":"ListItem","position":3,"name":"Atelier cuisine"}]},{"@type":"WebSite","@id":"https://mptpetitcharran.fr/#website","url":"https://mptpetitcharran.fr/","name":"Maison pour tous du Petit charran","description":"","publisher":{"@id":"https://mptpetitcharran.fr/#organization"},"potentialAction":[{"@type":"SearchAction","target":{"@type":"EntryPoint","urlTemplate":"https://mptpetitcharran.fr/?s={search_term_string}"},"query-input":{"@type":"PropertyValueSpecification","valueRequired":true,"valueName":"search_term_string"}}],"inLanguage":"fr-FR"},{"@type":"Organization","@id":"https://mptpetitcharran.fr/#organization","name":"Maison pour tous du Petit charran","url":"https://mptpetitcharran.fr/","logo":{"@type":"ImageObject","inLanguage":"fr-FR","@id":"https://mptpetitcharran.fr/#/schema/logo/image/","url":"http://mptpetitcharran.fr/wp-content/uploads/2023/07/cropped-logo_mptpc.jpg","contentUrl":"http://mptpetitcharran.fr/wp-content/uploads/2023/07/cropped-logo_mptpc.jpg","width":532,"height":529,"caption":"Maison pour tous du Petit charran"},"image":{"@id":"https://mptpetitcharran.fr/#/schema/logo/image/"},"sameAs":["https://www.facebook.com/mptpetitcharran","https://www.instagram.com/mptpetitcharran/"]}]}</script>
<!-- / Yoast SEO plugin. -->

Participez à l'atelier cuisine de la MPT Petit Charran le samedi 28 septembre de 10h à 14h. Apprenez à préparer un plat guinéen et un dessert de saison. Places limitées, inscription avant le 26/09.

Évènements
