{"id":71,"date":"2019-06-04T08:53:35","date_gmt":"2019-06-04T08:53:35","guid":{"rendered":"https:\/\/mptpc.wordpress.com\/?page_id=41"},"modified":"2025-07-04T09:08:49","modified_gmt":"2025-07-04T08:08:49","slug":"au-petit-charran","status":"publish","type":"page","link":"https:\/\/mptpetitcharran.fr\/?page_id=71","title":{"rendered":"Au Petit Charran"},"content":{"rendered":"\n<div class=\"wp-block-media-text alignwide is-stacked-on-mobile has-background\" style=\"background-color:#f4f3ef\"><figure class=\"wp-block-media-text__media\"><img loading=\"lazy\" decoding=\"async\" width=\"1024\" height=\"768\" src=\"https:\/\/mptpetitcharran.fr\/wp-content\/uploads\/2021\/07\/evenement-1024x768.png\" alt=\"\" class=\"wp-image-3207 size-full\" srcset=\"https:\/\/mptpetitcharran.fr\/wp-content\/uploads\/2021\/07\/evenement-1024x768.png 1024w, https:\/\/mptpetitcharran.fr\/wp-content\/uploads\/2021\/07\/evenement-300x225.png 300w, https:\/\/mptpetitcharran.fr\/wp-content\/uploads\/2021\/07\/evenement-768x576.png 768w, https:\/\/mptpetitcharran.fr\/wp-content\/uploads\/2021\/07\/evenement-1536x1152.png 1536w, https:\/\/mptpetitcharran.fr\/wp-content\/uploads\/2021\/07\/evenement-2048x1536.png 2048w, https:\/\/mptpetitcharran.fr\/wp-content\/uploads\/2021\/07\/evenement-700x525.png 700w, https:\/\/mptpetitcharran.fr\/wp-content\/uploads\/2021\/07\/evenement-2000x1500.png 2000w, https:\/\/mptpetitcharran.fr\/wp-content\/uploads\/2021\/07\/evenement-533x400.png 533w\" sizes=\"auto, (max-width: 1024px) 100vw, 1024px\" \/><\/figure><div class=\"wp-block-media-text__content\">\n<p class=\"has-text-align-center has-large-font-size\"><strong>\u00c9v\u00e9nements pour toutes et tous<\/strong><\/p>\n\n\n\n<p><strong>GAMING TIME, FESTI&rsquo;SOL, F\u00caTE DE QUARTIER, SOUPE AMICALE ET AUTRES \u00c9V\u00c9NEMENTS<\/strong> initi\u00e9s ou non par la Maison Pour Tous. Des temps qui favorisent la rencontre et l\u2019\u00e9change sur des enjeux actuels (D\u00e9veloppement Durable, num\u00e9rique et jeux vid\u00e9o\u2026). Des \u00e9v\u00e9nements mis en place par des b\u00e9n\u00e9voles et salari\u00e9s.<\/p>\n<\/div><\/div>\n\n\n\n<div style=\"height:20px\" aria-hidden=\"true\" class=\"wp-block-spacer\"><\/div>\n\n\n\n<div class=\"wp-block-media-text alignwide is-stacked-on-mobile has-background\" style=\"background-color:#f4f3ef;grid-template-columns:52% auto\"><figure class=\"wp-block-media-text__media\"><img decoding=\"async\" src=\"https:\/\/mptpc.files.wordpress.com\/2019\/06\/crossword-eyeglasses-eyewear-53209.jpg?w=1024\" alt=\"\" class=\"wp-image-874 size-full\"\/><\/figure><div class=\"wp-block-media-text__content\">\n<p class=\"has-text-align-center has-large-font-size\"><strong>Journal du quartier :   \u00ab\u00a0Le Petit Charran Illustr\u00e9\u00a0\u00bb  <\/strong> <\/p>\n\n\n\n<p class=\"has-text-align-center\">Le journal du quartier du Petit Charran et son suppl\u00e9ment jeux, \u00e9dit\u00e9 par l&rsquo;association Maison Pour Tous du Petit Charran, \u00e0 raison de 3 parutions par an.<br>Vous pouvez rejoindre la commission ou proposer des articles.<\/p>\n\n\n\n<div class=\"wp-block-buttons is-horizontal is-content-justification-center is-layout-flex wp-container-core-buttons-is-layout-499968f5 wp-block-buttons-is-layout-flex\">\n<div class=\"wp-block-button\"><a class=\"wp-block-button__link has-white-color has-luminous-vivid-orange-background-color has-text-color has-background wp-element-button\" href=\"https:\/\/mptpetitcharran.fr\/wp-content\/uploads\/2025\/05\/JOURNAL-78_VF_NB.pdf\" target=\"_blank\" rel=\"noreferrer noopener\">Journal n\u00b078 JUIN 2025<\/a><\/div>\n\n\n\n<div class=\"wp-block-button\"><a class=\"wp-block-button__link has-white-color has-luminous-vivid-orange-background-color has-text-color has-background wp-element-button\" href=\"https:\/\/mptpetitcharran.fr\/wp-content\/uploads\/2025\/05\/JEU-78_VF_NB.pdf\" target=\"_blank\" rel=\"noreferrer noopener\">Journal Jeux n\u00b078 JUIN 2025<\/a><\/div>\n\n\n\n<div class=\"wp-block-button\"><a class=\"wp-block-button__link has-white-color has-luminous-vivid-orange-background-color has-text-color has-background wp-element-button\" href=\"https:\/\/mptpetitcharran.fr\/wp-content\/uploads\/2025\/05\/Solution_-78_VF_NB.pdf\">Solution mot crois\u00e9s <\/a><\/div>\n<\/div>\n\n\n\n<p><\/p>\n<\/div><\/div>\n\n\n\n<div style=\"height:20px\" aria-hidden=\"true\" class=\"wp-block-spacer\"><\/div>\n\n\n\n<div class=\"wp-block-media-text alignwide is-stacked-on-mobile has-background\" style=\"background-color:#f4f3ef\"><figure class=\"wp-block-media-text__media\"><img loading=\"lazy\" decoding=\"async\" width=\"1024\" height=\"768\" src=\"https:\/\/mptpetitcharran.fr\/wp-content\/uploads\/2021\/07\/Chalet3-1024x768.jpg\" alt=\"\" class=\"wp-image-3256 size-full\" srcset=\"https:\/\/mptpetitcharran.fr\/wp-content\/uploads\/2021\/07\/Chalet3-1024x768.jpg 1024w, https:\/\/mptpetitcharran.fr\/wp-content\/uploads\/2021\/07\/Chalet3-300x225.jpg 300w, https:\/\/mptpetitcharran.fr\/wp-content\/uploads\/2021\/07\/Chalet3-768x576.jpg 768w, https:\/\/mptpetitcharran.fr\/wp-content\/uploads\/2021\/07\/Chalet3-1536x1152.jpg 1536w, https:\/\/mptpetitcharran.fr\/wp-content\/uploads\/2021\/07\/Chalet3-2048x1536.jpg 2048w, https:\/\/mptpetitcharran.fr\/wp-content\/uploads\/2021\/07\/Chalet3-700x525.jpg 700w, https:\/\/mptpetitcharran.fr\/wp-content\/uploads\/2021\/07\/Chalet3-2000x1500.jpg 2000w, https:\/\/mptpetitcharran.fr\/wp-content\/uploads\/2021\/07\/Chalet3-533x400.jpg 533w\" sizes=\"auto, (max-width: 1024px) 100vw, 1024px\" \/><\/figure><div class=\"wp-block-media-text__content\">\n<p class=\"has-text-align-center has-large-font-size\"><strong>Le chalet ou zone de gratuit\u00e9<\/strong><\/p>\n\n\n\n<p class=\"has-text-align-left\"><strong>DONNEZ \u00c0 D\u2019AUTRES CE DONT VOUS N\u2019AVEZ PLUS BESOIN.<\/strong><br>Prenez raisonnablement sans forc\u00e9ment avoir donn\u00e9.<br>Pas d\u2019obligation ni d\u2019\u00e9change d\u2019argent,<br>pas besoin d\u2019\u00eatre adh\u00e9rent.<br><\/p>\n\n\n\n<p class=\"has-text-align-center has-large-font-size\"><strong><strong>La friglioth\u00e8que<\/strong><\/strong><\/p>\n\n\n\n<p><strong>APPORTEZ UN LIVRE ET \u00c9CHANGEZ-LE<\/strong><br>contre un autre. Et c\u2019est gratuit !<\/p>\n<\/div><\/div>\n\n\n\n<div style=\"height:20px\" aria-hidden=\"true\" class=\"wp-block-spacer\"><\/div>\n\n\n\n<div class=\"wp-block-media-text alignwide is-stacked-on-mobile has-background\" style=\"background-color:#f4f3ef\"><figure class=\"wp-block-media-text__media\"><img loading=\"lazy\" decoding=\"async\" width=\"1024\" height=\"771\" src=\"https:\/\/mptpetitcharran.fr\/wp-content\/uploads\/2024\/06\/Design-sans-titre-1-1024x771.png\" alt=\"\" class=\"wp-image-5580 size-full\" srcset=\"https:\/\/mptpetitcharran.fr\/wp-content\/uploads\/2024\/06\/Design-sans-titre-1-1024x771.png 1024w, https:\/\/mptpetitcharran.fr\/wp-content\/uploads\/2024\/06\/Design-sans-titre-1-300x226.png 300w, https:\/\/mptpetitcharran.fr\/wp-content\/uploads\/2024\/06\/Design-sans-titre-1-768x578.png 768w, https:\/\/mptpetitcharran.fr\/wp-content\/uploads\/2024\/06\/Design-sans-titre-1-1536x1157.png 1536w, https:\/\/mptpetitcharran.fr\/wp-content\/uploads\/2024\/06\/Design-sans-titre-1-700x527.png 700w, https:\/\/mptpetitcharran.fr\/wp-content\/uploads\/2024\/06\/Design-sans-titre-1-2000x1506.png 2000w, https:\/\/mptpetitcharran.fr\/wp-content\/uploads\/2024\/06\/Design-sans-titre-1-531x400.png 531w, https:\/\/mptpetitcharran.fr\/wp-content\/uploads\/2024\/06\/Design-sans-titre-1.png 2040w\" sizes=\"auto, (max-width: 1024px) 100vw, 1024px\" \/><\/figure><div class=\"wp-block-media-text__content\">\n<p class=\"has-large-font-size\"><strong>Expositions d\u2019artistes et ap\u00e9ro cr\u00e9atif<\/strong><\/p>\n\n\n\n<p><strong>VOUS DESSINEZ, PEIGNEZ, FAITES DES PHOTOS<\/strong>, gravures, estampes\u2026 la MPT met \u00e0 votre disposition gratuitement sa salle d\u2019exposition d\u2019une p\u00e9riode de vacances scolaires \u00e0 une autre.<\/p>\n<\/div><\/div>\n\n\n\n<div style=\"height:20px\" aria-hidden=\"true\" class=\"wp-block-spacer\"><\/div>\n\n\n\n<div class=\"wp-block-media-text alignwide is-stacked-on-mobile has-background\" style=\"background-color:#f4f3ef\"><figure class=\"wp-block-media-text__media\"><img loading=\"lazy\" decoding=\"async\" width=\"1024\" height=\"683\" src=\"https:\/\/mptpetitcharran.fr\/wp-content\/uploads\/2024\/06\/close-up-worker-repairing-bicycle-1024x683.jpg\" alt=\"\" class=\"wp-image-5588 size-full\" srcset=\"https:\/\/mptpetitcharran.fr\/wp-content\/uploads\/2024\/06\/close-up-worker-repairing-bicycle-1024x683.jpg 1024w, https:\/\/mptpetitcharran.fr\/wp-content\/uploads\/2024\/06\/close-up-worker-repairing-bicycle-300x200.jpg 300w, https:\/\/mptpetitcharran.fr\/wp-content\/uploads\/2024\/06\/close-up-worker-repairing-bicycle-768x512.jpg 768w, https:\/\/mptpetitcharran.fr\/wp-content\/uploads\/2024\/06\/close-up-worker-repairing-bicycle-1536x1024.jpg 1536w, https:\/\/mptpetitcharran.fr\/wp-content\/uploads\/2024\/06\/close-up-worker-repairing-bicycle-2048x1365.jpg 2048w, https:\/\/mptpetitcharran.fr\/wp-content\/uploads\/2024\/06\/close-up-worker-repairing-bicycle-700x467.jpg 700w, https:\/\/mptpetitcharran.fr\/wp-content\/uploads\/2024\/06\/close-up-worker-repairing-bicycle-2000x1333.jpg 2000w, https:\/\/mptpetitcharran.fr\/wp-content\/uploads\/2024\/06\/close-up-worker-repairing-bicycle-900x600.jpg 900w, https:\/\/mptpetitcharran.fr\/wp-content\/uploads\/2024\/06\/close-up-worker-repairing-bicycle-600x400.jpg 600w\" sizes=\"auto, (max-width: 1024px) 100vw, 1024px\" \/><\/figure><div class=\"wp-block-media-text__content\">\n<p class=\"has-text-align-center has-large-font-size\"><strong>Brico&rsquo;bike<\/strong><\/p>\n\n\n\n<p><strong>ESPACE D\u00c9DI\u00c9 \u00c0 L&rsquo;APPRENTISSAGE :<br>R\u00c9PARATION DE SON V\u00c9LO <\/strong>(avec la MPT du centre ville)<br>2 s\u00e9ances \u00e0 l&rsquo;ann\u00e9e <\/p>\n<\/div><\/div>\n\n\n\n<div style=\"height:20px\" aria-hidden=\"true\" class=\"wp-block-spacer\"><\/div>\n\n\n\n<div class=\"wp-block-media-text alignwide is-stacked-on-mobile has-background\" style=\"background-color:#f4f3ef\"><figure class=\"wp-block-media-text__media\"><img loading=\"lazy\" decoding=\"async\" width=\"1024\" height=\"1024\" src=\"https:\/\/mptpetitcharran.fr\/wp-content\/uploads\/2025\/07\/Copie-de-Carroussel-post-activite-MPT-Nouvelle-activite12-1024x1024.jpg\" alt=\"\" class=\"wp-image-6547 size-full\" srcset=\"https:\/\/mptpetitcharran.fr\/wp-content\/uploads\/2025\/07\/Copie-de-Carroussel-post-activite-MPT-Nouvelle-activite12-1024x1024.jpg 1024w, https:\/\/mptpetitcharran.fr\/wp-content\/uploads\/2025\/07\/Copie-de-Carroussel-post-activite-MPT-Nouvelle-activite12-300x300.jpg 300w, https:\/\/mptpetitcharran.fr\/wp-content\/uploads\/2025\/07\/Copie-de-Carroussel-post-activite-MPT-Nouvelle-activite12-150x150.jpg 150w, https:\/\/mptpetitcharran.fr\/wp-content\/uploads\/2025\/07\/Copie-de-Carroussel-post-activite-MPT-Nouvelle-activite12-768x768.jpg 768w, https:\/\/mptpetitcharran.fr\/wp-content\/uploads\/2025\/07\/Copie-de-Carroussel-post-activite-MPT-Nouvelle-activite12-700x700.jpg 700w, https:\/\/mptpetitcharran.fr\/wp-content\/uploads\/2025\/07\/Copie-de-Carroussel-post-activite-MPT-Nouvelle-activite12-100x100.jpg 100w, https:\/\/mptpetitcharran.fr\/wp-content\/uploads\/2025\/07\/Copie-de-Carroussel-post-activite-MPT-Nouvelle-activite12-400x400.jpg 400w, https:\/\/mptpetitcharran.fr\/wp-content\/uploads\/2025\/07\/Copie-de-Carroussel-post-activite-MPT-Nouvelle-activite12.jpg 1080w\" sizes=\"auto, (max-width: 1024px) 100vw, 1024px\" \/><\/figure><div class=\"wp-block-media-text__content\">\n<p class=\"has-text-align-center has-large-font-size\"><strong>Batch cooking<\/strong><\/p>\n\n\n\n<p class=\"has-text-align-center\"><strong>3H POUR PR\u00c9PARER LES REPAS <br>DE LA SEMAINE<\/strong><br>Gain de temps, confort psychologique, moins de gaspillage, co\u00fbt r\u00e9duit et alimentation \u00e9quilibr\u00e9e<br>3 s\u00e9ances dans l&rsquo;ann\u00e9e.<br>Uniquement pour les adultes.<br> Co\u00fbt : 15\u20ac par an.<\/p>\n<\/div><\/div>\n\n\n\n<div style=\"height:20px\" aria-hidden=\"true\" class=\"wp-block-spacer\"><\/div>\n\n\n\n<div class=\"wp-block-media-text alignwide is-stacked-on-mobile has-background\" style=\"background-color:#f4f3ef\"><figure class=\"wp-block-media-text__media\"><img loading=\"lazy\" decoding=\"async\" width=\"1024\" height=\"768\" src=\"https:\/\/mptpetitcharran.fr\/wp-content\/uploads\/2025\/07\/20250620_152037-1024x768.jpg\" alt=\"\" class=\"wp-image-6567 size-full\" srcset=\"https:\/\/mptpetitcharran.fr\/wp-content\/uploads\/2025\/07\/20250620_152037-1024x768.jpg 1024w, https:\/\/mptpetitcharran.fr\/wp-content\/uploads\/2025\/07\/20250620_152037-300x225.jpg 300w, https:\/\/mptpetitcharran.fr\/wp-content\/uploads\/2025\/07\/20250620_152037-768x576.jpg 768w, https:\/\/mptpetitcharran.fr\/wp-content\/uploads\/2025\/07\/20250620_152037-1536x1152.jpg 1536w, https:\/\/mptpetitcharran.fr\/wp-content\/uploads\/2025\/07\/20250620_152037-2048x1536.jpg 2048w, https:\/\/mptpetitcharran.fr\/wp-content\/uploads\/2025\/07\/20250620_152037-700x525.jpg 700w, https:\/\/mptpetitcharran.fr\/wp-content\/uploads\/2025\/07\/20250620_152037-2000x1500.jpg 2000w, https:\/\/mptpetitcharran.fr\/wp-content\/uploads\/2025\/07\/20250620_152037-533x400.jpg 533w\" sizes=\"auto, (max-width: 1024px) 100vw, 1024px\" \/><\/figure><div class=\"wp-block-media-text__content\">\n<p class=\"has-text-align-center has-large-font-size\"><strong>Jardin p\u00e9dagogique <\/strong><\/p>\n\n\n\n<p><strong>UN JARDIN PARTAG\u00c9 PAR TOUS, PETITS ET GRANDS<\/strong>, insectes et petites b\u00eates, o\u00f9 vous pouvez arroser, entretenir les plantes, nous donner des conseils ou venir vous former, y grappiller des fruits\u2026<br>Le but est de cr\u00e9er des \u00e9changes interg\u00e9n\u00e9rationnels entre habitants du Petit Charran autour du jardin.<\/p>\n<\/div><\/div>\n\n\n\n<div style=\"height:20px\" aria-hidden=\"true\" class=\"wp-block-spacer\"><\/div>\n\n\n\n<div class=\"wp-block-media-text alignwide is-stacked-on-mobile has-background\" style=\"background-color:#f4f3ef\"><figure class=\"wp-block-media-text__media\"><img loading=\"lazy\" decoding=\"async\" width=\"819\" height=\"1024\" src=\"https:\/\/mptpetitcharran.fr\/wp-content\/uploads\/2025\/07\/Soiree-coinche1-819x1024.png\" alt=\"\" class=\"wp-image-6652 size-full\" srcset=\"https:\/\/mptpetitcharran.fr\/wp-content\/uploads\/2025\/07\/Soiree-coinche1-819x1024.png 819w, https:\/\/mptpetitcharran.fr\/wp-content\/uploads\/2025\/07\/Soiree-coinche1-240x300.png 240w, https:\/\/mptpetitcharran.fr\/wp-content\/uploads\/2025\/07\/Soiree-coinche1-768x960.png 768w, https:\/\/mptpetitcharran.fr\/wp-content\/uploads\/2025\/07\/Soiree-coinche1-700x875.png 700w, https:\/\/mptpetitcharran.fr\/wp-content\/uploads\/2025\/07\/Soiree-coinche1-320x400.png 320w, https:\/\/mptpetitcharran.fr\/wp-content\/uploads\/2025\/07\/Soiree-coinche1.png 1080w\" sizes=\"auto, (max-width: 819px) 100vw, 819px\" \/><\/figure><div class=\"wp-block-media-text__content\">\n<p class=\"has-text-align-center has-large-font-size\"><strong>Soir\u00e9e coinche<\/strong><\/p>\n\n\n\n<p class=\"has-text-align-center\"><em>Jeu de cartes convivial, rencontres interg\u00e9n\u00e9rationnelles, ambiance d\u00e9tendue ou comp\u00e9titive, accessibles \u00e0 tous niveaux.<\/em><br><strong>Les jeudis \u00e0 19h30 : 02 octobre, 04 d\u00e9cembre, 05 f\u00e9vrier, 02 avril, 04 juin.<\/strong><br>5 soir\u00e9es dans l\u2019ann\u00e9e.<br>Uniquement pour les adultes.<br>Acc\u00e8s libre avec adh\u00e9sion \u00e0 la MPT.<\/p>\n<\/div><\/div>\n\n\n\n<div style=\"height:20px\" aria-hidden=\"true\" class=\"wp-block-spacer\"><\/div>\n\n\n\n<div class=\"wp-block-media-text alignwide is-stacked-on-mobile has-background\" style=\"background-color:#f4f3ef\"><figure class=\"wp-block-media-text__media\"><img loading=\"lazy\" decoding=\"async\" width=\"1024\" height=\"292\" src=\"https:\/\/mptpetitcharran.fr\/wp-content\/uploads\/2025\/07\/guid_asso_logotype_accomp._generaliste-1024x292.png\" alt=\"\" class=\"wp-image-6574 size-full\" srcset=\"https:\/\/mptpetitcharran.fr\/wp-content\/uploads\/2025\/07\/guid_asso_logotype_accomp._generaliste-1024x292.png 1024w, https:\/\/mptpetitcharran.fr\/wp-content\/uploads\/2025\/07\/guid_asso_logotype_accomp._generaliste-300x85.png 300w, https:\/\/mptpetitcharran.fr\/wp-content\/uploads\/2025\/07\/guid_asso_logotype_accomp._generaliste-768x219.png 768w, https:\/\/mptpetitcharran.fr\/wp-content\/uploads\/2025\/07\/guid_asso_logotype_accomp._generaliste-1536x437.png 1536w, https:\/\/mptpetitcharran.fr\/wp-content\/uploads\/2025\/07\/guid_asso_logotype_accomp._generaliste-700x199.png 700w, https:\/\/mptpetitcharran.fr\/wp-content\/uploads\/2025\/07\/guid_asso_logotype_accomp._generaliste-2000x569.png 2000w, https:\/\/mptpetitcharran.fr\/wp-content\/uploads\/2025\/07\/guid_asso_logotype_accomp._generaliste-1405x400.png 1405w, https:\/\/mptpetitcharran.fr\/wp-content\/uploads\/2025\/07\/guid_asso_logotype_accomp._generaliste.png 2048w\" sizes=\"auto, (max-width: 1024px) 100vw, 1024px\" \/><\/figure><div class=\"wp-block-media-text__content\">\n<p class=\"has-text-align-center has-large-font-size\"><strong>Accueil des associations<\/strong><\/p>\n\n\n\n<p><strong>LA MPT SOUTIENT ET ACCOMPAGNE<\/strong><br>toutes les associations, initiatives, ainsi que tous les projets associatifs sources d\u2019engagement et de cr\u00e9ativit\u00e9.<\/p>\n<\/div><\/div>\n\n\n\n<p><\/p>\n","protected":false},"excerpt":{"rendered":"<p>\u00c9v\u00e9nements pour toutes et tous GAMING TIME, FESTI&rsquo;SOL, F\u00caTE DE QUARTIER, SOUPE AMICALE ET AUTRES \u00c9V\u00c9NEMENTS initi\u00e9s ou non par la Maison Pour Tous. Des temps qui favorisent la rencontre &hellip; <a href=\"https:\/\/mptpetitcharran.fr\/?page_id=71\" class=\"more-link\">Continue reading <span class=\"screen-reader-text\">Au Petit Charran<\/span> <span class=\"meta-nav\">&rarr;<\/span><\/a><\/p>\n","protected":false},"author":1,"featured_media":0,"parent":0,"menu_order":0,"comment_status":"closed","ping_status":"closed","template":"","meta":{"footnotes":""},"class_list":["post-71","page","type-page","status-publish","hentry"],"yoast_head":"<!-- This site is optimized with the Yoast SEO plugin v27.0 - https:\/\/yoast.com\/product\/yoast-seo-wordpress\/ -->\n<title>Au Petit Charran - Maison pour tous du Petit charran<\/title>\n<meta name=\"robots\" content=\"index, follow, max-snippet:-1, max-image-preview:large, max-video-preview:-1\" \/>\n<link rel=\"canonical\" href=\"https:\/\/mptpetitcharran.fr\/?page_id=71\" \/>\n<meta property=\"og:locale\" content=\"fr_FR\" \/>\n<meta property=\"og:type\" content=\"article\" \/>\n<meta property=\"og:title\" content=\"Au Petit Charran - Maison pour tous du Petit charran\" \/>\n<meta property=\"og:description\" content=\"\u00c9v\u00e9nements pour toutes et tous GAMING TIME, FESTI&rsquo;SOL, F\u00caTE DE QUARTIER, SOUPE AMICALE ET AUTRES \u00c9V\u00c9NEMENTS initi\u00e9s ou non par la Maison Pour Tous. Des temps qui favorisent la rencontre &hellip; Continue reading Au Petit Charran &rarr;\" \/>\n<meta property=\"og:url\" content=\"https:\/\/mptpetitcharran.fr\/?page_id=71\" \/>\n<meta property=\"og:site_name\" content=\"Maison pour tous du Petit charran\" \/>\n<meta property=\"article:publisher\" content=\"https:\/\/www.facebook.com\/mptpetitcharran\" \/>\n<meta property=\"article:modified_time\" content=\"2025-07-04T08:08:49+00:00\" \/>\n<meta property=\"og:image\" content=\"http:\/\/mptpetitcharran.fr\/wp-content\/uploads\/2021\/07\/evenement-1024x768.png\" \/>\n<meta name=\"twitter:card\" content=\"summary_large_image\" \/>\n<meta name=\"twitter:label1\" content=\"Dur\u00e9e de lecture estim\u00e9e\" \/>\n\t<meta name=\"twitter:data1\" content=\"4 minutes\" \/>\n<script type=\"application\/ld+json\" class=\"yoast-schema-graph\">{\"@context\":\"https:\/\/schema.org\",\"@graph\":[{\"@type\":\"WebPage\",\"@id\":\"https:\/\/mptpetitcharran.fr\/?page_id=71\",\"url\":\"https:\/\/mptpetitcharran.fr\/?page_id=71\",\"name\":\"Au Petit Charran - Maison pour tous du Petit charran\",\"isPartOf\":{\"@id\":\"https:\/\/mptpetitcharran.fr\/#website\"},\"primaryImageOfPage\":{\"@id\":\"https:\/\/mptpetitcharran.fr\/?page_id=71#primaryimage\"},\"image\":{\"@id\":\"https:\/\/mptpetitcharran.fr\/?page_id=71#primaryimage\"},\"thumbnailUrl\":\"http:\/\/mptpetitcharran.fr\/wp-content\/uploads\/2021\/07\/evenement-1024x768.png\",\"datePublished\":\"2019-06-04T08:53:35+00:00\",\"dateModified\":\"2025-07-04T08:08:49+00:00\",\"breadcrumb\":{\"@id\":\"https:\/\/mptpetitcharran.fr\/?page_id=71#breadcrumb\"},\"inLanguage\":\"fr-FR\",\"potentialAction\":[{\"@type\":\"ReadAction\",\"target\":[\"https:\/\/mptpetitcharran.fr\/?page_id=71\"]}]},{\"@type\":\"ImageObject\",\"inLanguage\":\"fr-FR\",\"@id\":\"https:\/\/mptpetitcharran.fr\/?page_id=71#primaryimage\",\"url\":\"http:\/\/mptpetitcharran.fr\/wp-content\/uploads\/2021\/07\/evenement-1024x768.png\",\"contentUrl\":\"http:\/\/mptpetitcharran.fr\/wp-content\/uploads\/2021\/07\/evenement-1024x768.png\"},{\"@type\":\"BreadcrumbList\",\"@id\":\"https:\/\/mptpetitcharran.fr\/?page_id=71#breadcrumb\",\"itemListElement\":[{\"@type\":\"ListItem\",\"position\":1,\"name\":\"Accueil\",\"item\":\"https:\/\/mptpetitcharran.fr\/\"},{\"@type\":\"ListItem\",\"position\":2,\"name\":\"Au Petit Charran\"}]},{\"@type\":\"WebSite\",\"@id\":\"https:\/\/mptpetitcharran.fr\/#website\",\"url\":\"https:\/\/mptpetitcharran.fr\/\",\"name\":\"Maison pour tous du Petit charran\",\"description\":\"\",\"publisher\":{\"@id\":\"https:\/\/mptpetitcharran.fr\/#organization\"},\"potentialAction\":[{\"@type\":\"SearchAction\",\"target\":{\"@type\":\"EntryPoint\",\"urlTemplate\":\"https:\/\/mptpetitcharran.fr\/?s={search_term_string}\"},\"query-input\":{\"@type\":\"PropertyValueSpecification\",\"valueRequired\":true,\"valueName\":\"search_term_string\"}}],\"inLanguage\":\"fr-FR\"},{\"@type\":\"Organization\",\"@id\":\"https:\/\/mptpetitcharran.fr\/#organization\",\"name\":\"Maison pour tous du Petit charran\",\"url\":\"https:\/\/mptpetitcharran.fr\/\",\"logo\":{\"@type\":\"ImageObject\",\"inLanguage\":\"fr-FR\",\"@id\":\"https:\/\/mptpetitcharran.fr\/#\/schema\/logo\/image\/\",\"url\":\"http:\/\/mptpetitcharran.fr\/wp-content\/uploads\/2023\/07\/cropped-logo_mptpc.jpg\",\"contentUrl\":\"http:\/\/mptpetitcharran.fr\/wp-content\/uploads\/2023\/07\/cropped-logo_mptpc.jpg\",\"width\":532,\"height\":529,\"caption\":\"Maison pour tous du Petit charran\"},\"image\":{\"@id\":\"https:\/\/mptpetitcharran.fr\/#\/schema\/logo\/image\/\"},\"sameAs\":[\"https:\/\/www.facebook.com\/mptpetitcharran\",\"https:\/\/www.instagram.com\/mptpetitcharran\/\"]}]}<\/script>\n<!-- \/ Yoast SEO plugin. -->","yoast_head_json":{"title":"Au Petit Charran - Maison pour tous du Petit charran","robots":{"index":"index","follow":"follow","max-snippet":"max-snippet:-1","max-image-preview":"max-image-preview:large","max-video-preview":"max-video-preview:-1"},"canonical":"https:\/\/mptpetitcharran.fr\/?page_id=71","og_locale":"fr_FR","og_type":"article","og_title":"Au Petit Charran - Maison pour tous du Petit charran","og_description":"\u00c9v\u00e9nements pour toutes et tous GAMING TIME, FESTI&rsquo;SOL, F\u00caTE DE QUARTIER, SOUPE AMICALE ET AUTRES \u00c9V\u00c9NEMENTS initi\u00e9s ou non par la Maison Pour Tous. Des temps qui favorisent la rencontre &hellip; Continue reading Au Petit Charran &rarr;","og_url":"https:\/\/mptpetitcharran.fr\/?page_id=71","og_site_name":"Maison pour tous du Petit charran","article_publisher":"https:\/\/www.facebook.com\/mptpetitcharran","article_modified_time":"2025-07-04T08:08:49+00:00","og_image":[{"url":"http:\/\/mptpetitcharran.fr\/wp-content\/uploads\/2021\/07\/evenement-1024x768.png","type":"","width":"","height":""}],"twitter_card":"summary_large_image","twitter_misc":{"Dur\u00e9e de lecture estim\u00e9e":"4 minutes"},"schema":{"@context":"https:\/\/schema.org","@graph":[{"@type":"WebPage","@id":"https:\/\/mptpetitcharran.fr\/?page_id=71","url":"https:\/\/mptpetitcharran.fr\/?page_id=71","name":"Au Petit Charran - Maison pour tous du Petit charran","isPartOf":{"@id":"https:\/\/mptpetitcharran.fr\/#website"},"primaryImageOfPage":{"@id":"https:\/\/mptpetitcharran.fr\/?page_id=71#primaryimage"},"image":{"@id":"https:\/\/mptpetitcharran.fr\/?page_id=71#primaryimage"},"thumbnailUrl":"http:\/\/mptpetitcharran.fr\/wp-content\/uploads\/2021\/07\/evenement-1024x768.png","datePublished":"2019-06-04T08:53:35+00:00","dateModified":"2025-07-04T08:08:49+00:00","breadcrumb":{"@id":"https:\/\/mptpetitcharran.fr\/?page_id=71#breadcrumb"},"inLanguage":"fr-FR","potentialAction":[{"@type":"ReadAction","target":["https:\/\/mptpetitcharran.fr\/?page_id=71"]}]},{"@type":"ImageObject","inLanguage":"fr-FR","@id":"https:\/\/mptpetitcharran.fr\/?page_id=71#primaryimage","url":"http:\/\/mptpetitcharran.fr\/wp-content\/uploads\/2021\/07\/evenement-1024x768.png","contentUrl":"http:\/\/mptpetitcharran.fr\/wp-content\/uploads\/2021\/07\/evenement-1024x768.png"},{"@type":"BreadcrumbList","@id":"https:\/\/mptpetitcharran.fr\/?page_id=71#breadcrumb","itemListElement":[{"@type":"ListItem","position":1,"name":"Accueil","item":"https:\/\/mptpetitcharran.fr\/"},{"@type":"ListItem","position":2,"name":"Au Petit Charran"}]},{"@type":"WebSite","@id":"https:\/\/mptpetitcharran.fr\/#website","url":"https:\/\/mptpetitcharran.fr\/","name":"Maison pour tous du Petit charran","description":"","publisher":{"@id":"https:\/\/mptpetitcharran.fr\/#organization"},"potentialAction":[{"@type":"SearchAction","target":{"@type":"EntryPoint","urlTemplate":"https:\/\/mptpetitcharran.fr\/?s={search_term_string}"},"query-input":{"@type":"PropertyValueSpecification","valueRequired":true,"valueName":"search_term_string"}}],"inLanguage":"fr-FR"},{"@type":"Organization","@id":"https:\/\/mptpetitcharran.fr\/#organization","name":"Maison pour tous du Petit charran","url":"https:\/\/mptpetitcharran.fr\/","logo":{"@type":"ImageObject","inLanguage":"fr-FR","@id":"https:\/\/mptpetitcharran.fr\/#\/schema\/logo\/image\/","url":"http:\/\/mptpetitcharran.fr\/wp-content\/uploads\/2023\/07\/cropped-logo_mptpc.jpg","contentUrl":"http:\/\/mptpetitcharran.fr\/wp-content\/uploads\/2023\/07\/cropped-logo_mptpc.jpg","width":532,"height":529,"caption":"Maison pour tous du Petit charran"},"image":{"@id":"https:\/\/mptpetitcharran.fr\/#\/schema\/logo\/image\/"},"sameAs":["https:\/\/www.facebook.com\/mptpetitcharran","https:\/\/www.instagram.com\/mptpetitcharran\/"]}]}},"publishpress_future_action":{"enabled":false,"date":"2026-04-27 06:34:44","action":"change-status","newStatus":"draft","terms":[],"taxonomy":"","extraData":[]},"publishpress_future_workflow_manual_trigger":{"enabledWorkflows":[]},"_links":{"self":[{"href":"https:\/\/mptpetitcharran.fr\/index.php?rest_route=\/wp\/v2\/pages\/71","targetHints":{"allow":["GET"]}}],"collection":[{"href":"https:\/\/mptpetitcharran.fr\/index.php?rest_route=\/wp\/v2\/pages"}],"about":[{"href":"https:\/\/mptpetitcharran.fr\/index.php?rest_route=\/wp\/v2\/types\/page"}],"author":[{"embeddable":true,"href":"https:\/\/mptpetitcharran.fr\/index.php?rest_route=\/wp\/v2\/users\/1"}],"replies":[{"embeddable":true,"href":"https:\/\/mptpetitcharran.fr\/index.php?rest_route=%2Fwp%2Fv2%2Fcomments&post=71"}],"version-history":[{"count":63,"href":"https:\/\/mptpetitcharran.fr\/index.php?rest_route=\/wp\/v2\/pages\/71\/revisions"}],"predecessor-version":[{"id":6655,"href":"https:\/\/mptpetitcharran.fr\/index.php?rest_route=\/wp\/v2\/pages\/71\/revisions\/6655"}],"wp:attachment":[{"href":"https:\/\/mptpetitcharran.fr\/index.php?rest_route=%2Fwp%2Fv2%2Fmedia&parent=71"}],"curies":[{"name":"wp","href":"https:\/\/api.w.org\/{rel}","templated":true}]}}