{"id":3713,"date":"2022-07-11T16:37:54","date_gmt":"2022-07-11T15:37:54","guid":{"rendered":"https:\/\/mptpetitcharran.fr\/?page_id=3713"},"modified":"2025-06-27T15:41:36","modified_gmt":"2025-06-27T14:41:36","slug":"maternite-zen","status":"publish","type":"page","link":"https:\/\/mptpetitcharran.fr\/?page_id=3713","title":{"rendered":"Maternit\u00e9 zen"},"content":{"rendered":"\n<p class=\"has-text-align-center has-white-background-color has-background\"><strong>LES ACTIVIT\u00c9S, MARQU\u00c9ES (1), SONT CONDUITES PAR DES ASSOCIATIONS IND\u00c9PENDANTES :<br>LE CO\u00dbT DE L\u2019ACTIVIT\u00c9 EST \u00c0 R\u00c9GLER DIRECTEMENT \u00c0 L\u2019INTERVENANT.<\/strong><br><strong>La carte d\u2019adh\u00e9sion est \u00e0 acquitter \u00e0 la MPT.<br>LES ACTIVIT\u00c9S, MARQU\u00c9ES *, N\u00c9CESSITENT UNE BONNE CONDITION PHYSIQUE ET SPORTIVE.<br>Assurez-vous aupr\u00e8s de votre m\u00e9decin traitant que vous \u00eates en capacit\u00e9 de pratiquer l\u2019activit\u00e9 choisie.<\/strong><\/p>\n\n\n\n<div class=\"wp-block-media-text alignwide is-stacked-on-mobile has-background\" style=\"background-color:#f4f3ef\"><figure class=\"wp-block-media-text__media\"><img loading=\"lazy\" decoding=\"async\" width=\"600\" height=\"400\" src=\"https:\/\/mptpetitcharran.fr\/wp-content\/uploads\/2022\/07\/sophro-prenatal.jpeg\" alt=\"\" class=\"wp-image-3714 size-full\" srcset=\"https:\/\/mptpetitcharran.fr\/wp-content\/uploads\/2022\/07\/sophro-prenatal.jpeg 600w, https:\/\/mptpetitcharran.fr\/wp-content\/uploads\/2022\/07\/sophro-prenatal-300x200.jpeg 300w\" sizes=\"auto, (max-width: 600px) 100vw, 600px\" \/><\/figure><div class=\"wp-block-media-text__content\">\n<p class=\"has-text-align-center has-large-font-size\"><strong>Pilates pr\u00e9natal femmes enceintes<\/strong>* (1)<\/p>\n\n\n\n<p class=\"has-text-align-center\">L\u2019animatrice <strong>Marianne Lacoste<\/strong> vous propose cette activit\u00e9,<strong> les lundis de 18h \u00e0 19h.<\/strong><\/p>\n\n\n\n<p class=\"has-text-align-center\"><em><em><em>Tarif et mode de r\u00e8glement \u00e0 voir<\/em><br><em>avec l&rsquo;intervenante<\/em>.<\/em><\/em><\/p>\n<\/div><\/div>\n\n\n\n<hr class=\"wp-block-separator has-alpha-channel-opacity\"\/>\n\n\n\n<div class=\"wp-block-media-text alignwide has-media-on-the-right is-stacked-on-mobile has-background\" style=\"background-color:#f4f3ef\"><div class=\"wp-block-media-text__content\">\n<p class=\"has-text-align-center has-large-font-size\"><strong>Yoga pilates postnatal* avec b\u00e9b\u00e9<\/strong> <strong>(1)<\/strong><\/p>\n\n\n\n<p class=\"has-text-align-center\"><em>M\u00e9thode du Dr Bernardette de Gasquet<sup>\u00ae<\/sup><\/em><br>L\u2019animatrice <strong>Marianne Lacoste<\/strong> vous propose cette activit\u00e9,<strong> les jeudis de 14h45 \u00e0 15h45.<\/strong><\/p>\n\n\n\n<p class=\"has-text-align-center\"><em><em>Tarif et mode de r\u00e8glement \u00e0 voir<\/em><br><em>avec l&rsquo;intervenante<\/em>.<\/em><\/p>\n<\/div><figure class=\"wp-block-media-text__media\"><img loading=\"lazy\" decoding=\"async\" width=\"1024\" height=\"683\" src=\"https:\/\/mptpetitcharran.fr\/wp-content\/uploads\/2023\/07\/mother-with-little-baby-boy-practice-yoga-1024x683.jpg\" alt=\"\" class=\"wp-image-4613 size-full\" srcset=\"https:\/\/mptpetitcharran.fr\/wp-content\/uploads\/2023\/07\/mother-with-little-baby-boy-practice-yoga-1024x683.jpg 1024w, https:\/\/mptpetitcharran.fr\/wp-content\/uploads\/2023\/07\/mother-with-little-baby-boy-practice-yoga-300x200.jpg 300w, https:\/\/mptpetitcharran.fr\/wp-content\/uploads\/2023\/07\/mother-with-little-baby-boy-practice-yoga-768x512.jpg 768w, https:\/\/mptpetitcharran.fr\/wp-content\/uploads\/2023\/07\/mother-with-little-baby-boy-practice-yoga-1536x1024.jpg 1536w, https:\/\/mptpetitcharran.fr\/wp-content\/uploads\/2023\/07\/mother-with-little-baby-boy-practice-yoga-2048x1365.jpg 2048w, https:\/\/mptpetitcharran.fr\/wp-content\/uploads\/2023\/07\/mother-with-little-baby-boy-practice-yoga-700x467.jpg 700w, https:\/\/mptpetitcharran.fr\/wp-content\/uploads\/2023\/07\/mother-with-little-baby-boy-practice-yoga-2000x1333.jpg 2000w, https:\/\/mptpetitcharran.fr\/wp-content\/uploads\/2023\/07\/mother-with-little-baby-boy-practice-yoga-900x600.jpg 900w, https:\/\/mptpetitcharran.fr\/wp-content\/uploads\/2023\/07\/mother-with-little-baby-boy-practice-yoga-600x400.jpg 600w\" sizes=\"auto, (max-width: 1024px) 100vw, 1024px\" \/><\/figure><\/div>\n\n\n\n<hr class=\"wp-block-separator has-alpha-channel-opacity\"\/>\n\n\n\n<div class=\"wp-block-media-text alignwide is-stacked-on-mobile has-background\" style=\"background-color:#f4f3ef\"><figure class=\"wp-block-media-text__media\"><img loading=\"lazy\" decoding=\"async\" width=\"474\" height=\"338\" src=\"https:\/\/mptpetitcharran.fr\/wp-content\/uploads\/2022\/07\/yoga-1.webp\" alt=\"\" class=\"wp-image-3721 size-full\" srcset=\"https:\/\/mptpetitcharran.fr\/wp-content\/uploads\/2022\/07\/yoga-1.webp 474w, https:\/\/mptpetitcharran.fr\/wp-content\/uploads\/2022\/07\/yoga-1-300x214.webp 300w\" sizes=\"auto, (max-width: 474px) 100vw, 474px\" \/><\/figure><div class=\"wp-block-media-text__content\">\n<p class=\"has-text-align-center has-large-font-size\"><strong>Yoga pr\u00e9natal*(1)<\/strong><\/p>\n\n\n\n<p class=\"has-text-align-center\"><em>M\u00e9thode du Dr Bernardette de Gasquet<sup>\u00ae<\/sup><\/em><br>L\u2019animatrice <strong>Marianne Lacoste<\/strong> vous propose cette activit\u00e9,<strong> <\/strong><br><strong>les jeudis de 17h \u00e0 18h.<\/strong><\/p>\n\n\n\n<p class=\"has-text-align-center\"><em>Tarif et mode de r\u00e8glement \u00e0 voir <\/em><br><em>avec l&rsquo;intervenante<\/em>.<\/p>\n<\/div><\/div>\n","protected":false},"excerpt":{"rendered":"<p>LES ACTIVIT\u00c9S, MARQU\u00c9ES (1), SONT CONDUITES PAR DES ASSOCIATIONS IND\u00c9PENDANTES :LE CO\u00dbT DE L\u2019ACTIVIT\u00c9 EST \u00c0 R\u00c9GLER DIRECTEMENT \u00c0 L\u2019INTERVENANT.La carte d\u2019adh\u00e9sion est \u00e0 acquitter \u00e0 la MPT.LES ACTIVIT\u00c9S, MARQU\u00c9ES &hellip; <a href=\"https:\/\/mptpetitcharran.fr\/?page_id=3713\" class=\"more-link\">Continue reading <span class=\"screen-reader-text\">Maternit\u00e9 zen<\/span> <span class=\"meta-nav\">&rarr;<\/span><\/a><\/p>\n","protected":false},"author":1,"featured_media":0,"parent":0,"menu_order":0,"comment_status":"closed","ping_status":"closed","template":"","meta":{"footnotes":""},"class_list":["post-3713","page","type-page","status-publish","hentry"],"yoast_head":"<!-- This site is optimized with the Yoast SEO plugin v27.0 - https:\/\/yoast.com\/product\/yoast-seo-wordpress\/ -->\n<title>Maternit\u00e9 zen - Maison pour tous du Petit charran<\/title>\n<meta name=\"robots\" content=\"index, follow, max-snippet:-1, max-image-preview:large, max-video-preview:-1\" \/>\n<link rel=\"canonical\" href=\"https:\/\/mptpetitcharran.fr\/?page_id=3713\" \/>\n<meta property=\"og:locale\" content=\"fr_FR\" \/>\n<meta property=\"og:type\" content=\"article\" \/>\n<meta property=\"og:title\" content=\"Maternit\u00e9 zen - Maison pour tous du Petit charran\" \/>\n<meta property=\"og:description\" content=\"LES ACTIVIT\u00c9S, MARQU\u00c9ES (1), SONT CONDUITES PAR DES ASSOCIATIONS IND\u00c9PENDANTES :LE CO\u00dbT DE L\u2019ACTIVIT\u00c9 EST \u00c0 R\u00c9GLER DIRECTEMENT \u00c0 L\u2019INTERVENANT.La carte d\u2019adh\u00e9sion est \u00e0 acquitter \u00e0 la MPT.LES ACTIVIT\u00c9S, MARQU\u00c9ES &hellip; Continue reading Maternit\u00e9 zen &rarr;\" \/>\n<meta property=\"og:url\" content=\"https:\/\/mptpetitcharran.fr\/?page_id=3713\" \/>\n<meta property=\"og:site_name\" content=\"Maison pour tous du Petit charran\" \/>\n<meta property=\"article:publisher\" content=\"https:\/\/www.facebook.com\/mptpetitcharran\" \/>\n<meta property=\"article:modified_time\" content=\"2025-06-27T14:41:36+00:00\" \/>\n<meta property=\"og:image\" content=\"https:\/\/mptpetitcharran.fr\/wp-content\/uploads\/2022\/07\/sophro-prenatal.jpeg\" \/>\n\t<meta property=\"og:image:width\" content=\"600\" \/>\n\t<meta property=\"og:image:height\" content=\"400\" \/>\n\t<meta property=\"og:image:type\" content=\"image\/jpeg\" \/>\n<meta name=\"twitter:card\" content=\"summary_large_image\" \/>\n<meta name=\"twitter:label1\" content=\"Dur\u00e9e de lecture estim\u00e9e\" \/>\n\t<meta name=\"twitter:data1\" content=\"2 minutes\" \/>\n<script type=\"application\/ld+json\" class=\"yoast-schema-graph\">{\"@context\":\"https:\/\/schema.org\",\"@graph\":[{\"@type\":\"WebPage\",\"@id\":\"https:\/\/mptpetitcharran.fr\/?page_id=3713\",\"url\":\"https:\/\/mptpetitcharran.fr\/?page_id=3713\",\"name\":\"Maternit\u00e9 zen - Maison pour tous du Petit charran\",\"isPartOf\":{\"@id\":\"https:\/\/mptpetitcharran.fr\/#website\"},\"primaryImageOfPage\":{\"@id\":\"https:\/\/mptpetitcharran.fr\/?page_id=3713#primaryimage\"},\"image\":{\"@id\":\"https:\/\/mptpetitcharran.fr\/?page_id=3713#primaryimage\"},\"thumbnailUrl\":\"https:\/\/mptpetitcharran.fr\/wp-content\/uploads\/2022\/07\/sophro-prenatal.jpeg\",\"datePublished\":\"2022-07-11T15:37:54+00:00\",\"dateModified\":\"2025-06-27T14:41:36+00:00\",\"breadcrumb\":{\"@id\":\"https:\/\/mptpetitcharran.fr\/?page_id=3713#breadcrumb\"},\"inLanguage\":\"fr-FR\",\"potentialAction\":[{\"@type\":\"ReadAction\",\"target\":[\"https:\/\/mptpetitcharran.fr\/?page_id=3713\"]}]},{\"@type\":\"ImageObject\",\"inLanguage\":\"fr-FR\",\"@id\":\"https:\/\/mptpetitcharran.fr\/?page_id=3713#primaryimage\",\"url\":\"https:\/\/mptpetitcharran.fr\/wp-content\/uploads\/2022\/07\/sophro-prenatal.jpeg\",\"contentUrl\":\"https:\/\/mptpetitcharran.fr\/wp-content\/uploads\/2022\/07\/sophro-prenatal.jpeg\",\"width\":600,\"height\":400},{\"@type\":\"BreadcrumbList\",\"@id\":\"https:\/\/mptpetitcharran.fr\/?page_id=3713#breadcrumb\",\"itemListElement\":[{\"@type\":\"ListItem\",\"position\":1,\"name\":\"Accueil\",\"item\":\"https:\/\/mptpetitcharran.fr\/\"},{\"@type\":\"ListItem\",\"position\":2,\"name\":\"Maternit\u00e9 zen\"}]},{\"@type\":\"WebSite\",\"@id\":\"https:\/\/mptpetitcharran.fr\/#website\",\"url\":\"https:\/\/mptpetitcharran.fr\/\",\"name\":\"Maison pour tous du Petit charran\",\"description\":\"\",\"publisher\":{\"@id\":\"https:\/\/mptpetitcharran.fr\/#organization\"},\"potentialAction\":[{\"@type\":\"SearchAction\",\"target\":{\"@type\":\"EntryPoint\",\"urlTemplate\":\"https:\/\/mptpetitcharran.fr\/?s={search_term_string}\"},\"query-input\":{\"@type\":\"PropertyValueSpecification\",\"valueRequired\":true,\"valueName\":\"search_term_string\"}}],\"inLanguage\":\"fr-FR\"},{\"@type\":\"Organization\",\"@id\":\"https:\/\/mptpetitcharran.fr\/#organization\",\"name\":\"Maison pour tous du Petit charran\",\"url\":\"https:\/\/mptpetitcharran.fr\/\",\"logo\":{\"@type\":\"ImageObject\",\"inLanguage\":\"fr-FR\",\"@id\":\"https:\/\/mptpetitcharran.fr\/#\/schema\/logo\/image\/\",\"url\":\"http:\/\/mptpetitcharran.fr\/wp-content\/uploads\/2023\/07\/cropped-logo_mptpc.jpg\",\"contentUrl\":\"http:\/\/mptpetitcharran.fr\/wp-content\/uploads\/2023\/07\/cropped-logo_mptpc.jpg\",\"width\":532,\"height\":529,\"caption\":\"Maison pour tous du Petit charran\"},\"image\":{\"@id\":\"https:\/\/mptpetitcharran.fr\/#\/schema\/logo\/image\/\"},\"sameAs\":[\"https:\/\/www.facebook.com\/mptpetitcharran\",\"https:\/\/www.instagram.com\/mptpetitcharran\/\"]}]}<\/script>\n<!-- \/ Yoast SEO plugin. -->","yoast_head_json":{"title":"Maternit\u00e9 zen - Maison pour tous du Petit charran","robots":{"index":"index","follow":"follow","max-snippet":"max-snippet:-1","max-image-preview":"max-image-preview:large","max-video-preview":"max-video-preview:-1"},"canonical":"https:\/\/mptpetitcharran.fr\/?page_id=3713","og_locale":"fr_FR","og_type":"article","og_title":"Maternit\u00e9 zen - Maison pour tous du Petit charran","og_description":"LES ACTIVIT\u00c9S, MARQU\u00c9ES (1), SONT CONDUITES PAR DES ASSOCIATIONS IND\u00c9PENDANTES :LE CO\u00dbT DE L\u2019ACTIVIT\u00c9 EST \u00c0 R\u00c9GLER DIRECTEMENT \u00c0 L\u2019INTERVENANT.La carte d\u2019adh\u00e9sion est \u00e0 acquitter \u00e0 la MPT.LES ACTIVIT\u00c9S, MARQU\u00c9ES &hellip; Continue reading Maternit\u00e9 zen &rarr;","og_url":"https:\/\/mptpetitcharran.fr\/?page_id=3713","og_site_name":"Maison pour tous du Petit charran","article_publisher":"https:\/\/www.facebook.com\/mptpetitcharran","article_modified_time":"2025-06-27T14:41:36+00:00","og_image":[{"width":600,"height":400,"url":"https:\/\/mptpetitcharran.fr\/wp-content\/uploads\/2022\/07\/sophro-prenatal.jpeg","type":"image\/jpeg"}],"twitter_card":"summary_large_image","twitter_misc":{"Dur\u00e9e de lecture estim\u00e9e":"2 minutes"},"schema":{"@context":"https:\/\/schema.org","@graph":[{"@type":"WebPage","@id":"https:\/\/mptpetitcharran.fr\/?page_id=3713","url":"https:\/\/mptpetitcharran.fr\/?page_id=3713","name":"Maternit\u00e9 zen - Maison pour tous du Petit charran","isPartOf":{"@id":"https:\/\/mptpetitcharran.fr\/#website"},"primaryImageOfPage":{"@id":"https:\/\/mptpetitcharran.fr\/?page_id=3713#primaryimage"},"image":{"@id":"https:\/\/mptpetitcharran.fr\/?page_id=3713#primaryimage"},"thumbnailUrl":"https:\/\/mptpetitcharran.fr\/wp-content\/uploads\/2022\/07\/sophro-prenatal.jpeg","datePublished":"2022-07-11T15:37:54+00:00","dateModified":"2025-06-27T14:41:36+00:00","breadcrumb":{"@id":"https:\/\/mptpetitcharran.fr\/?page_id=3713#breadcrumb"},"inLanguage":"fr-FR","potentialAction":[{"@type":"ReadAction","target":["https:\/\/mptpetitcharran.fr\/?page_id=3713"]}]},{"@type":"ImageObject","inLanguage":"fr-FR","@id":"https:\/\/mptpetitcharran.fr\/?page_id=3713#primaryimage","url":"https:\/\/mptpetitcharran.fr\/wp-content\/uploads\/2022\/07\/sophro-prenatal.jpeg","contentUrl":"https:\/\/mptpetitcharran.fr\/wp-content\/uploads\/2022\/07\/sophro-prenatal.jpeg","width":600,"height":400},{"@type":"BreadcrumbList","@id":"https:\/\/mptpetitcharran.fr\/?page_id=3713#breadcrumb","itemListElement":[{"@type":"ListItem","position":1,"name":"Accueil","item":"https:\/\/mptpetitcharran.fr\/"},{"@type":"ListItem","position":2,"name":"Maternit\u00e9 zen"}]},{"@type":"WebSite","@id":"https:\/\/mptpetitcharran.fr\/#website","url":"https:\/\/mptpetitcharran.fr\/","name":"Maison pour tous du Petit charran","description":"","publisher":{"@id":"https:\/\/mptpetitcharran.fr\/#organization"},"potentialAction":[{"@type":"SearchAction","target":{"@type":"EntryPoint","urlTemplate":"https:\/\/mptpetitcharran.fr\/?s={search_term_string}"},"query-input":{"@type":"PropertyValueSpecification","valueRequired":true,"valueName":"search_term_string"}}],"inLanguage":"fr-FR"},{"@type":"Organization","@id":"https:\/\/mptpetitcharran.fr\/#organization","name":"Maison pour tous du Petit charran","url":"https:\/\/mptpetitcharran.fr\/","logo":{"@type":"ImageObject","inLanguage":"fr-FR","@id":"https:\/\/mptpetitcharran.fr\/#\/schema\/logo\/image\/","url":"http:\/\/mptpetitcharran.fr\/wp-content\/uploads\/2023\/07\/cropped-logo_mptpc.jpg","contentUrl":"http:\/\/mptpetitcharran.fr\/wp-content\/uploads\/2023\/07\/cropped-logo_mptpc.jpg","width":532,"height":529,"caption":"Maison pour tous du Petit charran"},"image":{"@id":"https:\/\/mptpetitcharran.fr\/#\/schema\/logo\/image\/"},"sameAs":["https:\/\/www.facebook.com\/mptpetitcharran","https:\/\/www.instagram.com\/mptpetitcharran\/"]}]}},"publishpress_future_action":{"enabled":false,"date":"2026-04-27 04:57:46","action":"change-status","newStatus":"draft","terms":[],"taxonomy":"","extraData":[]},"publishpress_future_workflow_manual_trigger":{"enabledWorkflows":[]},"_links":{"self":[{"href":"https:\/\/mptpetitcharran.fr\/index.php?rest_route=\/wp\/v2\/pages\/3713","targetHints":{"allow":["GET"]}}],"collection":[{"href":"https:\/\/mptpetitcharran.fr\/index.php?rest_route=\/wp\/v2\/pages"}],"about":[{"href":"https:\/\/mptpetitcharran.fr\/index.php?rest_route=\/wp\/v2\/types\/page"}],"author":[{"embeddable":true,"href":"https:\/\/mptpetitcharran.fr\/index.php?rest_route=\/wp\/v2\/users\/1"}],"replies":[{"embeddable":true,"href":"https:\/\/mptpetitcharran.fr\/index.php?rest_route=%2Fwp%2Fv2%2Fcomments&post=3713"}],"version-history":[{"count":14,"href":"https:\/\/mptpetitcharran.fr\/index.php?rest_route=\/wp\/v2\/pages\/3713\/revisions"}],"predecessor-version":[{"id":6481,"href":"https:\/\/mptpetitcharran.fr\/index.php?rest_route=\/wp\/v2\/pages\/3713\/revisions\/6481"}],"wp:attachment":[{"href":"https:\/\/mptpetitcharran.fr\/index.php?rest_route=%2Fwp%2Fv2%2Fmedia&parent=3713"}],"curies":[{"name":"wp","href":"https:\/\/api.w.org\/{rel}","templated":true}]}}