{"id":257,"date":"2019-06-06T15:05:48","date_gmt":"2019-06-06T13:05:48","guid":{"rendered":"https:\/\/mptpc.wordpress.com\/?page_id=257"},"modified":"2025-06-27T15:46:11","modified_gmt":"2025-06-27T14:46:11","slug":"jeux","status":"publish","type":"page","link":"https:\/\/mptpetitcharran.fr\/?page_id=257","title":{"rendered":"Jeux"},"content":{"rendered":"\n<div class=\"wp-block-media-text alignwide is-stacked-on-mobile has-background\" style=\"background-color:#f4f3ef\"><figure class=\"wp-block-media-text__media\"><img loading=\"lazy\" decoding=\"async\" width=\"1024\" height=\"683\" src=\"https:\/\/mptpetitcharran.fr\/wp-content\/uploads\/2024\/06\/people-playing-bingo-together-1024x683.jpg\" alt=\"\" class=\"wp-image-5644 size-full\" srcset=\"https:\/\/mptpetitcharran.fr\/wp-content\/uploads\/2024\/06\/people-playing-bingo-together-1024x683.jpg 1024w, https:\/\/mptpetitcharran.fr\/wp-content\/uploads\/2024\/06\/people-playing-bingo-together-300x200.jpg 300w, https:\/\/mptpetitcharran.fr\/wp-content\/uploads\/2024\/06\/people-playing-bingo-together-768x512.jpg 768w, https:\/\/mptpetitcharran.fr\/wp-content\/uploads\/2024\/06\/people-playing-bingo-together-1536x1024.jpg 1536w, https:\/\/mptpetitcharran.fr\/wp-content\/uploads\/2024\/06\/people-playing-bingo-together-2048x1366.jpg 2048w, https:\/\/mptpetitcharran.fr\/wp-content\/uploads\/2024\/06\/people-playing-bingo-together-700x467.jpg 700w, https:\/\/mptpetitcharran.fr\/wp-content\/uploads\/2024\/06\/people-playing-bingo-together-2000x1334.jpg 2000w, https:\/\/mptpetitcharran.fr\/wp-content\/uploads\/2024\/06\/people-playing-bingo-together-900x600.jpg 900w, https:\/\/mptpetitcharran.fr\/wp-content\/uploads\/2024\/06\/people-playing-bingo-together-600x400.jpg 600w\" sizes=\"auto, (max-width: 1024px) 100vw, 1024px\" \/><\/figure><div class=\"wp-block-media-text__content\">\n<p class=\"has-text-align-center has-large-font-size\"><strong>Neurone actif<\/strong><\/p>\n\n\n\n<p><em>Une activit\u00e9 qui consiste \u00e0 faire des jeux cognitifs stimulants tels que les casse-t\u00eates, les \u00e9nigmes, les jeux de m\u00e9moire et de logique, con\u00e7us pour am\u00e9liorer la concentration, la r\u00e9flexion critique et la flexibilit\u00e9 mentale.<\/em><br><strong>Edith Pillon<\/strong> vous invite a rejoindre le club \u00ab\u00a0Neurone actif\u00a0\u00bb :<\/p>\n\n\n\n<ul class=\"wp-block-list\">\n<li><strong>Les lundis de 14h \u00e0 17h<\/strong><\/li>\n<\/ul>\n\n\n\n<p class=\"has-text-align-center\">Co\u00fbt : <strong>15\u20ac par an<\/strong>.<\/p>\n<\/div><\/div>\n\n\n\n<div style=\"height:20px\" aria-hidden=\"true\" class=\"wp-block-spacer\"><\/div>\n\n\n\n<div class=\"wp-block-media-text alignwide is-stacked-on-mobile has-background\" style=\"background-color:#f4f3ef\"><figure class=\"wp-block-media-text__media\"><img loading=\"lazy\" decoding=\"async\" width=\"1024\" height=\"1024\" src=\"https:\/\/mptpetitcharran.fr\/wp-content\/uploads\/2024\/06\/pov-playing-poker-with-friends-1-1024x1024.jpg\" alt=\"\" class=\"wp-image-5633 size-full\" srcset=\"https:\/\/mptpetitcharran.fr\/wp-content\/uploads\/2024\/06\/pov-playing-poker-with-friends-1-1024x1024.jpg 1024w, https:\/\/mptpetitcharran.fr\/wp-content\/uploads\/2024\/06\/pov-playing-poker-with-friends-1-300x300.jpg 300w, https:\/\/mptpetitcharran.fr\/wp-content\/uploads\/2024\/06\/pov-playing-poker-with-friends-1-150x150.jpg 150w, https:\/\/mptpetitcharran.fr\/wp-content\/uploads\/2024\/06\/pov-playing-poker-with-friends-1-768x768.jpg 768w, https:\/\/mptpetitcharran.fr\/wp-content\/uploads\/2024\/06\/pov-playing-poker-with-friends-1-1536x1536.jpg 1536w, https:\/\/mptpetitcharran.fr\/wp-content\/uploads\/2024\/06\/pov-playing-poker-with-friends-1-2048x2048.jpg 2048w, https:\/\/mptpetitcharran.fr\/wp-content\/uploads\/2024\/06\/pov-playing-poker-with-friends-1-700x700.jpg 700w, https:\/\/mptpetitcharran.fr\/wp-content\/uploads\/2024\/06\/pov-playing-poker-with-friends-1-2000x2000.jpg 2000w, https:\/\/mptpetitcharran.fr\/wp-content\/uploads\/2024\/06\/pov-playing-poker-with-friends-1-100x100.jpg 100w, https:\/\/mptpetitcharran.fr\/wp-content\/uploads\/2024\/06\/pov-playing-poker-with-friends-1-400x400.jpg 400w\" sizes=\"auto, (max-width: 1024px) 100vw, 1024px\" \/><\/figure><div class=\"wp-block-media-text__content\">\n<p class=\"has-text-align-center has-large-font-size\"><strong>Tarot \u00e0 4<\/strong><\/p>\n\n\n\n<p><em>Le tarot \u00e0 4 est un jeu de cartes strat\u00e9gique et convivial, o\u00f9 quatre joueurs s&rsquo;affrontent en \u00e9quipe pour remporter des plis en utilisant des atouts, tout en d\u00e9cryptant les intentions de leurs partenaires et adversaires.<\/em><br><strong>Hedwige Faure<\/strong>, <strong>Edmond Felgerolles<\/strong> et <strong>Annie Bougaud<\/strong> vous invite a rejoindre le club de tarot \u00e0 4 :<\/p>\n\n\n\n<ul class=\"wp-block-list\">\n<li><strong>Les lundis et les vendredis de 14h \u00e0 18h<\/strong><\/li>\n<\/ul>\n\n\n\n<p class=\"has-text-align-center\">Co\u00fbt : <strong>15\u20ac par an<\/strong>.<\/p>\n<\/div><\/div>\n\n\n\n<div style=\"height:20px\" aria-hidden=\"true\" class=\"wp-block-spacer\"><\/div>\n\n\n\n<div style=\"height:20px\" aria-hidden=\"true\" class=\"wp-block-spacer\"><\/div>\n\n\n\n<hr class=\"wp-block-separator has-alpha-channel-opacity\"\/>\n\n\n\n<div class=\"wp-block-media-text alignwide has-media-on-the-right is-stacked-on-mobile has-background\" style=\"background-color:#f4f3ef\"><div class=\"wp-block-media-text__content\">\n<p class=\"has-text-align-center has-large-font-size\"><strong>Tarot \u00e0 5<\/strong><\/p>\n\n\n\n<p><em>Le tarot \u00e0 5 est un jeu de cartes captivant o\u00f9 cinq joueurs s&rsquo;affrontent individuellement, chacun tentant de remporter des plis en utilisant des atouts, tout en essayant de d\u00e9jouer les strat\u00e9gies de leurs adversaires.<\/em><br><strong>Marie-Claire Peyrot<\/strong> et <strong>Fran\u00e7oise Barnier <\/strong>vous invite a rejoindre le club de tarot \u00e0 5 :<\/p>\n\n\n\n<ul class=\"wp-block-list\">\n<li><strong>Les jeudis de 14h \u00e0 18h<\/strong><\/li>\n<\/ul>\n\n\n\n<p class=\"has-text-align-center\">Co\u00fbt : <strong>15\u20ac par an<\/strong>.<\/p>\n<\/div><figure class=\"wp-block-media-text__media\"><img loading=\"lazy\" decoding=\"async\" width=\"1024\" height=\"576\" src=\"https:\/\/mptpetitcharran.fr\/wp-content\/uploads\/2024\/06\/poker-player-s-hand-with-royal-flush-heart-black-background-1024x576.jpg\" alt=\"\" class=\"wp-image-5637 size-full\" srcset=\"https:\/\/mptpetitcharran.fr\/wp-content\/uploads\/2024\/06\/poker-player-s-hand-with-royal-flush-heart-black-background-1024x576.jpg 1024w, https:\/\/mptpetitcharran.fr\/wp-content\/uploads\/2024\/06\/poker-player-s-hand-with-royal-flush-heart-black-background-300x169.jpg 300w, https:\/\/mptpetitcharran.fr\/wp-content\/uploads\/2024\/06\/poker-player-s-hand-with-royal-flush-heart-black-background-768x432.jpg 768w, https:\/\/mptpetitcharran.fr\/wp-content\/uploads\/2024\/06\/poker-player-s-hand-with-royal-flush-heart-black-background-1536x864.jpg 1536w, https:\/\/mptpetitcharran.fr\/wp-content\/uploads\/2024\/06\/poker-player-s-hand-with-royal-flush-heart-black-background-2048x1152.jpg 2048w, https:\/\/mptpetitcharran.fr\/wp-content\/uploads\/2024\/06\/poker-player-s-hand-with-royal-flush-heart-black-background-700x394.jpg 700w, https:\/\/mptpetitcharran.fr\/wp-content\/uploads\/2024\/06\/poker-player-s-hand-with-royal-flush-heart-black-background-2000x1125.jpg 2000w, https:\/\/mptpetitcharran.fr\/wp-content\/uploads\/2024\/06\/poker-player-s-hand-with-royal-flush-heart-black-background-711x400.jpg 711w\" sizes=\"auto, (max-width: 1024px) 100vw, 1024px\" \/><\/figure><\/div>\n\n\n\n<div style=\"height:20px\" aria-hidden=\"true\" class=\"wp-block-spacer\"><\/div>\n\n\n\n<hr class=\"wp-block-separator has-alpha-channel-opacity\"\/>\n\n\n\n<div class=\"wp-block-media-text alignwide is-stacked-on-mobile has-background\" style=\"background-color:#f4f3ef\"><figure class=\"wp-block-media-text__media\"><img loading=\"lazy\" decoding=\"async\" width=\"1024\" height=\"683\" src=\"https:\/\/mptpetitcharran.fr\/wp-content\/uploads\/2024\/06\/hands-playing-scrabble-game-carpet-home-1024x683.jpg\" alt=\"\" class=\"wp-image-5640 size-full\" srcset=\"https:\/\/mptpetitcharran.fr\/wp-content\/uploads\/2024\/06\/hands-playing-scrabble-game-carpet-home-1024x683.jpg 1024w, https:\/\/mptpetitcharran.fr\/wp-content\/uploads\/2024\/06\/hands-playing-scrabble-game-carpet-home-300x200.jpg 300w, https:\/\/mptpetitcharran.fr\/wp-content\/uploads\/2024\/06\/hands-playing-scrabble-game-carpet-home-768x512.jpg 768w, https:\/\/mptpetitcharran.fr\/wp-content\/uploads\/2024\/06\/hands-playing-scrabble-game-carpet-home-1536x1024.jpg 1536w, https:\/\/mptpetitcharran.fr\/wp-content\/uploads\/2024\/06\/hands-playing-scrabble-game-carpet-home-2048x1365.jpg 2048w, https:\/\/mptpetitcharran.fr\/wp-content\/uploads\/2024\/06\/hands-playing-scrabble-game-carpet-home-700x467.jpg 700w, https:\/\/mptpetitcharran.fr\/wp-content\/uploads\/2024\/06\/hands-playing-scrabble-game-carpet-home-2000x1333.jpg 2000w, https:\/\/mptpetitcharran.fr\/wp-content\/uploads\/2024\/06\/hands-playing-scrabble-game-carpet-home-900x600.jpg 900w, https:\/\/mptpetitcharran.fr\/wp-content\/uploads\/2024\/06\/hands-playing-scrabble-game-carpet-home-600x400.jpg 600w\" sizes=\"auto, (max-width: 1024px) 100vw, 1024px\" \/><\/figure><div class=\"wp-block-media-text__content\">\n<p class=\"has-text-align-center has-large-font-size\"><strong>Chiffres et lettres<\/strong><\/p>\n\n\n\n<p><em>Les joueurs doivent former des mots \u00e0 partir de lettres tir\u00e9es au hasard et r\u00e9soudre des calculs math\u00e9matiques en utilisant des chiffres donn\u00e9s, alliant vocabulaire, rapidit\u00e9 et comp\u00e9tences arithm\u00e9tiques.<\/em><br><strong>Edith Pillon<\/strong> vous invite a rejoindre le club des chiffres et des lettres :<\/p>\n\n\n\n<ul class=\"wp-block-list\">\n<li><strong>Les mardis de 14h \u00e0 18h<\/strong><\/li>\n<\/ul>\n\n\n\n<p class=\"has-text-align-center\">Co\u00fbt : <strong>15\u20ac par an<\/strong>.<\/p>\n<\/div><\/div>\n\n\n\n<div style=\"height:20px\" aria-hidden=\"true\" class=\"wp-block-spacer\"><\/div>\n\n\n\n<hr class=\"wp-block-separator has-alpha-channel-opacity\"\/>\n\n\n\n<div class=\"wp-block-media-text alignwide has-media-on-the-right is-stacked-on-mobile has-background\" style=\"background-color:#f4f3ef\"><div class=\"wp-block-media-text__content\">\n<p class=\"has-text-align-center has-large-font-size\"><strong>Scrabble \u00ab\u00a0en duplicate\u00a0\u00bb<\/strong><\/p>\n\n\n\n<p><em>Le Scrabble \u00ab\u00a0en duplicate\u00a0\u00bb est une variante du Scrabble traditionnel o\u00f9 tous les joueurs jouent avec les m\u00eames lettres et placent leurs mots sur des grilles individuelles, l&rsquo;objectif \u00e9tant de trouver le mot le plus rentable pour chaque coup, \u00e9liminant ainsi le facteur de chance et mettant l&rsquo;accent sur les comp\u00e9tences lexicales et strat\u00e9giques.<\/em><br><strong>Josiane Deygas<\/strong> et <strong>Pierrette Allix Boyer <\/strong>vous invite a rejoindre le club de scrabble :<\/p>\n\n\n\n<ul class=\"wp-block-list\">\n<li><strong>Les mardis et les vendredis de 14h \u00e0 16h30<\/strong><\/li>\n<\/ul>\n\n\n\n<p class=\"has-text-align-center\">Co\u00fbt : <strong>15\u20ac par an<\/strong>.<\/p>\n<\/div><figure class=\"wp-block-media-text__media\"><img loading=\"lazy\" decoding=\"async\" width=\"1024\" height=\"683\" src=\"https:\/\/mptpetitcharran.fr\/wp-content\/uploads\/2024\/06\/wooden-letter-dice-blue-table-1024x683.jpg\" alt=\"\" class=\"wp-image-5641 size-full\" srcset=\"https:\/\/mptpetitcharran.fr\/wp-content\/uploads\/2024\/06\/wooden-letter-dice-blue-table-1024x683.jpg 1024w, https:\/\/mptpetitcharran.fr\/wp-content\/uploads\/2024\/06\/wooden-letter-dice-blue-table-300x200.jpg 300w, https:\/\/mptpetitcharran.fr\/wp-content\/uploads\/2024\/06\/wooden-letter-dice-blue-table-768x512.jpg 768w, https:\/\/mptpetitcharran.fr\/wp-content\/uploads\/2024\/06\/wooden-letter-dice-blue-table-1536x1024.jpg 1536w, https:\/\/mptpetitcharran.fr\/wp-content\/uploads\/2024\/06\/wooden-letter-dice-blue-table-2048x1365.jpg 2048w, https:\/\/mptpetitcharran.fr\/wp-content\/uploads\/2024\/06\/wooden-letter-dice-blue-table-700x467.jpg 700w, https:\/\/mptpetitcharran.fr\/wp-content\/uploads\/2024\/06\/wooden-letter-dice-blue-table-2000x1333.jpg 2000w, https:\/\/mptpetitcharran.fr\/wp-content\/uploads\/2024\/06\/wooden-letter-dice-blue-table-900x600.jpg 900w, https:\/\/mptpetitcharran.fr\/wp-content\/uploads\/2024\/06\/wooden-letter-dice-blue-table-600x400.jpg 600w\" sizes=\"auto, (max-width: 1024px) 100vw, 1024px\" \/><\/figure><\/div>\n\n\n\n<p class=\"has-text-align-center has-white-background-color has-background\"><\/p>\n\n\n\n<p class=\"has-text-align-center has-white-background-color has-background\"><\/p>\n","protected":false},"excerpt":{"rendered":"","protected":false},"author":1,"featured_media":0,"parent":0,"menu_order":0,"comment_status":"closed","ping_status":"closed","template":"","meta":{"footnotes":""},"class_list":["post-257","page","type-page","status-publish","hentry"],"yoast_head":"<!-- This site is optimized with the Yoast SEO plugin v27.0 - https:\/\/yoast.com\/product\/yoast-seo-wordpress\/ -->\n<title>Jeux - Maison pour tous du Petit charran<\/title>\n<meta name=\"robots\" content=\"index, follow, max-snippet:-1, max-image-preview:large, max-video-preview:-1\" \/>\n<link rel=\"canonical\" href=\"https:\/\/mptpetitcharran.fr\/?page_id=257\" \/>\n<meta property=\"og:locale\" content=\"fr_FR\" \/>\n<meta property=\"og:type\" content=\"article\" \/>\n<meta property=\"og:title\" content=\"Jeux - Maison pour tous du Petit charran\" \/>\n<meta property=\"og:url\" content=\"https:\/\/mptpetitcharran.fr\/?page_id=257\" \/>\n<meta property=\"og:site_name\" content=\"Maison pour tous du Petit charran\" \/>\n<meta property=\"article:publisher\" content=\"https:\/\/www.facebook.com\/mptpetitcharran\" \/>\n<meta property=\"article:modified_time\" content=\"2025-06-27T14:46:11+00:00\" \/>\n<meta property=\"og:image\" content=\"https:\/\/mptpetitcharran.fr\/wp-content\/uploads\/2024\/06\/people-playing-bingo-together-scaled.jpg\" \/>\n\t<meta property=\"og:image:width\" content=\"2560\" \/>\n\t<meta property=\"og:image:height\" content=\"1707\" \/>\n\t<meta property=\"og:image:type\" content=\"image\/jpeg\" \/>\n<meta name=\"twitter:card\" content=\"summary_large_image\" \/>\n<meta name=\"twitter:label1\" content=\"Dur\u00e9e de lecture estim\u00e9e\" \/>\n\t<meta name=\"twitter:data1\" content=\"3 minutes\" \/>\n<script type=\"application\/ld+json\" class=\"yoast-schema-graph\">{\"@context\":\"https:\/\/schema.org\",\"@graph\":[{\"@type\":\"WebPage\",\"@id\":\"https:\/\/mptpetitcharran.fr\/?page_id=257\",\"url\":\"https:\/\/mptpetitcharran.fr\/?page_id=257\",\"name\":\"Jeux - Maison pour tous du Petit charran\",\"isPartOf\":{\"@id\":\"https:\/\/mptpetitcharran.fr\/#website\"},\"primaryImageOfPage\":{\"@id\":\"https:\/\/mptpetitcharran.fr\/?page_id=257#primaryimage\"},\"image\":{\"@id\":\"https:\/\/mptpetitcharran.fr\/?page_id=257#primaryimage\"},\"thumbnailUrl\":\"https:\/\/mptpetitcharran.fr\/wp-content\/uploads\/2024\/06\/people-playing-bingo-together-1024x683.jpg\",\"datePublished\":\"2019-06-06T13:05:48+00:00\",\"dateModified\":\"2025-06-27T14:46:11+00:00\",\"breadcrumb\":{\"@id\":\"https:\/\/mptpetitcharran.fr\/?page_id=257#breadcrumb\"},\"inLanguage\":\"fr-FR\",\"potentialAction\":[{\"@type\":\"ReadAction\",\"target\":[\"https:\/\/mptpetitcharran.fr\/?page_id=257\"]}]},{\"@type\":\"ImageObject\",\"inLanguage\":\"fr-FR\",\"@id\":\"https:\/\/mptpetitcharran.fr\/?page_id=257#primaryimage\",\"url\":\"https:\/\/mptpetitcharran.fr\/wp-content\/uploads\/2024\/06\/people-playing-bingo-together-scaled.jpg\",\"contentUrl\":\"https:\/\/mptpetitcharran.fr\/wp-content\/uploads\/2024\/06\/people-playing-bingo-together-scaled.jpg\",\"width\":2560,\"height\":1707},{\"@type\":\"BreadcrumbList\",\"@id\":\"https:\/\/mptpetitcharran.fr\/?page_id=257#breadcrumb\",\"itemListElement\":[{\"@type\":\"ListItem\",\"position\":1,\"name\":\"Accueil\",\"item\":\"https:\/\/mptpetitcharran.fr\/\"},{\"@type\":\"ListItem\",\"position\":2,\"name\":\"Jeux\"}]},{\"@type\":\"WebSite\",\"@id\":\"https:\/\/mptpetitcharran.fr\/#website\",\"url\":\"https:\/\/mptpetitcharran.fr\/\",\"name\":\"Maison pour tous du Petit charran\",\"description\":\"\",\"publisher\":{\"@id\":\"https:\/\/mptpetitcharran.fr\/#organization\"},\"potentialAction\":[{\"@type\":\"SearchAction\",\"target\":{\"@type\":\"EntryPoint\",\"urlTemplate\":\"https:\/\/mptpetitcharran.fr\/?s={search_term_string}\"},\"query-input\":{\"@type\":\"PropertyValueSpecification\",\"valueRequired\":true,\"valueName\":\"search_term_string\"}}],\"inLanguage\":\"fr-FR\"},{\"@type\":\"Organization\",\"@id\":\"https:\/\/mptpetitcharran.fr\/#organization\",\"name\":\"Maison pour tous du Petit charran\",\"url\":\"https:\/\/mptpetitcharran.fr\/\",\"logo\":{\"@type\":\"ImageObject\",\"inLanguage\":\"fr-FR\",\"@id\":\"https:\/\/mptpetitcharran.fr\/#\/schema\/logo\/image\/\",\"url\":\"http:\/\/mptpetitcharran.fr\/wp-content\/uploads\/2023\/07\/cropped-logo_mptpc.jpg\",\"contentUrl\":\"http:\/\/mptpetitcharran.fr\/wp-content\/uploads\/2023\/07\/cropped-logo_mptpc.jpg\",\"width\":532,\"height\":529,\"caption\":\"Maison pour tous du Petit charran\"},\"image\":{\"@id\":\"https:\/\/mptpetitcharran.fr\/#\/schema\/logo\/image\/\"},\"sameAs\":[\"https:\/\/www.facebook.com\/mptpetitcharran\",\"https:\/\/www.instagram.com\/mptpetitcharran\/\"]}]}<\/script>\n<!-- \/ Yoast SEO plugin. -->","yoast_head_json":{"title":"Jeux - Maison pour tous du Petit charran","robots":{"index":"index","follow":"follow","max-snippet":"max-snippet:-1","max-image-preview":"max-image-preview:large","max-video-preview":"max-video-preview:-1"},"canonical":"https:\/\/mptpetitcharran.fr\/?page_id=257","og_locale":"fr_FR","og_type":"article","og_title":"Jeux - Maison pour tous du Petit charran","og_url":"https:\/\/mptpetitcharran.fr\/?page_id=257","og_site_name":"Maison pour tous du Petit charran","article_publisher":"https:\/\/www.facebook.com\/mptpetitcharran","article_modified_time":"2025-06-27T14:46:11+00:00","og_image":[{"width":2560,"height":1707,"url":"https:\/\/mptpetitcharran.fr\/wp-content\/uploads\/2024\/06\/people-playing-bingo-together-scaled.jpg","type":"image\/jpeg"}],"twitter_card":"summary_large_image","twitter_misc":{"Dur\u00e9e de lecture estim\u00e9e":"3 minutes"},"schema":{"@context":"https:\/\/schema.org","@graph":[{"@type":"WebPage","@id":"https:\/\/mptpetitcharran.fr\/?page_id=257","url":"https:\/\/mptpetitcharran.fr\/?page_id=257","name":"Jeux - Maison pour tous du Petit charran","isPartOf":{"@id":"https:\/\/mptpetitcharran.fr\/#website"},"primaryImageOfPage":{"@id":"https:\/\/mptpetitcharran.fr\/?page_id=257#primaryimage"},"image":{"@id":"https:\/\/mptpetitcharran.fr\/?page_id=257#primaryimage"},"thumbnailUrl":"https:\/\/mptpetitcharran.fr\/wp-content\/uploads\/2024\/06\/people-playing-bingo-together-1024x683.jpg","datePublished":"2019-06-06T13:05:48+00:00","dateModified":"2025-06-27T14:46:11+00:00","breadcrumb":{"@id":"https:\/\/mptpetitcharran.fr\/?page_id=257#breadcrumb"},"inLanguage":"fr-FR","potentialAction":[{"@type":"ReadAction","target":["https:\/\/mptpetitcharran.fr\/?page_id=257"]}]},{"@type":"ImageObject","inLanguage":"fr-FR","@id":"https:\/\/mptpetitcharran.fr\/?page_id=257#primaryimage","url":"https:\/\/mptpetitcharran.fr\/wp-content\/uploads\/2024\/06\/people-playing-bingo-together-scaled.jpg","contentUrl":"https:\/\/mptpetitcharran.fr\/wp-content\/uploads\/2024\/06\/people-playing-bingo-together-scaled.jpg","width":2560,"height":1707},{"@type":"BreadcrumbList","@id":"https:\/\/mptpetitcharran.fr\/?page_id=257#breadcrumb","itemListElement":[{"@type":"ListItem","position":1,"name":"Accueil","item":"https:\/\/mptpetitcharran.fr\/"},{"@type":"ListItem","position":2,"name":"Jeux"}]},{"@type":"WebSite","@id":"https:\/\/mptpetitcharran.fr\/#website","url":"https:\/\/mptpetitcharran.fr\/","name":"Maison pour tous du Petit charran","description":"","publisher":{"@id":"https:\/\/mptpetitcharran.fr\/#organization"},"potentialAction":[{"@type":"SearchAction","target":{"@type":"EntryPoint","urlTemplate":"https:\/\/mptpetitcharran.fr\/?s={search_term_string}"},"query-input":{"@type":"PropertyValueSpecification","valueRequired":true,"valueName":"search_term_string"}}],"inLanguage":"fr-FR"},{"@type":"Organization","@id":"https:\/\/mptpetitcharran.fr\/#organization","name":"Maison pour tous du Petit charran","url":"https:\/\/mptpetitcharran.fr\/","logo":{"@type":"ImageObject","inLanguage":"fr-FR","@id":"https:\/\/mptpetitcharran.fr\/#\/schema\/logo\/image\/","url":"http:\/\/mptpetitcharran.fr\/wp-content\/uploads\/2023\/07\/cropped-logo_mptpc.jpg","contentUrl":"http:\/\/mptpetitcharran.fr\/wp-content\/uploads\/2023\/07\/cropped-logo_mptpc.jpg","width":532,"height":529,"caption":"Maison pour tous du Petit charran"},"image":{"@id":"https:\/\/mptpetitcharran.fr\/#\/schema\/logo\/image\/"},"sameAs":["https:\/\/www.facebook.com\/mptpetitcharran","https:\/\/www.instagram.com\/mptpetitcharran\/"]}]}},"publishpress_future_action":{"enabled":false,"date":"2026-04-27 04:56:14","action":"change-status","newStatus":"draft","terms":[],"taxonomy":"","extraData":[]},"publishpress_future_workflow_manual_trigger":{"enabledWorkflows":[]},"_links":{"self":[{"href":"https:\/\/mptpetitcharran.fr\/index.php?rest_route=\/wp\/v2\/pages\/257","targetHints":{"allow":["GET"]}}],"collection":[{"href":"https:\/\/mptpetitcharran.fr\/index.php?rest_route=\/wp\/v2\/pages"}],"about":[{"href":"https:\/\/mptpetitcharran.fr\/index.php?rest_route=\/wp\/v2\/types\/page"}],"author":[{"embeddable":true,"href":"https:\/\/mptpetitcharran.fr\/index.php?rest_route=\/wp\/v2\/users\/1"}],"replies":[{"embeddable":true,"href":"https:\/\/mptpetitcharran.fr\/index.php?rest_route=%2Fwp%2Fv2%2Fcomments&post=257"}],"version-history":[{"count":72,"href":"https:\/\/mptpetitcharran.fr\/index.php?rest_route=\/wp\/v2\/pages\/257\/revisions"}],"predecessor-version":[{"id":6488,"href":"https:\/\/mptpetitcharran.fr\/index.php?rest_route=\/wp\/v2\/pages\/257\/revisions\/6488"}],"wp:attachment":[{"href":"https:\/\/mptpetitcharran.fr\/index.php?rest_route=%2Fwp%2Fv2%2Fmedia&parent=257"}],"curies":[{"name":"wp","href":"https:\/\/api.w.org\/{rel}","templated":true}]}}