{"id":226,"date":"2019-06-06T14:40:40","date_gmt":"2019-06-06T12:40:40","guid":{"rendered":"https:\/\/mptpc.wordpress.com\/?page_id=226"},"modified":"2025-06-27T14:22:57","modified_gmt":"2025-06-27T13:22:57","slug":"corps-en-mouvement","status":"publish","type":"page","link":"https:\/\/mptpetitcharran.fr\/?page_id=226","title":{"rendered":"Corps en mouvement (ados)"},"content":{"rendered":"\n<p class=\"has-text-align-center has-white-background-color has-background\"><strong>LES ACTIVIT\u00c9S, <strong>MARQU\u00c9ES (1)<\/strong>, SONT CONDUITES PAR DES ASSOCIATIONS IND\u00c9PENDANTES :<br>LE CO\u00dbT DE L\u2019ACTIVIT\u00c9 EST \u00c0 R\u00c9GLER DIRECTEMENT \u00c0 L\u2019INTERVENANT. <\/strong><br>La carte d\u2019adh\u00e9sion est \u00e0 acquitter \u00e0 la MPT.<strong><br>LES ACTIVIT\u00c9S, <strong>MARQU\u00c9ES *<\/strong>, N\u00c9CESSITENT UNE BONNE CONDITION PHYSIQUE ET SPORTIVE.<\/strong><br>Assurez-vous aupr\u00e8s de votre m\u00e9decin traitant que vous \u00eates en capacit\u00e9 de pratiquer l\u2019activit\u00e9 choisie.<\/p>\n\n\n\n<div class=\"wp-block-media-text alignwide is-stacked-on-mobile has-background\" style=\"background-color:#f4f3ef;grid-template-columns:51% auto\"><figure class=\"wp-block-media-text__media\"><img loading=\"lazy\" decoding=\"async\" width=\"683\" height=\"1024\" src=\"https:\/\/mptpetitcharran.fr\/wp-content\/uploads\/2024\/06\/young-women-with-hula-hoop-683x1024.jpg\" alt=\"\" class=\"wp-image-5463 size-full\" srcset=\"https:\/\/mptpetitcharran.fr\/wp-content\/uploads\/2024\/06\/young-women-with-hula-hoop-683x1024.jpg 683w, https:\/\/mptpetitcharran.fr\/wp-content\/uploads\/2024\/06\/young-women-with-hula-hoop-200x300.jpg 200w, https:\/\/mptpetitcharran.fr\/wp-content\/uploads\/2024\/06\/young-women-with-hula-hoop-768x1152.jpg 768w, https:\/\/mptpetitcharran.fr\/wp-content\/uploads\/2024\/06\/young-women-with-hula-hoop-1024x1536.jpg 1024w, https:\/\/mptpetitcharran.fr\/wp-content\/uploads\/2024\/06\/young-women-with-hula-hoop-1365x2048.jpg 1365w, https:\/\/mptpetitcharran.fr\/wp-content\/uploads\/2024\/06\/young-women-with-hula-hoop-700x1050.jpg 700w, https:\/\/mptpetitcharran.fr\/wp-content\/uploads\/2024\/06\/young-women-with-hula-hoop-2000x3000.jpg 2000w, https:\/\/mptpetitcharran.fr\/wp-content\/uploads\/2024\/06\/young-women-with-hula-hoop-267x400.jpg 267w, https:\/\/mptpetitcharran.fr\/wp-content\/uploads\/2024\/06\/young-women-with-hula-hoop-scaled.jpg 1707w\" sizes=\"auto, (max-width: 683px) 100vw, 683px\" \/><\/figure><div class=\"wp-block-media-text__content\">\n<p class=\"has-text-align-center has-large-font-size\"><strong>Cirque<\/strong><sup>*<\/sup><\/p>\n\n\n\n<p><em>Des activit\u00e9s rassemblant jonglage, \u00e9quilibre, acrobaties et clowneries. <\/em><br><em>Tout au long de l\u2019ann\u00e9e, l\u2019enfant va prendre confiance en lui et pouvoir acqu\u00e9rir de nouvelles aptitudes psychomotrices.<\/em><\/p>\n\n\n\n<p>L\u2019animatrice <strong>Marika Mazzanti <\/strong>vous propose des cours de cirque : <br>le <strong>lundi de 18h \u00e0 20h. <\/strong><br>Co\u00fbt : <strong>299\u20ac par an<\/strong>.<\/p>\n<\/div><\/div>\n\n\n\n<div class=\"wp-block-media-text alignwide is-stacked-on-mobile has-background\" style=\"background-color:#f4f3ef;grid-template-columns:51% auto\"><figure class=\"wp-block-media-text__media\"><img loading=\"lazy\" decoding=\"async\" width=\"1024\" height=\"678\" src=\"https:\/\/mptpetitcharran.fr\/wp-content\/uploads\/2024\/06\/gym-room-1180062_1920-1024x678-1.jpg\" alt=\"\" class=\"wp-image-5467 size-full\" srcset=\"https:\/\/mptpetitcharran.fr\/wp-content\/uploads\/2024\/06\/gym-room-1180062_1920-1024x678-1.jpg 1024w, https:\/\/mptpetitcharran.fr\/wp-content\/uploads\/2024\/06\/gym-room-1180062_1920-1024x678-1-300x199.jpg 300w, https:\/\/mptpetitcharran.fr\/wp-content\/uploads\/2024\/06\/gym-room-1180062_1920-1024x678-1-768x509.jpg 768w, https:\/\/mptpetitcharran.fr\/wp-content\/uploads\/2024\/06\/gym-room-1180062_1920-1024x678-1-700x463.jpg 700w, https:\/\/mptpetitcharran.fr\/wp-content\/uploads\/2024\/06\/gym-room-1180062_1920-1024x678-1-604x400.jpg 604w\" sizes=\"auto, (max-width: 1024px) 100vw, 1024px\" \/><\/figure><div class=\"wp-block-media-text__content\">\n<p class=\"has-text-align-center has-large-font-size\"><strong>Gym tonic<\/strong>*<\/p>\n\n\n\n<p><em>Une partie cardio avec ou sans le step, puis une partie renforcement musculaire&nbsp;souvent avec du mat\u00e9riel. Quelques \u00e9tirement pour finir.<\/em><\/p>\n\n\n\n<p>L\u2019animateur <strong>Alexandre D&rsquo;All&rsquo;Agnol<\/strong> vous propose une activit\u00e9 de gym tonic <strong>les jeudis de 18h15 \u00e0 19h15.<\/strong><br>Co\u00fbt : <strong>1H : 115\u20ac\/an <\/strong><\/p>\n<\/div><\/div>\n\n\n\n<hr class=\"wp-block-separator has-text-color has-white-color has-alpha-channel-opacity has-white-background-color has-background is-style-dots\"\/>\n\n\n\n<div class=\"wp-block-media-text alignwide is-stacked-on-mobile has-background\" style=\"background-color:#f4f3ef;grid-template-columns:51% auto\"><figure class=\"wp-block-media-text__media\"><img loading=\"lazy\" decoding=\"async\" width=\"1024\" height=\"683\" src=\"https:\/\/mptpetitcharran.fr\/wp-content\/uploads\/2024\/06\/beautiful-athletic-sportswear-girl-training-gym-1024x683.jpg\" alt=\"\" class=\"wp-image-5468 size-full\" srcset=\"https:\/\/mptpetitcharran.fr\/wp-content\/uploads\/2024\/06\/beautiful-athletic-sportswear-girl-training-gym-1024x683.jpg 1024w, https:\/\/mptpetitcharran.fr\/wp-content\/uploads\/2024\/06\/beautiful-athletic-sportswear-girl-training-gym-300x200.jpg 300w, https:\/\/mptpetitcharran.fr\/wp-content\/uploads\/2024\/06\/beautiful-athletic-sportswear-girl-training-gym-768x512.jpg 768w, https:\/\/mptpetitcharran.fr\/wp-content\/uploads\/2024\/06\/beautiful-athletic-sportswear-girl-training-gym-1536x1024.jpg 1536w, https:\/\/mptpetitcharran.fr\/wp-content\/uploads\/2024\/06\/beautiful-athletic-sportswear-girl-training-gym-2048x1365.jpg 2048w, https:\/\/mptpetitcharran.fr\/wp-content\/uploads\/2024\/06\/beautiful-athletic-sportswear-girl-training-gym-700x467.jpg 700w, https:\/\/mptpetitcharran.fr\/wp-content\/uploads\/2024\/06\/beautiful-athletic-sportswear-girl-training-gym-2000x1333.jpg 2000w, https:\/\/mptpetitcharran.fr\/wp-content\/uploads\/2024\/06\/beautiful-athletic-sportswear-girl-training-gym-900x600.jpg 900w, https:\/\/mptpetitcharran.fr\/wp-content\/uploads\/2024\/06\/beautiful-athletic-sportswear-girl-training-gym-600x400.jpg 600w\" sizes=\"auto, (max-width: 1024px) 100vw, 1024px\" \/><\/figure><div class=\"wp-block-media-text__content\">\n<p class=\"has-text-align-center has-large-font-size\"><strong>Cardio boxing<\/strong>*<\/p>\n\n\n\n<p><em>Le cours de cardio boxing se basent sur des mouvements d\u2019arts martiaux pieds \/ poings. Des mouvements simples permettant de travailler la souplesse, la coordination, la condition physique et le renforcement musculaire<\/em>.<\/p>\n\n\n\n<p>L\u2019animateur <strong>Alexandre D&rsquo;All&rsquo;Agnol<\/strong> vous propose une activit\u00e9 de gym tonic <strong>les jeudis de 19h15 \u00e0 20h15.<\/strong><br>Co\u00fbt : <strong>1H : 115\u20ac\/an <\/strong><\/p>\n<\/div><\/div>\n\n\n\n<hr class=\"wp-block-separator has-text-color has-white-color has-alpha-channel-opacity has-white-background-color has-background is-style-dots\"\/>\n\n\n\n<div class=\"wp-block-media-text alignwide is-stacked-on-mobile has-background\" style=\"background-color:#f4f3ef;grid-template-columns:51% auto\"><figure class=\"wp-block-media-text__media\"><img loading=\"lazy\" decoding=\"async\" width=\"1024\" height=\"672\" src=\"https:\/\/mptpetitcharran.fr\/wp-content\/uploads\/2024\/06\/medium-shot-people-playing-videogames-1024x672.jpg\" alt=\"\" class=\"wp-image-5469 size-full\" srcset=\"https:\/\/mptpetitcharran.fr\/wp-content\/uploads\/2024\/06\/medium-shot-people-playing-videogames-1024x672.jpg 1024w, https:\/\/mptpetitcharran.fr\/wp-content\/uploads\/2024\/06\/medium-shot-people-playing-videogames-300x197.jpg 300w, https:\/\/mptpetitcharran.fr\/wp-content\/uploads\/2024\/06\/medium-shot-people-playing-videogames-768x504.jpg 768w, https:\/\/mptpetitcharran.fr\/wp-content\/uploads\/2024\/06\/medium-shot-people-playing-videogames-1536x1008.jpg 1536w, https:\/\/mptpetitcharran.fr\/wp-content\/uploads\/2024\/06\/medium-shot-people-playing-videogames-2048x1344.jpg 2048w, https:\/\/mptpetitcharran.fr\/wp-content\/uploads\/2024\/06\/medium-shot-people-playing-videogames-700x459.jpg 700w, https:\/\/mptpetitcharran.fr\/wp-content\/uploads\/2024\/06\/medium-shot-people-playing-videogames-2000x1313.jpg 2000w, https:\/\/mptpetitcharran.fr\/wp-content\/uploads\/2024\/06\/medium-shot-people-playing-videogames-609x400.jpg 609w\" sizes=\"auto, (max-width: 1024px) 100vw, 1024px\" \/><\/figure><div class=\"wp-block-media-text__content\">\n<p class=\"has-text-align-center has-large-font-size\"><strong>Esport 12-17 ans<\/strong><\/p>\n\n\n\n<p><em>Le Esport est une discipline qui combine strat\u00e9gie, r\u00e9flexion rapide et travail d\u2019\u00e9quipe, permettant aux joueurs de se mesurer les uns aux autres dans des tournois palpitants et de repousser les limites de leurs comp\u00e9tences virtuelles.<\/em><\/p>\n\n\n\n<p>L\u2019animateur <strong>Mathieu Gounon<\/strong> va vous accompagner dans cette discipline <strong>le jeudi de 10h \u00e0 12h.<\/strong><br>Co\u00fbt <strong>: 299\u20ac\/an<\/strong> avec maillot inclus.<\/p>\n<\/div><\/div>\n\n\n\n<hr class=\"wp-block-separator has-text-color has-white-color has-alpha-channel-opacity has-white-background-color has-background is-style-dots\"\/>\n","protected":false},"excerpt":{"rendered":"<p>LES ACTIVIT\u00c9S, MARQU\u00c9ES (1), SONT CONDUITES PAR DES ASSOCIATIONS IND\u00c9PENDANTES :LE CO\u00dbT DE L\u2019ACTIVIT\u00c9 EST \u00c0 R\u00c9GLER DIRECTEMENT \u00c0 L\u2019INTERVENANT. La carte d\u2019adh\u00e9sion est \u00e0 acquitter \u00e0 la MPT.LES ACTIVIT\u00c9S, &hellip; <a href=\"https:\/\/mptpetitcharran.fr\/?page_id=226\" class=\"more-link\">Continue reading <span class=\"screen-reader-text\">Corps en mouvement (ados)<\/span> <span class=\"meta-nav\">&rarr;<\/span><\/a><\/p>\n","protected":false},"author":1,"featured_media":0,"parent":0,"menu_order":0,"comment_status":"closed","ping_status":"closed","template":"","meta":{"footnotes":""},"class_list":["post-226","page","type-page","status-publish","hentry"],"yoast_head":"<!-- This site is optimized with the Yoast SEO plugin v27.0 - https:\/\/yoast.com\/product\/yoast-seo-wordpress\/ -->\n<title>Corps en mouvement (ados) - Maison pour tous du Petit charran<\/title>\n<meta name=\"robots\" content=\"index, follow, max-snippet:-1, max-image-preview:large, max-video-preview:-1\" \/>\n<link rel=\"canonical\" href=\"https:\/\/mptpetitcharran.fr\/?page_id=226\" \/>\n<meta property=\"og:locale\" content=\"fr_FR\" \/>\n<meta property=\"og:type\" content=\"article\" \/>\n<meta property=\"og:title\" content=\"Corps en mouvement (ados) - Maison pour tous du Petit charran\" \/>\n<meta property=\"og:description\" content=\"LES ACTIVIT\u00c9S, MARQU\u00c9ES (1), SONT CONDUITES PAR DES ASSOCIATIONS IND\u00c9PENDANTES :LE CO\u00dbT DE L\u2019ACTIVIT\u00c9 EST \u00c0 R\u00c9GLER DIRECTEMENT \u00c0 L\u2019INTERVENANT. La carte d\u2019adh\u00e9sion est \u00e0 acquitter \u00e0 la MPT.LES ACTIVIT\u00c9S, &hellip; Continue reading Corps en mouvement (ados) &rarr;\" \/>\n<meta property=\"og:url\" content=\"https:\/\/mptpetitcharran.fr\/?page_id=226\" \/>\n<meta property=\"og:site_name\" content=\"Maison pour tous du Petit charran\" \/>\n<meta property=\"article:publisher\" content=\"https:\/\/www.facebook.com\/mptpetitcharran\" \/>\n<meta property=\"article:modified_time\" content=\"2025-06-27T13:22:57+00:00\" \/>\n<meta property=\"og:image\" content=\"http:\/\/mptpetitcharran.fr\/wp-content\/uploads\/2024\/06\/young-women-with-hula-hoop-683x1024.jpg\" \/>\n<meta name=\"twitter:card\" content=\"summary_large_image\" \/>\n<meta name=\"twitter:label1\" content=\"Dur\u00e9e de lecture estim\u00e9e\" \/>\n\t<meta name=\"twitter:data1\" content=\"3 minutes\" \/>\n<script type=\"application\/ld+json\" class=\"yoast-schema-graph\">{\"@context\":\"https:\/\/schema.org\",\"@graph\":[{\"@type\":\"WebPage\",\"@id\":\"https:\/\/mptpetitcharran.fr\/?page_id=226\",\"url\":\"https:\/\/mptpetitcharran.fr\/?page_id=226\",\"name\":\"Corps en mouvement (ados) - Maison pour tous du Petit charran\",\"isPartOf\":{\"@id\":\"https:\/\/mptpetitcharran.fr\/#website\"},\"primaryImageOfPage\":{\"@id\":\"https:\/\/mptpetitcharran.fr\/?page_id=226#primaryimage\"},\"image\":{\"@id\":\"https:\/\/mptpetitcharran.fr\/?page_id=226#primaryimage\"},\"thumbnailUrl\":\"http:\/\/mptpetitcharran.fr\/wp-content\/uploads\/2024\/06\/young-women-with-hula-hoop-683x1024.jpg\",\"datePublished\":\"2019-06-06T12:40:40+00:00\",\"dateModified\":\"2025-06-27T13:22:57+00:00\",\"breadcrumb\":{\"@id\":\"https:\/\/mptpetitcharran.fr\/?page_id=226#breadcrumb\"},\"inLanguage\":\"fr-FR\",\"potentialAction\":[{\"@type\":\"ReadAction\",\"target\":[\"https:\/\/mptpetitcharran.fr\/?page_id=226\"]}]},{\"@type\":\"ImageObject\",\"inLanguage\":\"fr-FR\",\"@id\":\"https:\/\/mptpetitcharran.fr\/?page_id=226#primaryimage\",\"url\":\"http:\/\/mptpetitcharran.fr\/wp-content\/uploads\/2024\/06\/young-women-with-hula-hoop-683x1024.jpg\",\"contentUrl\":\"http:\/\/mptpetitcharran.fr\/wp-content\/uploads\/2024\/06\/young-women-with-hula-hoop-683x1024.jpg\"},{\"@type\":\"BreadcrumbList\",\"@id\":\"https:\/\/mptpetitcharran.fr\/?page_id=226#breadcrumb\",\"itemListElement\":[{\"@type\":\"ListItem\",\"position\":1,\"name\":\"Accueil\",\"item\":\"https:\/\/mptpetitcharran.fr\/\"},{\"@type\":\"ListItem\",\"position\":2,\"name\":\"Corps en mouvement (ados)\"}]},{\"@type\":\"WebSite\",\"@id\":\"https:\/\/mptpetitcharran.fr\/#website\",\"url\":\"https:\/\/mptpetitcharran.fr\/\",\"name\":\"Maison pour tous du Petit charran\",\"description\":\"\",\"publisher\":{\"@id\":\"https:\/\/mptpetitcharran.fr\/#organization\"},\"potentialAction\":[{\"@type\":\"SearchAction\",\"target\":{\"@type\":\"EntryPoint\",\"urlTemplate\":\"https:\/\/mptpetitcharran.fr\/?s={search_term_string}\"},\"query-input\":{\"@type\":\"PropertyValueSpecification\",\"valueRequired\":true,\"valueName\":\"search_term_string\"}}],\"inLanguage\":\"fr-FR\"},{\"@type\":\"Organization\",\"@id\":\"https:\/\/mptpetitcharran.fr\/#organization\",\"name\":\"Maison pour tous du Petit charran\",\"url\":\"https:\/\/mptpetitcharran.fr\/\",\"logo\":{\"@type\":\"ImageObject\",\"inLanguage\":\"fr-FR\",\"@id\":\"https:\/\/mptpetitcharran.fr\/#\/schema\/logo\/image\/\",\"url\":\"http:\/\/mptpetitcharran.fr\/wp-content\/uploads\/2023\/07\/cropped-logo_mptpc.jpg\",\"contentUrl\":\"http:\/\/mptpetitcharran.fr\/wp-content\/uploads\/2023\/07\/cropped-logo_mptpc.jpg\",\"width\":532,\"height\":529,\"caption\":\"Maison pour tous du Petit charran\"},\"image\":{\"@id\":\"https:\/\/mptpetitcharran.fr\/#\/schema\/logo\/image\/\"},\"sameAs\":[\"https:\/\/www.facebook.com\/mptpetitcharran\",\"https:\/\/www.instagram.com\/mptpetitcharran\/\"]}]}<\/script>\n<!-- \/ Yoast SEO plugin. -->","yoast_head_json":{"title":"Corps en mouvement (ados) - Maison pour tous du Petit charran","robots":{"index":"index","follow":"follow","max-snippet":"max-snippet:-1","max-image-preview":"max-image-preview:large","max-video-preview":"max-video-preview:-1"},"canonical":"https:\/\/mptpetitcharran.fr\/?page_id=226","og_locale":"fr_FR","og_type":"article","og_title":"Corps en mouvement (ados) - Maison pour tous du Petit charran","og_description":"LES ACTIVIT\u00c9S, MARQU\u00c9ES (1), SONT CONDUITES PAR DES ASSOCIATIONS IND\u00c9PENDANTES :LE CO\u00dbT DE L\u2019ACTIVIT\u00c9 EST \u00c0 R\u00c9GLER DIRECTEMENT \u00c0 L\u2019INTERVENANT. La carte d\u2019adh\u00e9sion est \u00e0 acquitter \u00e0 la MPT.LES ACTIVIT\u00c9S, &hellip; Continue reading Corps en mouvement (ados) &rarr;","og_url":"https:\/\/mptpetitcharran.fr\/?page_id=226","og_site_name":"Maison pour tous du Petit charran","article_publisher":"https:\/\/www.facebook.com\/mptpetitcharran","article_modified_time":"2025-06-27T13:22:57+00:00","og_image":[{"url":"http:\/\/mptpetitcharran.fr\/wp-content\/uploads\/2024\/06\/young-women-with-hula-hoop-683x1024.jpg","type":"","width":"","height":""}],"twitter_card":"summary_large_image","twitter_misc":{"Dur\u00e9e de lecture estim\u00e9e":"3 minutes"},"schema":{"@context":"https:\/\/schema.org","@graph":[{"@type":"WebPage","@id":"https:\/\/mptpetitcharran.fr\/?page_id=226","url":"https:\/\/mptpetitcharran.fr\/?page_id=226","name":"Corps en mouvement (ados) - Maison pour tous du Petit charran","isPartOf":{"@id":"https:\/\/mptpetitcharran.fr\/#website"},"primaryImageOfPage":{"@id":"https:\/\/mptpetitcharran.fr\/?page_id=226#primaryimage"},"image":{"@id":"https:\/\/mptpetitcharran.fr\/?page_id=226#primaryimage"},"thumbnailUrl":"http:\/\/mptpetitcharran.fr\/wp-content\/uploads\/2024\/06\/young-women-with-hula-hoop-683x1024.jpg","datePublished":"2019-06-06T12:40:40+00:00","dateModified":"2025-06-27T13:22:57+00:00","breadcrumb":{"@id":"https:\/\/mptpetitcharran.fr\/?page_id=226#breadcrumb"},"inLanguage":"fr-FR","potentialAction":[{"@type":"ReadAction","target":["https:\/\/mptpetitcharran.fr\/?page_id=226"]}]},{"@type":"ImageObject","inLanguage":"fr-FR","@id":"https:\/\/mptpetitcharran.fr\/?page_id=226#primaryimage","url":"http:\/\/mptpetitcharran.fr\/wp-content\/uploads\/2024\/06\/young-women-with-hula-hoop-683x1024.jpg","contentUrl":"http:\/\/mptpetitcharran.fr\/wp-content\/uploads\/2024\/06\/young-women-with-hula-hoop-683x1024.jpg"},{"@type":"BreadcrumbList","@id":"https:\/\/mptpetitcharran.fr\/?page_id=226#breadcrumb","itemListElement":[{"@type":"ListItem","position":1,"name":"Accueil","item":"https:\/\/mptpetitcharran.fr\/"},{"@type":"ListItem","position":2,"name":"Corps en mouvement (ados)"}]},{"@type":"WebSite","@id":"https:\/\/mptpetitcharran.fr\/#website","url":"https:\/\/mptpetitcharran.fr\/","name":"Maison pour tous du Petit charran","description":"","publisher":{"@id":"https:\/\/mptpetitcharran.fr\/#organization"},"potentialAction":[{"@type":"SearchAction","target":{"@type":"EntryPoint","urlTemplate":"https:\/\/mptpetitcharran.fr\/?s={search_term_string}"},"query-input":{"@type":"PropertyValueSpecification","valueRequired":true,"valueName":"search_term_string"}}],"inLanguage":"fr-FR"},{"@type":"Organization","@id":"https:\/\/mptpetitcharran.fr\/#organization","name":"Maison pour tous du Petit charran","url":"https:\/\/mptpetitcharran.fr\/","logo":{"@type":"ImageObject","inLanguage":"fr-FR","@id":"https:\/\/mptpetitcharran.fr\/#\/schema\/logo\/image\/","url":"http:\/\/mptpetitcharran.fr\/wp-content\/uploads\/2023\/07\/cropped-logo_mptpc.jpg","contentUrl":"http:\/\/mptpetitcharran.fr\/wp-content\/uploads\/2023\/07\/cropped-logo_mptpc.jpg","width":532,"height":529,"caption":"Maison pour tous du Petit charran"},"image":{"@id":"https:\/\/mptpetitcharran.fr\/#\/schema\/logo\/image\/"},"sameAs":["https:\/\/www.facebook.com\/mptpetitcharran","https:\/\/www.instagram.com\/mptpetitcharran\/"]}]}},"publishpress_future_action":{"enabled":false,"date":"2026-04-29 09:55:33","action":"change-status","newStatus":"draft","terms":[],"taxonomy":"","extraData":[]},"publishpress_future_workflow_manual_trigger":{"enabledWorkflows":[]},"_links":{"self":[{"href":"https:\/\/mptpetitcharran.fr\/index.php?rest_route=\/wp\/v2\/pages\/226","targetHints":{"allow":["GET"]}}],"collection":[{"href":"https:\/\/mptpetitcharran.fr\/index.php?rest_route=\/wp\/v2\/pages"}],"about":[{"href":"https:\/\/mptpetitcharran.fr\/index.php?rest_route=\/wp\/v2\/types\/page"}],"author":[{"embeddable":true,"href":"https:\/\/mptpetitcharran.fr\/index.php?rest_route=\/wp\/v2\/users\/1"}],"replies":[{"embeddable":true,"href":"https:\/\/mptpetitcharran.fr\/index.php?rest_route=%2Fwp%2Fv2%2Fcomments&post=226"}],"version-history":[{"count":47,"href":"https:\/\/mptpetitcharran.fr\/index.php?rest_route=\/wp\/v2\/pages\/226\/revisions"}],"predecessor-version":[{"id":6413,"href":"https:\/\/mptpetitcharran.fr\/index.php?rest_route=\/wp\/v2\/pages\/226\/revisions\/6413"}],"wp:attachment":[{"href":"https:\/\/mptpetitcharran.fr\/index.php?rest_route=%2Fwp%2Fv2%2Fmedia&parent=226"}],"curies":[{"name":"wp","href":"https:\/\/api.w.org\/{rel}","templated":true}]}}