{"id":222,"date":"2019-06-06T14:40:26","date_gmt":"2019-06-06T12:40:26","guid":{"rendered":"https:\/\/mptpc.wordpress.com\/?page_id=222"},"modified":"2025-10-13T13:22:53","modified_gmt":"2025-10-13T12:22:53","slug":"expression-artistique-culturelle","status":"publish","type":"page","link":"https:\/\/mptpetitcharran.fr\/?page_id=222","title":{"rendered":"Expression artistique et culturelle"},"content":{"rendered":"\n<hr class=\"wp-block-separator has-text-color has-white-color has-alpha-channel-opacity has-white-background-color has-background is-style-dots\"\/>\n\n\n\n<div class=\"wp-block-media-text alignwide has-media-on-the-right is-stacked-on-mobile has-background\" style=\"background-color:#f4f3ef\"><div class=\"wp-block-media-text__content\">\n<p class=\"has-text-align-center has-large-font-size\"><strong>Tous en sc\u00e8ne<\/strong><br>musique et jeux de sc\u00e8ne [NEW]<\/p>\n\n\n\n<p class=\"has-text-align-center\">L&rsquo;animatrice <strong>Armelle Vautrot<\/strong><br>vous propose une activit\u00e9 d&rsquo;\u00e9veil musical <br>pour les <strong>7-14 ans<\/strong> <strong>les mercredis<\/strong> de <strong>13h30-14h30. <\/strong><br>Co\u00fbt : <strong>152\u20ac par an<\/strong><\/p>\n<\/div><figure class=\"wp-block-media-text__media\"><img loading=\"lazy\" decoding=\"async\" width=\"1024\" height=\"1024\" src=\"https:\/\/mptpetitcharran.fr\/wp-content\/uploads\/2025\/06\/Copie-de-Carroussel-post-activite-MPT-Nouvelle-activite7-1024x1024.png\" alt=\"\" class=\"wp-image-6379 size-full\" srcset=\"https:\/\/mptpetitcharran.fr\/wp-content\/uploads\/2025\/06\/Copie-de-Carroussel-post-activite-MPT-Nouvelle-activite7-1024x1024.png 1024w, https:\/\/mptpetitcharran.fr\/wp-content\/uploads\/2025\/06\/Copie-de-Carroussel-post-activite-MPT-Nouvelle-activite7-300x300.png 300w, https:\/\/mptpetitcharran.fr\/wp-content\/uploads\/2025\/06\/Copie-de-Carroussel-post-activite-MPT-Nouvelle-activite7-150x150.png 150w, https:\/\/mptpetitcharran.fr\/wp-content\/uploads\/2025\/06\/Copie-de-Carroussel-post-activite-MPT-Nouvelle-activite7-768x768.png 768w, https:\/\/mptpetitcharran.fr\/wp-content\/uploads\/2025\/06\/Copie-de-Carroussel-post-activite-MPT-Nouvelle-activite7-700x700.png 700w, https:\/\/mptpetitcharran.fr\/wp-content\/uploads\/2025\/06\/Copie-de-Carroussel-post-activite-MPT-Nouvelle-activite7-100x100.png 100w, https:\/\/mptpetitcharran.fr\/wp-content\/uploads\/2025\/06\/Copie-de-Carroussel-post-activite-MPT-Nouvelle-activite7-400x400.png 400w, https:\/\/mptpetitcharran.fr\/wp-content\/uploads\/2025\/06\/Copie-de-Carroussel-post-activite-MPT-Nouvelle-activite7.png 1080w\" sizes=\"auto, (max-width: 1024px) 100vw, 1024px\" \/><\/figure><\/div>\n\n\n\n<hr class=\"wp-block-separator has-text-color has-white-color has-alpha-channel-opacity has-white-background-color has-background is-style-dots\"\/>\n\n\n\n<div class=\"wp-block-media-text alignwide is-stacked-on-mobile has-background\" style=\"background-color:#f4f3ef\"><figure class=\"wp-block-media-text__media\"><img loading=\"lazy\" decoding=\"async\" width=\"474\" height=\"355\" src=\"https:\/\/mptpetitcharran.fr\/wp-content\/uploads\/2022\/07\/poterie.webp\" alt=\"\" class=\"wp-image-3631 size-full\" srcset=\"https:\/\/mptpetitcharran.fr\/wp-content\/uploads\/2022\/07\/poterie.webp 474w, https:\/\/mptpetitcharran.fr\/wp-content\/uploads\/2022\/07\/poterie-300x225.webp 300w\" sizes=\"auto, (max-width: 474px) 100vw, 474px\" \/><\/figure><div class=\"wp-block-media-text__content\">\n<p class=\"has-text-align-center has-large-font-size\"><strong>Poterie et modelage<\/strong><\/p>\n\n\n\n<p class=\"has-text-align-center\">L&rsquo;animatrice<strong> <strong>Alexandra Lambert<\/strong> <\/strong>vous propose une activit\u00e9 de poterie et de modelage pour les <strong>5\/10 ans<\/strong> <strong>les mercredis<\/strong> de <strong>17h-18h. <\/strong><br>Co\u00fbt : <strong>152\u20ac par an<\/strong><\/p>\n<\/div><\/div>\n\n\n\n<hr class=\"wp-block-separator has-text-color has-white-color has-alpha-channel-opacity has-white-background-color has-background is-style-dots\"\/>\n\n\n\n<div class=\"wp-block-media-text alignwide is-stacked-on-mobile has-background\" style=\"background-color:#f4f3ef\"><figure class=\"wp-block-media-text__media\"><img loading=\"lazy\" decoding=\"async\" width=\"1024\" height=\"683\" src=\"https:\/\/mptpetitcharran.fr\/wp-content\/uploads\/2024\/06\/two-young-girls-working-together-using-their-laptop-tablet-1024x683.jpg\" alt=\"\" class=\"wp-image-5441 size-full\" srcset=\"https:\/\/mptpetitcharran.fr\/wp-content\/uploads\/2024\/06\/two-young-girls-working-together-using-their-laptop-tablet-1024x683.jpg 1024w, https:\/\/mptpetitcharran.fr\/wp-content\/uploads\/2024\/06\/two-young-girls-working-together-using-their-laptop-tablet-300x200.jpg 300w, https:\/\/mptpetitcharran.fr\/wp-content\/uploads\/2024\/06\/two-young-girls-working-together-using-their-laptop-tablet-768x512.jpg 768w, https:\/\/mptpetitcharran.fr\/wp-content\/uploads\/2024\/06\/two-young-girls-working-together-using-their-laptop-tablet-1536x1024.jpg 1536w, https:\/\/mptpetitcharran.fr\/wp-content\/uploads\/2024\/06\/two-young-girls-working-together-using-their-laptop-tablet-2048x1365.jpg 2048w, https:\/\/mptpetitcharran.fr\/wp-content\/uploads\/2024\/06\/two-young-girls-working-together-using-their-laptop-tablet-700x467.jpg 700w, https:\/\/mptpetitcharran.fr\/wp-content\/uploads\/2024\/06\/two-young-girls-working-together-using-their-laptop-tablet-2000x1333.jpg 2000w, https:\/\/mptpetitcharran.fr\/wp-content\/uploads\/2024\/06\/two-young-girls-working-together-using-their-laptop-tablet-900x600.jpg 900w, https:\/\/mptpetitcharran.fr\/wp-content\/uploads\/2024\/06\/two-young-girls-working-together-using-their-laptop-tablet-600x400.jpg 600w\" sizes=\"auto, (max-width: 1024px) 100vw, 1024px\" \/><\/figure><div class=\"wp-block-media-text__content\">\n<p class=\"has-text-align-center has-large-font-size\"><strong>Code club<\/strong><\/p>\n\n\n\n<p class=\"has-text-align-center\">L&rsquo;animatrice <strong>Marie Fave<\/strong> vous propose d&rsquo;apprendre \u00e0 coder avec l&rsquo;outil Scratch pour <strong>Cycle de 10 s\u00e9ances<\/strong> pour les <strong>8-11 ans<\/strong><br>les <strong>mardis 17h \u00e0 18h30<\/strong> <br>sur un trimestre au choix<br>Co\u00fbt : <strong>15\u20ac par cycle<\/strong><\/p>\n<\/div><\/div>\n\n\n\n<hr class=\"wp-block-separator has-text-color has-white-color has-alpha-channel-opacity has-white-background-color has-background is-style-dots\"\/>\n\n\n\n<div class=\"wp-block-media-text alignwide has-media-on-the-right is-stacked-on-mobile has-background\" style=\"background-color:#f4f3ef\"><div class=\"wp-block-media-text__content\">\n<p class=\"has-text-align-center has-large-font-size\"><strong>Stage artistique<\/strong><\/p>\n\n\n\n<p><em>Atelier d&rsquo;exploration artistique con\u00e7u pour stimuler l&rsquo;imaginaire des jeunes. Chaque s\u00e9ance mensuel invitent les participants \u00e0 explorer une multitude de techniques, de formes, de mati\u00e8res et de gestes. Ces ateliers seront aussi l&rsquo;occasion de d\u00e9couvrir des travaux d&rsquo;artistes.<\/em><\/p>\n\n\n\n<p class=\"has-text-align-center\">L&rsquo;animatrice <strong>Jannice Guilloux <\/strong><br>vous propose une fois par mois un stage artistique pour les <strong>6 \u00e0 12 ans<\/strong>.<br><strong>1 fois par mois les samedis<\/strong> de <strong>9h30-11h30. <\/strong><br><strong>20\/09, 4\/10, 15\/11, 6\/12, 17\/01, 28\/02, 21\/03, 4\/04, 30\/05<\/strong> <br>Co\u00fbt : <strong>115\u20ac par an<\/strong><\/p>\n<\/div><figure class=\"wp-block-media-text__media\"><img loading=\"lazy\" decoding=\"async\" width=\"1024\" height=\"681\" src=\"https:\/\/mptpetitcharran.fr\/wp-content\/uploads\/2024\/06\/medium-shot-kids-painting-together-1024x681.jpg\" alt=\"\" class=\"wp-image-5442 size-full\" srcset=\"https:\/\/mptpetitcharran.fr\/wp-content\/uploads\/2024\/06\/medium-shot-kids-painting-together-1024x681.jpg 1024w, https:\/\/mptpetitcharran.fr\/wp-content\/uploads\/2024\/06\/medium-shot-kids-painting-together-300x200.jpg 300w, https:\/\/mptpetitcharran.fr\/wp-content\/uploads\/2024\/06\/medium-shot-kids-painting-together-768x511.jpg 768w, https:\/\/mptpetitcharran.fr\/wp-content\/uploads\/2024\/06\/medium-shot-kids-painting-together-1536x1022.jpg 1536w, https:\/\/mptpetitcharran.fr\/wp-content\/uploads\/2024\/06\/medium-shot-kids-painting-together-2048x1363.jpg 2048w, https:\/\/mptpetitcharran.fr\/wp-content\/uploads\/2024\/06\/medium-shot-kids-painting-together-700x466.jpg 700w, https:\/\/mptpetitcharran.fr\/wp-content\/uploads\/2024\/06\/medium-shot-kids-painting-together-2000x1331.jpg 2000w, https:\/\/mptpetitcharran.fr\/wp-content\/uploads\/2024\/06\/medium-shot-kids-painting-together-900x600.jpg 900w, https:\/\/mptpetitcharran.fr\/wp-content\/uploads\/2024\/06\/medium-shot-kids-painting-together-601x400.jpg 601w\" sizes=\"auto, (max-width: 1024px) 100vw, 1024px\" \/><\/figure><\/div>\n\n\n\n<hr class=\"wp-block-separator has-text-color has-white-color has-alpha-channel-opacity has-white-background-color has-background is-style-dots\"\/>\n","protected":false},"excerpt":{"rendered":"<p>Tous en sc\u00e8nemusique et jeux de sc\u00e8ne [NEW] L&rsquo;animatrice Armelle Vautrotvous propose une activit\u00e9 d&rsquo;\u00e9veil musical pour les 7-14 ans les mercredis de 13h30-14h30. Co\u00fbt : 152\u20ac par an Poterie &hellip; <a href=\"https:\/\/mptpetitcharran.fr\/?page_id=222\" class=\"more-link\">Continue reading <span class=\"screen-reader-text\">Expression artistique et culturelle<\/span> <span class=\"meta-nav\">&rarr;<\/span><\/a><\/p>\n","protected":false},"author":1,"featured_media":0,"parent":0,"menu_order":0,"comment_status":"closed","ping_status":"closed","template":"","meta":{"footnotes":""},"class_list":["post-222","page","type-page","status-publish","hentry"],"yoast_head":"<!-- This site is optimized with the Yoast SEO plugin v27.0 - https:\/\/yoast.com\/product\/yoast-seo-wordpress\/ -->\n<title>Expression artistique et culturelle - Maison pour tous du Petit charran<\/title>\n<meta name=\"robots\" content=\"index, follow, max-snippet:-1, max-image-preview:large, max-video-preview:-1\" \/>\n<link rel=\"canonical\" href=\"https:\/\/mptpetitcharran.fr\/?page_id=222\" \/>\n<meta property=\"og:locale\" content=\"fr_FR\" \/>\n<meta property=\"og:type\" content=\"article\" \/>\n<meta property=\"og:title\" content=\"Expression artistique et culturelle - Maison pour tous du Petit charran\" \/>\n<meta property=\"og:description\" content=\"Tous en sc\u00e8nemusique et jeux de sc\u00e8ne [NEW] L&rsquo;animatrice Armelle Vautrotvous propose une activit\u00e9 d&rsquo;\u00e9veil musical pour les 7-14 ans les mercredis de 13h30-14h30. Co\u00fbt : 152\u20ac par an Poterie &hellip; Continue reading Expression artistique et culturelle &rarr;\" \/>\n<meta property=\"og:url\" content=\"https:\/\/mptpetitcharran.fr\/?page_id=222\" \/>\n<meta property=\"og:site_name\" content=\"Maison pour tous du Petit charran\" \/>\n<meta property=\"article:publisher\" content=\"https:\/\/www.facebook.com\/mptpetitcharran\" \/>\n<meta property=\"article:modified_time\" content=\"2025-10-13T12:22:53+00:00\" \/>\n<meta property=\"og:image\" content=\"https:\/\/mptpetitcharran.fr\/wp-content\/uploads\/2025\/06\/Copie-de-Carroussel-post-activite-MPT-Nouvelle-activite7.png\" \/>\n\t<meta property=\"og:image:width\" content=\"1080\" \/>\n\t<meta property=\"og:image:height\" content=\"1080\" \/>\n\t<meta property=\"og:image:type\" content=\"image\/png\" \/>\n<meta name=\"twitter:card\" content=\"summary_large_image\" \/>\n<meta name=\"twitter:label1\" content=\"Dur\u00e9e de lecture estim\u00e9e\" \/>\n\t<meta name=\"twitter:data1\" content=\"2 minutes\" \/>\n<script type=\"application\/ld+json\" class=\"yoast-schema-graph\">{\"@context\":\"https:\/\/schema.org\",\"@graph\":[{\"@type\":\"WebPage\",\"@id\":\"https:\/\/mptpetitcharran.fr\/?page_id=222\",\"url\":\"https:\/\/mptpetitcharran.fr\/?page_id=222\",\"name\":\"Expression artistique et culturelle - Maison pour tous du Petit charran\",\"isPartOf\":{\"@id\":\"https:\/\/mptpetitcharran.fr\/#website\"},\"primaryImageOfPage\":{\"@id\":\"https:\/\/mptpetitcharran.fr\/?page_id=222#primaryimage\"},\"image\":{\"@id\":\"https:\/\/mptpetitcharran.fr\/?page_id=222#primaryimage\"},\"thumbnailUrl\":\"https:\/\/mptpetitcharran.fr\/wp-content\/uploads\/2025\/06\/Copie-de-Carroussel-post-activite-MPT-Nouvelle-activite7-1024x1024.png\",\"datePublished\":\"2019-06-06T12:40:26+00:00\",\"dateModified\":\"2025-10-13T12:22:53+00:00\",\"breadcrumb\":{\"@id\":\"https:\/\/mptpetitcharran.fr\/?page_id=222#breadcrumb\"},\"inLanguage\":\"fr-FR\",\"potentialAction\":[{\"@type\":\"ReadAction\",\"target\":[\"https:\/\/mptpetitcharran.fr\/?page_id=222\"]}]},{\"@type\":\"ImageObject\",\"inLanguage\":\"fr-FR\",\"@id\":\"https:\/\/mptpetitcharran.fr\/?page_id=222#primaryimage\",\"url\":\"https:\/\/mptpetitcharran.fr\/wp-content\/uploads\/2025\/06\/Copie-de-Carroussel-post-activite-MPT-Nouvelle-activite7.png\",\"contentUrl\":\"https:\/\/mptpetitcharran.fr\/wp-content\/uploads\/2025\/06\/Copie-de-Carroussel-post-activite-MPT-Nouvelle-activite7.png\",\"width\":1080,\"height\":1080},{\"@type\":\"BreadcrumbList\",\"@id\":\"https:\/\/mptpetitcharran.fr\/?page_id=222#breadcrumb\",\"itemListElement\":[{\"@type\":\"ListItem\",\"position\":1,\"name\":\"Accueil\",\"item\":\"https:\/\/mptpetitcharran.fr\/\"},{\"@type\":\"ListItem\",\"position\":2,\"name\":\"Expression artistique et culturelle\"}]},{\"@type\":\"WebSite\",\"@id\":\"https:\/\/mptpetitcharran.fr\/#website\",\"url\":\"https:\/\/mptpetitcharran.fr\/\",\"name\":\"Maison pour tous du Petit charran\",\"description\":\"\",\"publisher\":{\"@id\":\"https:\/\/mptpetitcharran.fr\/#organization\"},\"potentialAction\":[{\"@type\":\"SearchAction\",\"target\":{\"@type\":\"EntryPoint\",\"urlTemplate\":\"https:\/\/mptpetitcharran.fr\/?s={search_term_string}\"},\"query-input\":{\"@type\":\"PropertyValueSpecification\",\"valueRequired\":true,\"valueName\":\"search_term_string\"}}],\"inLanguage\":\"fr-FR\"},{\"@type\":\"Organization\",\"@id\":\"https:\/\/mptpetitcharran.fr\/#organization\",\"name\":\"Maison pour tous du Petit charran\",\"url\":\"https:\/\/mptpetitcharran.fr\/\",\"logo\":{\"@type\":\"ImageObject\",\"inLanguage\":\"fr-FR\",\"@id\":\"https:\/\/mptpetitcharran.fr\/#\/schema\/logo\/image\/\",\"url\":\"http:\/\/mptpetitcharran.fr\/wp-content\/uploads\/2023\/07\/cropped-logo_mptpc.jpg\",\"contentUrl\":\"http:\/\/mptpetitcharran.fr\/wp-content\/uploads\/2023\/07\/cropped-logo_mptpc.jpg\",\"width\":532,\"height\":529,\"caption\":\"Maison pour tous du Petit charran\"},\"image\":{\"@id\":\"https:\/\/mptpetitcharran.fr\/#\/schema\/logo\/image\/\"},\"sameAs\":[\"https:\/\/www.facebook.com\/mptpetitcharran\",\"https:\/\/www.instagram.com\/mptpetitcharran\/\"]}]}<\/script>\n<!-- \/ Yoast SEO plugin. -->","yoast_head_json":{"title":"Expression artistique et culturelle - Maison pour tous du Petit charran","robots":{"index":"index","follow":"follow","max-snippet":"max-snippet:-1","max-image-preview":"max-image-preview:large","max-video-preview":"max-video-preview:-1"},"canonical":"https:\/\/mptpetitcharran.fr\/?page_id=222","og_locale":"fr_FR","og_type":"article","og_title":"Expression artistique et culturelle - Maison pour tous du Petit charran","og_description":"Tous en sc\u00e8nemusique et jeux de sc\u00e8ne [NEW] L&rsquo;animatrice Armelle Vautrotvous propose une activit\u00e9 d&rsquo;\u00e9veil musical pour les 7-14 ans les mercredis de 13h30-14h30. Co\u00fbt : 152\u20ac par an Poterie &hellip; Continue reading Expression artistique et culturelle &rarr;","og_url":"https:\/\/mptpetitcharran.fr\/?page_id=222","og_site_name":"Maison pour tous du Petit charran","article_publisher":"https:\/\/www.facebook.com\/mptpetitcharran","article_modified_time":"2025-10-13T12:22:53+00:00","og_image":[{"width":1080,"height":1080,"url":"https:\/\/mptpetitcharran.fr\/wp-content\/uploads\/2025\/06\/Copie-de-Carroussel-post-activite-MPT-Nouvelle-activite7.png","type":"image\/png"}],"twitter_card":"summary_large_image","twitter_misc":{"Dur\u00e9e de lecture estim\u00e9e":"2 minutes"},"schema":{"@context":"https:\/\/schema.org","@graph":[{"@type":"WebPage","@id":"https:\/\/mptpetitcharran.fr\/?page_id=222","url":"https:\/\/mptpetitcharran.fr\/?page_id=222","name":"Expression artistique et culturelle - Maison pour tous du Petit charran","isPartOf":{"@id":"https:\/\/mptpetitcharran.fr\/#website"},"primaryImageOfPage":{"@id":"https:\/\/mptpetitcharran.fr\/?page_id=222#primaryimage"},"image":{"@id":"https:\/\/mptpetitcharran.fr\/?page_id=222#primaryimage"},"thumbnailUrl":"https:\/\/mptpetitcharran.fr\/wp-content\/uploads\/2025\/06\/Copie-de-Carroussel-post-activite-MPT-Nouvelle-activite7-1024x1024.png","datePublished":"2019-06-06T12:40:26+00:00","dateModified":"2025-10-13T12:22:53+00:00","breadcrumb":{"@id":"https:\/\/mptpetitcharran.fr\/?page_id=222#breadcrumb"},"inLanguage":"fr-FR","potentialAction":[{"@type":"ReadAction","target":["https:\/\/mptpetitcharran.fr\/?page_id=222"]}]},{"@type":"ImageObject","inLanguage":"fr-FR","@id":"https:\/\/mptpetitcharran.fr\/?page_id=222#primaryimage","url":"https:\/\/mptpetitcharran.fr\/wp-content\/uploads\/2025\/06\/Copie-de-Carroussel-post-activite-MPT-Nouvelle-activite7.png","contentUrl":"https:\/\/mptpetitcharran.fr\/wp-content\/uploads\/2025\/06\/Copie-de-Carroussel-post-activite-MPT-Nouvelle-activite7.png","width":1080,"height":1080},{"@type":"BreadcrumbList","@id":"https:\/\/mptpetitcharran.fr\/?page_id=222#breadcrumb","itemListElement":[{"@type":"ListItem","position":1,"name":"Accueil","item":"https:\/\/mptpetitcharran.fr\/"},{"@type":"ListItem","position":2,"name":"Expression artistique et culturelle"}]},{"@type":"WebSite","@id":"https:\/\/mptpetitcharran.fr\/#website","url":"https:\/\/mptpetitcharran.fr\/","name":"Maison pour tous du Petit charran","description":"","publisher":{"@id":"https:\/\/mptpetitcharran.fr\/#organization"},"potentialAction":[{"@type":"SearchAction","target":{"@type":"EntryPoint","urlTemplate":"https:\/\/mptpetitcharran.fr\/?s={search_term_string}"},"query-input":{"@type":"PropertyValueSpecification","valueRequired":true,"valueName":"search_term_string"}}],"inLanguage":"fr-FR"},{"@type":"Organization","@id":"https:\/\/mptpetitcharran.fr\/#organization","name":"Maison pour tous du Petit charran","url":"https:\/\/mptpetitcharran.fr\/","logo":{"@type":"ImageObject","inLanguage":"fr-FR","@id":"https:\/\/mptpetitcharran.fr\/#\/schema\/logo\/image\/","url":"http:\/\/mptpetitcharran.fr\/wp-content\/uploads\/2023\/07\/cropped-logo_mptpc.jpg","contentUrl":"http:\/\/mptpetitcharran.fr\/wp-content\/uploads\/2023\/07\/cropped-logo_mptpc.jpg","width":532,"height":529,"caption":"Maison pour tous du Petit charran"},"image":{"@id":"https:\/\/mptpetitcharran.fr\/#\/schema\/logo\/image\/"},"sameAs":["https:\/\/www.facebook.com\/mptpetitcharran","https:\/\/www.instagram.com\/mptpetitcharran\/"]}]}},"publishpress_future_action":{"enabled":false,"date":"2026-04-27 03:39:24","action":"change-status","newStatus":"draft","terms":[],"taxonomy":"","extraData":[]},"publishpress_future_workflow_manual_trigger":{"enabledWorkflows":[]},"_links":{"self":[{"href":"https:\/\/mptpetitcharran.fr\/index.php?rest_route=\/wp\/v2\/pages\/222","targetHints":{"allow":["GET"]}}],"collection":[{"href":"https:\/\/mptpetitcharran.fr\/index.php?rest_route=\/wp\/v2\/pages"}],"about":[{"href":"https:\/\/mptpetitcharran.fr\/index.php?rest_route=\/wp\/v2\/types\/page"}],"author":[{"embeddable":true,"href":"https:\/\/mptpetitcharran.fr\/index.php?rest_route=\/wp\/v2\/users\/1"}],"replies":[{"embeddable":true,"href":"https:\/\/mptpetitcharran.fr\/index.php?rest_route=%2Fwp%2Fv2%2Fcomments&post=222"}],"version-history":[{"count":49,"href":"https:\/\/mptpetitcharran.fr\/index.php?rest_route=\/wp\/v2\/pages\/222\/revisions"}],"predecessor-version":[{"id":6790,"href":"https:\/\/mptpetitcharran.fr\/index.php?rest_route=\/wp\/v2\/pages\/222\/revisions\/6790"}],"wp:attachment":[{"href":"https:\/\/mptpetitcharran.fr\/index.php?rest_route=%2Fwp%2Fv2%2Fmedia&parent=222"}],"curies":[{"name":"wp","href":"https:\/\/api.w.org\/{rel}","templated":true}]}}