{"id":218,"date":"2019-06-06T14:34:34","date_gmt":"2019-06-06T12:34:34","guid":{"rendered":"https:\/\/mptpc.wordpress.com\/?page_id=218"},"modified":"2025-09-18T16:20:41","modified_gmt":"2025-09-18T15:20:41","slug":"pour-que-ca-bouge","status":"publish","type":"page","link":"https:\/\/mptpetitcharran.fr\/?page_id=218","title":{"rendered":"Pour que \u00e7a bouge"},"content":{"rendered":"\n<p class=\"has-text-align-center\">LES ACTIVIT\u00c9S, <strong>MARQU\u00c9ES (1)<\/strong>, SONT CONDUITES PAR DES ASSOCIATIONS IND\u00c9PENDANTES :<br>LE CO\u00dbT DE L\u2019ACTIVIT\u00c9 EST \u00c0 R\u00c9GLER DIRECTEMENT \u00c0 L\u2019INTERVENANT. <br>La carte d\u2019adh\u00e9sion est \u00e0 acquitter \u00e0 la MPT.<br>LES ACTIVIT\u00c9S, <strong>MARQU\u00c9ES *<\/strong>, N\u00c9CESSITENT UNE BONNE CONDITION PHYSIQUE ET SPORTIVE.<br>Assurez-vous aupr\u00e8s de votre m\u00e9decin traitant que vous \u00eates en capacit\u00e9 de pratiquer l\u2019activit\u00e9 choisie.<\/p>\n\n\n\n<div class=\"wp-block-media-text alignwide is-stacked-on-mobile has-background\" style=\"background-color:#f4f3ef;grid-template-columns:40% auto\"><figure class=\"wp-block-media-text__media\"><img decoding=\"async\" src=\"https:\/\/mptpc.files.wordpress.com\/2019\/06\/eveil_enfant.jpg?w=683\" alt=\"\" class=\"wp-image-775 size-full\"\/><\/figure><div class=\"wp-block-media-text__content\">\n<p class=\"has-text-align-center has-large-font-size\"><strong>\u00c9veil des premiers pas<\/strong><\/p>\n\n\n\n<p class=\"has-text-align-center\" style=\"font-size:18px\"><em>Dans l&rsquo;id\u00e9e du babygym, Marianne LACOSTE <\/em><br><em>vous propose les activit\u00e9s suivantes<\/em> :<\/p>\n\n\n\n<p class=\"has-text-align-center\" style=\"font-size:18px\"> <strong>\u00c9veil des premiers pas b\u00e9b\u00e9s-parents<\/strong><\/p>\n\n\n\n<p class=\"has-text-align-center\" style=\"font-size:18px\">La toute premi\u00e8re activit\u00e9 \u00e0 faire en famille !<br>Enfant<strong> d\u00e8s 6 mois<\/strong> jusqu&rsquo;\u00e0 2 ans.<br><strong>Le mercredi de 15h \u00e0 16h.<\/strong><br>Co\u00fbt :<strong> 15 \u20ac<\/strong> <strong>par an<\/strong>.<\/p>\n<\/div><\/div>\n\n\n\n<div style=\"height:20px\" aria-hidden=\"true\" class=\"wp-block-spacer\"><\/div>\n\n\n\n<div class=\"wp-block-media-text alignwide is-stacked-on-mobile has-background\" style=\"background-color:#f4f3ef;grid-template-columns:40% auto\"><figure class=\"wp-block-media-text__media\"><img loading=\"lazy\" decoding=\"async\" width=\"1024\" height=\"681\" src=\"https:\/\/mptpetitcharran.fr\/wp-content\/uploads\/2024\/06\/cute-young-boy-training-with-mother-1024x681.jpg\" alt=\"\" class=\"wp-image-5434 size-full\" srcset=\"https:\/\/mptpetitcharran.fr\/wp-content\/uploads\/2024\/06\/cute-young-boy-training-with-mother-1024x681.jpg 1024w, https:\/\/mptpetitcharran.fr\/wp-content\/uploads\/2024\/06\/cute-young-boy-training-with-mother-300x200.jpg 300w, https:\/\/mptpetitcharran.fr\/wp-content\/uploads\/2024\/06\/cute-young-boy-training-with-mother-768x511.jpg 768w, https:\/\/mptpetitcharran.fr\/wp-content\/uploads\/2024\/06\/cute-young-boy-training-with-mother-1536x1022.jpg 1536w, https:\/\/mptpetitcharran.fr\/wp-content\/uploads\/2024\/06\/cute-young-boy-training-with-mother-2048x1363.jpg 2048w, https:\/\/mptpetitcharran.fr\/wp-content\/uploads\/2024\/06\/cute-young-boy-training-with-mother-700x466.jpg 700w, https:\/\/mptpetitcharran.fr\/wp-content\/uploads\/2024\/06\/cute-young-boy-training-with-mother-2000x1331.jpg 2000w, https:\/\/mptpetitcharran.fr\/wp-content\/uploads\/2024\/06\/cute-young-boy-training-with-mother-900x600.jpg 900w, https:\/\/mptpetitcharran.fr\/wp-content\/uploads\/2024\/06\/cute-young-boy-training-with-mother-601x400.jpg 601w\" sizes=\"auto, (max-width: 1024px) 100vw, 1024px\" \/><\/figure><div class=\"wp-block-media-text__content\">\n<p class=\"has-text-align-center has-large-font-size\"><strong>\u00c9veil corporel<\/strong><\/p>\n\n\n\n<p style=\"font-size:18px\"><em>Activit\u00e9 de motricit\u00e9 parents-enfants<br>favoriser le renforcement musculaire,<br>l&rsquo;\u00e9quilibre et les d\u00e9placements.<\/em><br><br>Marianne LACOSTE vous propose les activit\u00e9s suivantes :<\/p>\n\n\n\n<p class=\"has-text-align-center\" style=\"font-size:18px\"> <strong>\u00c9veil des premiers pas b\u00e9b\u00e9s-parents<\/strong><br>Enfant<strong> <\/strong>de 2 \u00e0 3 ans<br><strong>Le mercredi de 15h45 \u00e0 16h45.<\/strong><br>Co\u00fbt :<strong> 15 \u20ac<\/strong> <strong>par an<\/strong>.<\/p>\n<\/div><\/div>\n\n\n\n<div style=\"height:20px\" aria-hidden=\"true\" class=\"wp-block-spacer\"><\/div>\n\n\n\n<div class=\"wp-block-media-text alignwide has-media-on-the-right is-stacked-on-mobile has-background\" style=\"background-color:#f4f3ef;grid-template-columns:auto 45%\"><div class=\"wp-block-media-text__content\">\n<p class=\"has-text-align-center has-large-font-size\"><strong>Cirque<\/strong>*<\/p>\n\n\n\n<p class=\"has-text-align-center\" style=\"font-size:18px\"><em><em>Des activit\u00e9s rassemblant jonglage, \u00e9quilibre, acrobaties et clowneries. Tout au long de l\u2019ann\u00e9e, l\u2019enfant va prendre confiance en lui et pouvoir acqu\u00e9rir de nouvelles aptitudes psychomotrices.<\/em><\/em><\/p>\n\n\n\n<p class=\"has-text-align-center\" style=\"font-size:18px\">L&rsquo;animatrice <strong>Marika Mazzanti <\/strong>vous propose des cours de cirque :<\/p>\n\n\n\n<ul class=\"wp-block-list\">\n<li style=\"font-size:18px\">Pour les<strong> 3\/5 ans<\/strong> :<br><strong>le lundi de 17h \u00e0 18h<\/strong> [NEW]<br><strong>le mercredi de 9h \u00e0 10h<\/strong><br>Co\u00fbt : <strong>152 \u20ac par an<\/strong>.<\/li>\n\n\n\n<li style=\"font-size:18px\">Activit\u00e9 <strong>enfants\/parents<\/strong> (jusqu&rsquo;\u00e0 4 ans)<br><strong>le mercredi de 10h \u00e0 10h45.<\/strong><br>Co\u00fbt : <strong>152 \u20ac par an<\/strong><\/li>\n\n\n\n<li style=\"font-size:18px\">Pour les <strong>6\/10 ans<\/strong><br><strong>le mercredi de 10h45 \u00e0 12h<\/strong><br>Co\u00fbt : <strong>174 \u20ac par an<\/strong>.<\/li>\n<\/ul>\n<\/div><figure class=\"wp-block-media-text__media\"><img loading=\"lazy\" decoding=\"async\" width=\"1024\" height=\"768\" src=\"https:\/\/mptpetitcharran.fr\/wp-content\/uploads\/2019\/07\/diabolo-1577754_1920-1024x768.jpg\" alt=\"\" class=\"wp-image-682 size-full\" srcset=\"https:\/\/mptpetitcharran.fr\/wp-content\/uploads\/2019\/07\/diabolo-1577754_1920-1024x768.jpg 1024w, https:\/\/mptpetitcharran.fr\/wp-content\/uploads\/2019\/07\/diabolo-1577754_1920-300x225.jpg 300w, https:\/\/mptpetitcharran.fr\/wp-content\/uploads\/2019\/07\/diabolo-1577754_1920-768x576.jpg 768w, https:\/\/mptpetitcharran.fr\/wp-content\/uploads\/2019\/07\/diabolo-1577754_1920-700x525.jpg 700w, https:\/\/mptpetitcharran.fr\/wp-content\/uploads\/2019\/07\/diabolo-1577754_1920-533x400.jpg 533w, https:\/\/mptpetitcharran.fr\/wp-content\/uploads\/2019\/07\/diabolo-1577754_1920.jpg 1920w\" sizes=\"auto, (max-width: 1024px) 100vw, 1024px\" \/><\/figure><\/div>\n\n\n\n<div style=\"height:18px\" aria-hidden=\"true\" class=\"wp-block-spacer\"><\/div>\n\n\n\n<div class=\"wp-block-media-text alignwide has-media-on-the-right is-stacked-on-mobile has-background\" style=\"background-color:#f4f3ef;grid-template-columns:auto 45%\"><div class=\"wp-block-media-text__content\">\n<p class=\"has-text-align-center has-large-font-size\"><strong>Judo*<\/strong> <\/p>\n\n\n\n<p class=\"has-text-align-center\"><em><em>Des activit\u00e9s rassemblant jonglage, \u00e9quilibre, acrobaties et clowneries. Tout au long de l\u2019ann\u00e9e, l\u2019enfant va prendre confiance en lui et pouvoir acqu\u00e9rir de nouvelles aptitudes psychomotrices.<\/em><\/em><\/p>\n\n\n\n<p class=\"has-text-align-center\">L&rsquo;animatreur <strong>Robert Ferry <\/strong>vous propose des cours de judo :<\/p>\n\n\n\n<ul class=\"wp-block-list\">\n<li>Pour les 4-6 ans <br><strong>le jeudi de 17h \u00e0 17h45.<\/strong><br>Co\u00fbt : <strong>174 \u20ac par an<\/strong> + licence France Judo comprise.<\/li>\n\n\n\n<li>Pour le 7-9 ans : <br><strong>le jeudi de 17h45 \u00e0 18h45<\/strong>.<br>Co\u00fbt : <strong>174 \u20ac par an<\/strong> + licence France Judo comprise.<\/li>\n\n\n\n<li>Pour +10 ans : <br><strong>le jeudi de 18h45 \u00e0 19h45<\/strong>.<br>Co\u00fbt : <strong>174 \u20ac par an<\/strong> + licence France Judo comprise.<\/li>\n<\/ul>\n<\/div><figure class=\"wp-block-media-text__media\"><img loading=\"lazy\" decoding=\"async\" width=\"684\" height=\"1024\" src=\"https:\/\/mptpetitcharran.fr\/wp-content\/uploads\/2024\/06\/two-judokas-fighters-fighting-men-684x1024.jpg\" alt=\"\" class=\"wp-image-5492 size-full\" srcset=\"https:\/\/mptpetitcharran.fr\/wp-content\/uploads\/2024\/06\/two-judokas-fighters-fighting-men-684x1024.jpg 684w, https:\/\/mptpetitcharran.fr\/wp-content\/uploads\/2024\/06\/two-judokas-fighters-fighting-men-200x300.jpg 200w, https:\/\/mptpetitcharran.fr\/wp-content\/uploads\/2024\/06\/two-judokas-fighters-fighting-men-768x1150.jpg 768w, https:\/\/mptpetitcharran.fr\/wp-content\/uploads\/2024\/06\/two-judokas-fighters-fighting-men-1025x1536.jpg 1025w, https:\/\/mptpetitcharran.fr\/wp-content\/uploads\/2024\/06\/two-judokas-fighters-fighting-men-1367x2048.jpg 1367w, https:\/\/mptpetitcharran.fr\/wp-content\/uploads\/2024\/06\/two-judokas-fighters-fighting-men-700x1049.jpg 700w, https:\/\/mptpetitcharran.fr\/wp-content\/uploads\/2024\/06\/two-judokas-fighters-fighting-men-2000x2996.jpg 2000w, https:\/\/mptpetitcharran.fr\/wp-content\/uploads\/2024\/06\/two-judokas-fighters-fighting-men-267x400.jpg 267w, https:\/\/mptpetitcharran.fr\/wp-content\/uploads\/2024\/06\/two-judokas-fighters-fighting-men-scaled.jpg 1709w\" sizes=\"auto, (max-width: 684px) 100vw, 684px\" \/><\/figure><\/div>\n\n\n\n<div style=\"height:18px\" aria-hidden=\"true\" class=\"wp-block-spacer\"><\/div>\n\n\n\n<div class=\"wp-block-media-text alignwide is-stacked-on-mobile has-background\" style=\"background-color:#fadda7;grid-template-columns:54% auto\"><figure class=\"wp-block-media-text__media\"><img loading=\"lazy\" decoding=\"async\" width=\"1024\" height=\"683\" src=\"https:\/\/mptpetitcharran.fr\/wp-content\/uploads\/2019\/07\/rythm_dance3-1024x683.jpg\" alt=\"\" class=\"wp-image-644 size-full\" srcset=\"https:\/\/mptpetitcharran.fr\/wp-content\/uploads\/2019\/07\/rythm_dance3-1024x683.jpg 1024w, https:\/\/mptpetitcharran.fr\/wp-content\/uploads\/2019\/07\/rythm_dance3-300x200.jpg 300w, https:\/\/mptpetitcharran.fr\/wp-content\/uploads\/2019\/07\/rythm_dance3-768x512.jpg 768w, https:\/\/mptpetitcharran.fr\/wp-content\/uploads\/2019\/07\/rythm_dance3-700x467.jpg 700w, https:\/\/mptpetitcharran.fr\/wp-content\/uploads\/2019\/07\/rythm_dance3-2000x1333.jpg 2000w, https:\/\/mptpetitcharran.fr\/wp-content\/uploads\/2019\/07\/rythm_dance3-900x600.jpg 900w, https:\/\/mptpetitcharran.fr\/wp-content\/uploads\/2019\/07\/rythm_dance3-600x400.jpg 600w\" sizes=\"auto, (max-width: 1024px) 100vw, 1024px\" \/><\/figure><div class=\"wp-block-media-text__content\">\n<p><\/p>\n\n\n\n<p><strong><em>Marina D&rsquo;ETTORRE vous propose diverses activit\u00e9s autour de la danse :<\/em><\/strong><\/p>\n\n\n\n<p class=\"has-text-align-center has-large-font-size\"><strong><strong>Zumba<\/strong><sup><strong>\u00ae<\/strong><\/sup><strong> Kids<\/strong> <\/strong>*(1)<\/p>\n\n\n\n<p class=\"has-text-align-center\"><em> Id\u00e9al pour les fans de Zumba<sup>\u00ae<\/sup>&nbsp;les plus jeunes. Les enfants de 3 \u00e0 12 ans peuvent s\u2019amuser entre amis et se d\u00e9fouler au rythme de leur musique pr\u00e9f\u00e9r\u00e9e.&nbsp;Les cours Zumba<sup>\u00ae<\/sup>&nbsp;Kids sont des f\u00eates dansantes regorgeant d\u2019\u00e9nergie avec des mouvements adapt\u00e9s aux enfants. <\/em><\/p>\n\n\n\n<ul class=\"wp-block-list\">\n<li>Zumba\u00ae Kids Jr, pour les<strong> 3\/6 ans<\/strong>. Les <strong>mercredis \u00e0 9h15 \u00e0 10h<\/strong> et les <strong>jeudis 17h-17h45.<\/strong><\/li>\n\n\n\n<li>Pour les<strong> 7\/12 ans, les lundis 17h-18h<\/strong> et <strong>18h-19h<\/strong>.<\/li>\n<\/ul>\n\n\n\n<p class=\"has-text-align-center\"><em>Tarif et mode de r\u00e8glement <\/em><br><em>\u00e0 voir avec <em>Marina D&rsquo;ETTORRE<\/em>.<\/em><\/p>\n<\/div><\/div>\n\n\n\n<div style=\"height:29px\" aria-hidden=\"true\" class=\"wp-block-spacer\"><\/div>\n","protected":false},"excerpt":{"rendered":"<p>LES ACTIVIT\u00c9S, MARQU\u00c9ES (1), SONT CONDUITES PAR DES ASSOCIATIONS IND\u00c9PENDANTES :LE CO\u00dbT DE L\u2019ACTIVIT\u00c9 EST \u00c0 R\u00c9GLER DIRECTEMENT \u00c0 L\u2019INTERVENANT. La carte d\u2019adh\u00e9sion est \u00e0 acquitter \u00e0 la MPT.LES ACTIVIT\u00c9S, &hellip; <a href=\"https:\/\/mptpetitcharran.fr\/?page_id=218\" class=\"more-link\">Continue reading <span class=\"screen-reader-text\">Pour que \u00e7a bouge<\/span> <span class=\"meta-nav\">&rarr;<\/span><\/a><\/p>\n","protected":false},"author":1,"featured_media":0,"parent":0,"menu_order":0,"comment_status":"closed","ping_status":"closed","template":"","meta":{"footnotes":""},"class_list":["post-218","page","type-page","status-publish","hentry"],"yoast_head":"<!-- This site is optimized with the Yoast SEO plugin v27.0 - https:\/\/yoast.com\/product\/yoast-seo-wordpress\/ -->\n<title>Pour que \u00e7a bouge - Maison pour tous du Petit charran<\/title>\n<meta name=\"robots\" content=\"index, follow, max-snippet:-1, max-image-preview:large, max-video-preview:-1\" \/>\n<link rel=\"canonical\" href=\"https:\/\/mptpetitcharran.fr\/?page_id=218\" \/>\n<meta property=\"og:locale\" content=\"fr_FR\" \/>\n<meta property=\"og:type\" content=\"article\" \/>\n<meta property=\"og:title\" content=\"Pour que \u00e7a bouge - Maison pour tous du Petit charran\" \/>\n<meta property=\"og:description\" content=\"LES ACTIVIT\u00c9S, MARQU\u00c9ES (1), SONT CONDUITES PAR DES ASSOCIATIONS IND\u00c9PENDANTES :LE CO\u00dbT DE L\u2019ACTIVIT\u00c9 EST \u00c0 R\u00c9GLER DIRECTEMENT \u00c0 L\u2019INTERVENANT. La carte d\u2019adh\u00e9sion est \u00e0 acquitter \u00e0 la MPT.LES ACTIVIT\u00c9S, &hellip; Continue reading Pour que \u00e7a bouge &rarr;\" \/>\n<meta property=\"og:url\" content=\"https:\/\/mptpetitcharran.fr\/?page_id=218\" \/>\n<meta property=\"og:site_name\" content=\"Maison pour tous du Petit charran\" \/>\n<meta property=\"article:publisher\" content=\"https:\/\/www.facebook.com\/mptpetitcharran\" \/>\n<meta property=\"article:modified_time\" content=\"2025-09-18T15:20:41+00:00\" \/>\n<meta name=\"twitter:card\" content=\"summary_large_image\" \/>\n<meta name=\"twitter:label1\" content=\"Dur\u00e9e de lecture estim\u00e9e\" \/>\n\t<meta name=\"twitter:data1\" content=\"4 minutes\" \/>\n<script type=\"application\/ld+json\" class=\"yoast-schema-graph\">{\"@context\":\"https:\/\/schema.org\",\"@graph\":[{\"@type\":\"WebPage\",\"@id\":\"https:\/\/mptpetitcharran.fr\/?page_id=218\",\"url\":\"https:\/\/mptpetitcharran.fr\/?page_id=218\",\"name\":\"Pour que \u00e7a bouge - Maison pour tous du Petit charran\",\"isPartOf\":{\"@id\":\"https:\/\/mptpetitcharran.fr\/#website\"},\"primaryImageOfPage\":{\"@id\":\"https:\/\/mptpetitcharran.fr\/?page_id=218#primaryimage\"},\"image\":{\"@id\":\"https:\/\/mptpetitcharran.fr\/?page_id=218#primaryimage\"},\"thumbnailUrl\":\"https:\/\/mptpc.files.wordpress.com\/2019\/06\/eveil_enfant.jpg?w=683\",\"datePublished\":\"2019-06-06T12:34:34+00:00\",\"dateModified\":\"2025-09-18T15:20:41+00:00\",\"breadcrumb\":{\"@id\":\"https:\/\/mptpetitcharran.fr\/?page_id=218#breadcrumb\"},\"inLanguage\":\"fr-FR\",\"potentialAction\":[{\"@type\":\"ReadAction\",\"target\":[\"https:\/\/mptpetitcharran.fr\/?page_id=218\"]}]},{\"@type\":\"ImageObject\",\"inLanguage\":\"fr-FR\",\"@id\":\"https:\/\/mptpetitcharran.fr\/?page_id=218#primaryimage\",\"url\":\"https:\/\/mptpc.files.wordpress.com\/2019\/06\/eveil_enfant.jpg?w=683\",\"contentUrl\":\"https:\/\/mptpc.files.wordpress.com\/2019\/06\/eveil_enfant.jpg?w=683\"},{\"@type\":\"BreadcrumbList\",\"@id\":\"https:\/\/mptpetitcharran.fr\/?page_id=218#breadcrumb\",\"itemListElement\":[{\"@type\":\"ListItem\",\"position\":1,\"name\":\"Accueil\",\"item\":\"https:\/\/mptpetitcharran.fr\/\"},{\"@type\":\"ListItem\",\"position\":2,\"name\":\"Pour que \u00e7a bouge\"}]},{\"@type\":\"WebSite\",\"@id\":\"https:\/\/mptpetitcharran.fr\/#website\",\"url\":\"https:\/\/mptpetitcharran.fr\/\",\"name\":\"Maison pour tous du Petit charran\",\"description\":\"\",\"publisher\":{\"@id\":\"https:\/\/mptpetitcharran.fr\/#organization\"},\"potentialAction\":[{\"@type\":\"SearchAction\",\"target\":{\"@type\":\"EntryPoint\",\"urlTemplate\":\"https:\/\/mptpetitcharran.fr\/?s={search_term_string}\"},\"query-input\":{\"@type\":\"PropertyValueSpecification\",\"valueRequired\":true,\"valueName\":\"search_term_string\"}}],\"inLanguage\":\"fr-FR\"},{\"@type\":\"Organization\",\"@id\":\"https:\/\/mptpetitcharran.fr\/#organization\",\"name\":\"Maison pour tous du Petit charran\",\"url\":\"https:\/\/mptpetitcharran.fr\/\",\"logo\":{\"@type\":\"ImageObject\",\"inLanguage\":\"fr-FR\",\"@id\":\"https:\/\/mptpetitcharran.fr\/#\/schema\/logo\/image\/\",\"url\":\"http:\/\/mptpetitcharran.fr\/wp-content\/uploads\/2023\/07\/cropped-logo_mptpc.jpg\",\"contentUrl\":\"http:\/\/mptpetitcharran.fr\/wp-content\/uploads\/2023\/07\/cropped-logo_mptpc.jpg\",\"width\":532,\"height\":529,\"caption\":\"Maison pour tous du Petit charran\"},\"image\":{\"@id\":\"https:\/\/mptpetitcharran.fr\/#\/schema\/logo\/image\/\"},\"sameAs\":[\"https:\/\/www.facebook.com\/mptpetitcharran\",\"https:\/\/www.instagram.com\/mptpetitcharran\/\"]}]}<\/script>\n<!-- \/ Yoast SEO plugin. -->","yoast_head_json":{"title":"Pour que \u00e7a bouge - Maison pour tous du Petit charran","robots":{"index":"index","follow":"follow","max-snippet":"max-snippet:-1","max-image-preview":"max-image-preview:large","max-video-preview":"max-video-preview:-1"},"canonical":"https:\/\/mptpetitcharran.fr\/?page_id=218","og_locale":"fr_FR","og_type":"article","og_title":"Pour que \u00e7a bouge - Maison pour tous du Petit charran","og_description":"LES ACTIVIT\u00c9S, MARQU\u00c9ES (1), SONT CONDUITES PAR DES ASSOCIATIONS IND\u00c9PENDANTES :LE CO\u00dbT DE L\u2019ACTIVIT\u00c9 EST \u00c0 R\u00c9GLER DIRECTEMENT \u00c0 L\u2019INTERVENANT. La carte d\u2019adh\u00e9sion est \u00e0 acquitter \u00e0 la MPT.LES ACTIVIT\u00c9S, &hellip; Continue reading Pour que \u00e7a bouge &rarr;","og_url":"https:\/\/mptpetitcharran.fr\/?page_id=218","og_site_name":"Maison pour tous du Petit charran","article_publisher":"https:\/\/www.facebook.com\/mptpetitcharran","article_modified_time":"2025-09-18T15:20:41+00:00","twitter_card":"summary_large_image","twitter_misc":{"Dur\u00e9e de lecture estim\u00e9e":"4 minutes"},"schema":{"@context":"https:\/\/schema.org","@graph":[{"@type":"WebPage","@id":"https:\/\/mptpetitcharran.fr\/?page_id=218","url":"https:\/\/mptpetitcharran.fr\/?page_id=218","name":"Pour que \u00e7a bouge - Maison pour tous du Petit charran","isPartOf":{"@id":"https:\/\/mptpetitcharran.fr\/#website"},"primaryImageOfPage":{"@id":"https:\/\/mptpetitcharran.fr\/?page_id=218#primaryimage"},"image":{"@id":"https:\/\/mptpetitcharran.fr\/?page_id=218#primaryimage"},"thumbnailUrl":"https:\/\/mptpc.files.wordpress.com\/2019\/06\/eveil_enfant.jpg?w=683","datePublished":"2019-06-06T12:34:34+00:00","dateModified":"2025-09-18T15:20:41+00:00","breadcrumb":{"@id":"https:\/\/mptpetitcharran.fr\/?page_id=218#breadcrumb"},"inLanguage":"fr-FR","potentialAction":[{"@type":"ReadAction","target":["https:\/\/mptpetitcharran.fr\/?page_id=218"]}]},{"@type":"ImageObject","inLanguage":"fr-FR","@id":"https:\/\/mptpetitcharran.fr\/?page_id=218#primaryimage","url":"https:\/\/mptpc.files.wordpress.com\/2019\/06\/eveil_enfant.jpg?w=683","contentUrl":"https:\/\/mptpc.files.wordpress.com\/2019\/06\/eveil_enfant.jpg?w=683"},{"@type":"BreadcrumbList","@id":"https:\/\/mptpetitcharran.fr\/?page_id=218#breadcrumb","itemListElement":[{"@type":"ListItem","position":1,"name":"Accueil","item":"https:\/\/mptpetitcharran.fr\/"},{"@type":"ListItem","position":2,"name":"Pour que \u00e7a bouge"}]},{"@type":"WebSite","@id":"https:\/\/mptpetitcharran.fr\/#website","url":"https:\/\/mptpetitcharran.fr\/","name":"Maison pour tous du Petit charran","description":"","publisher":{"@id":"https:\/\/mptpetitcharran.fr\/#organization"},"potentialAction":[{"@type":"SearchAction","target":{"@type":"EntryPoint","urlTemplate":"https:\/\/mptpetitcharran.fr\/?s={search_term_string}"},"query-input":{"@type":"PropertyValueSpecification","valueRequired":true,"valueName":"search_term_string"}}],"inLanguage":"fr-FR"},{"@type":"Organization","@id":"https:\/\/mptpetitcharran.fr\/#organization","name":"Maison pour tous du Petit charran","url":"https:\/\/mptpetitcharran.fr\/","logo":{"@type":"ImageObject","inLanguage":"fr-FR","@id":"https:\/\/mptpetitcharran.fr\/#\/schema\/logo\/image\/","url":"http:\/\/mptpetitcharran.fr\/wp-content\/uploads\/2023\/07\/cropped-logo_mptpc.jpg","contentUrl":"http:\/\/mptpetitcharran.fr\/wp-content\/uploads\/2023\/07\/cropped-logo_mptpc.jpg","width":532,"height":529,"caption":"Maison pour tous du Petit charran"},"image":{"@id":"https:\/\/mptpetitcharran.fr\/#\/schema\/logo\/image\/"},"sameAs":["https:\/\/www.facebook.com\/mptpetitcharran","https:\/\/www.instagram.com\/mptpetitcharran\/"]}]}},"publishpress_future_action":{"enabled":false,"date":"2026-04-27 04:57:46","action":"change-status","newStatus":"draft","terms":[],"taxonomy":"","extraData":[]},"publishpress_future_workflow_manual_trigger":{"enabledWorkflows":[]},"_links":{"self":[{"href":"https:\/\/mptpetitcharran.fr\/index.php?rest_route=\/wp\/v2\/pages\/218","targetHints":{"allow":["GET"]}}],"collection":[{"href":"https:\/\/mptpetitcharran.fr\/index.php?rest_route=\/wp\/v2\/pages"}],"about":[{"href":"https:\/\/mptpetitcharran.fr\/index.php?rest_route=\/wp\/v2\/types\/page"}],"author":[{"embeddable":true,"href":"https:\/\/mptpetitcharran.fr\/index.php?rest_route=\/wp\/v2\/users\/1"}],"replies":[{"embeddable":true,"href":"https:\/\/mptpetitcharran.fr\/index.php?rest_route=%2Fwp%2Fv2%2Fcomments&post=218"}],"version-history":[{"count":99,"href":"https:\/\/mptpetitcharran.fr\/index.php?rest_route=\/wp\/v2\/pages\/218\/revisions"}],"predecessor-version":[{"id":6727,"href":"https:\/\/mptpetitcharran.fr\/index.php?rest_route=\/wp\/v2\/pages\/218\/revisions\/6727"}],"wp:attachment":[{"href":"https:\/\/mptpetitcharran.fr\/index.php?rest_route=%2Fwp%2Fv2%2Fmedia&parent=218"}],"curies":[{"name":"wp","href":"https:\/\/api.w.org\/{rel}","templated":true}]}}